CRAN Package Check Results for Package tcgsaseq

Last updated on 2019-07-20 09:48:26 CEST.

Flavor Version Tinstall Tcheck Ttotal Status Flags
r-devel-linux-x86_64-debian-clang 1.8.1 5.75 61.34 67.09 OK
r-devel-linux-x86_64-debian-gcc 1.8.1 4.92 48.34 53.26 OK
r-devel-linux-x86_64-fedora-clang 1.8.1 78.60 OK
r-devel-linux-x86_64-fedora-gcc 1.8.1 76.31 OK
r-devel-windows-ix86+x86_64 1.8.1 24.00 102.00 126.00 OK
r-patched-linux-x86_64 1.8.1 5.40 59.98 65.38 OK
r-patched-solaris-x86 1.8.1 118.40 OK
r-release-linux-x86_64 1.8.1 5.60 59.37 64.97 OK
r-release-windows-ix86+x86_64 1.8.1 13.00 76.00 89.00 OK
r-release-osx-x86_64 1.8.1 NOTE
r-oldrel-windows-ix86+x86_64 1.8.1 9.00 100.00 109.00 OK
r-oldrel-osx-x86_64 1.8.1 OK

Check Details

Version: 1.8.1
Check: package dependencies
Result: NOTE
    Packages suggested but not available for checking:
     'limma', 'edgeR', 'DESeq2', 'S4Vectors'
Flavor: r-release-osx-x86_64

Version: 1.8.1
Check: Rd cross-references
Result: NOTE
    Package unavailable to check Rd xrefs: ‘limma’
Flavor: r-release-osx-x86_64