CRAN Package Check Results for Package tcgsaseq

Last updated on 2019-10-24 03:58:45 CEST.

Flavor Version Tinstall Tcheck Ttotal Status Flags
r-devel-linux-x86_64-debian-clang 1.8.1 6.84 60.19 67.03 OK
r-devel-linux-x86_64-debian-gcc 1.8.1 5.25 46.22 51.47 OK
r-devel-linux-x86_64-fedora-clang 1.8.1 84.80 OK
r-devel-linux-x86_64-fedora-gcc 1.8.1 80.96 OK
r-devel-windows-ix86+x86_64 1.8.1 14.00 112.00 126.00 OK
r-patched-linux-x86_64 1.8.1 6.78 57.34 64.12 OK
r-patched-solaris-x86 1.8.1 113.30 OK
r-release-linux-x86_64 1.8.1 4.95 57.33 62.28 OK
r-release-windows-ix86+x86_64 1.8.1 19.00 78.00 97.00 OK
r-release-osx-x86_64 1.8.1 NOTE
r-oldrel-windows-ix86+x86_64 1.8.1 14.00 109.00 123.00 OK
r-oldrel-osx-x86_64 1.8.1 OK

Check Details

Version: 1.8.1
Check: package dependencies
Result: NOTE
    Packages suggested but not available for checking:
     'limma', 'edgeR', 'DESeq2', 'S4Vectors'
Flavor: r-release-osx-x86_64

Version: 1.8.1
Check: Rd cross-references
Result: NOTE
    Package unavailable to check Rd xrefs: ‘limma’
Flavor: r-release-osx-x86_64