CRAN Package Check Results for Package tcltk2

Last updated on 2014-09-20 15:49:34.

Flavor Version Tinstall Tcheck Ttotal Status Flags
r-devel-linux-x86_64-debian-clang 1.2-10 1.57 19.42 21.00 NOTE
r-devel-linux-x86_64-debian-gcc 1.2-10 1.47 18.52 19.99 NOTE
r-devel-linux-x86_64-fedora-clang 1.2-10 35.07 NOTE
r-devel-linux-x86_64-fedora-gcc 1.2-10 32.45 NOTE
r-devel-osx-x86_64-clang 1.2-10 49.29 OK
r-devel-windows-ix86+x86_64 1.2-10 10.00 36.00 46.00 OK
r-patched-linux-x86_64 1.2-10 1.66 18.47 20.13 NOTE
r-patched-solaris-sparc 1.2-10 253.00 OK
r-patched-solaris-x86 1.2-10 57.20 OK
r-release-linux-ix86 1.2-10 3.25 28.34 31.59 NOTE
r-release-linux-x86_64 1.2-10 1.68 18.52 20.20 NOTE
r-release-osx-x86_64-mavericks 1.2-10 OK
r-release-osx-x86_64-snowleopard 1.2-10 OK
r-release-windows-ix86+x86_64 1.2-10 12.00 47.00 59.00 OK
r-oldrel-windows-ix86+x86_64 1.2-10 8.00 56.00 64.00 OK

Check Details

Version: 1.2-10
Check: installed package size
Result: NOTE
     installed size is 5.1Mb
     sub-directories of 1Mb or more:
     tklibs 4.9Mb
Flavors: r-devel-linux-x86_64-debian-clang, r-devel-linux-x86_64-debian-gcc, r-devel-linux-x86_64-fedora-clang, r-devel-linux-x86_64-fedora-gcc, r-patched-linux-x86_64, r-release-linux-ix86, r-release-linux-x86_64