CRAN Package Check Results for Package tcltk2

Last updated on 2016-05-05 11:48:22.

Flavor Version Tinstall Tcheck Ttotal Status Flags
r-devel-linux-x86_64-debian-gcc 1.2-11 2.17 20.11 22.28 NOTE
r-devel-linux-x86_64-fedora-clang 1.2-11 31.46 NOTE
r-devel-linux-x86_64-fedora-gcc 1.2-11 29.97 NOTE
r-devel-osx-x86_64-clang 1.2-11 47.14 NOTE
r-devel-windows-ix86+x86_64 1.2-11 27.00 51.00 78.00 NOTE
r-patched-linux-x86_64 1.2-11 1.73 19.66 21.38 NOTE
r-patched-solaris-sparc 1.2-11 210.80 NOTE
r-patched-solaris-x86 1.2-11 50.80 NOTE
r-release-linux-x86_64 1.2-11 1.69 20.13 21.82 NOTE
r-release-osx-x86_64-mavericks 1.2-11 NOTE
r-release-windows-ix86+x86_64 1.2-11 27.00 51.00 78.00 NOTE
r-oldrel-windows-ix86+x86_64 1.2-11 15.00 60.00 75.00 NOTE

Check Details

Version: 1.2-11
Check: installed package size
Result: NOTE
     installed size is 5.1Mb
     sub-directories of 1Mb or more:
     tklibs 4.9Mb
Flavors: r-devel-linux-x86_64-debian-gcc, r-devel-linux-x86_64-fedora-clang, r-devel-linux-x86_64-fedora-gcc, r-patched-linux-x86_64, r-release-linux-x86_64

Version: 1.2-11
Check: DESCRIPTION meta-information
Result: NOTE
    Malformed Description field: should contain one or more complete sentences.
Flavors: r-devel-linux-x86_64-debian-gcc, r-devel-linux-x86_64-fedora-clang, r-devel-linux-x86_64-fedora-gcc, r-devel-osx-x86_64-clang, r-devel-windows-ix86+x86_64, r-patched-linux-x86_64, r-patched-solaris-sparc, r-patched-solaris-x86, r-release-linux-x86_64, r-release-osx-x86_64-mavericks, r-release-windows-ix86+x86_64, r-oldrel-windows-ix86+x86_64