CRAN Package Check Results for Package tcltk2

Last updated on 2018-04-20 21:49:26 CEST.

Flavor Version Tinstall Tcheck Ttotal Status Flags
r-devel-linux-x86_64-debian-clang 1.2-11 4.39 30.61 35.00 NOTE
r-devel-linux-x86_64-debian-gcc 1.2-11 2.98 24.17 27.15 NOTE
r-devel-linux-x86_64-fedora-clang 1.2-11 40.90 NOTE
r-devel-linux-x86_64-fedora-gcc 1.2-11 39.63 NOTE
r-devel-windows-ix86+x86_64 1.2-11 15.00 52.00 67.00 NOTE
r-devel-osx-x86_64 1.2-11 NOTE
r-patched-linux-x86_64 1.2-11 4.58 30.76 35.34 NOTE
r-patched-solaris-x86 1.2-11 62.20 NOTE
r-release-linux-x86_64 1.2-11 2.16 33.48 35.64 NOTE
r-release-windows-ix86+x86_64 1.2-11 14.00 42.00 56.00 NOTE
r-release-osx-x86_64 1.2-11 NOTE
r-oldrel-windows-ix86+x86_64 1.2-11 9.00 36.00 45.00 NOTE

Check Details

Version: 1.2-11
Check: DESCRIPTION meta-information
Result: NOTE
    Malformed Description field: should contain one or more complete sentences.
Flavors: r-devel-linux-x86_64-debian-clang, r-devel-linux-x86_64-debian-gcc, r-devel-linux-x86_64-fedora-clang, r-devel-linux-x86_64-fedora-gcc, r-devel-windows-ix86+x86_64, r-devel-osx-x86_64, r-patched-linux-x86_64, r-patched-solaris-x86, r-release-linux-x86_64, r-release-windows-ix86+x86_64, r-release-osx-x86_64, r-oldrel-windows-ix86+x86_64

Version: 1.2-11
Check: installed package size
Result: NOTE
     installed size is 5.2Mb
     sub-directories of 1Mb or more:
     tklibs 4.9Mb
Flavors: r-devel-linux-x86_64-fedora-clang, r-devel-linux-x86_64-fedora-gcc, r-devel-osx-x86_64