CRAN Package Check Results for Package tcltk2

Last updated on 2014-12-17 21:47:04.

Flavor Version Tinstall Tcheck Ttotal Status Flags
r-devel-linux-x86_64-debian-clang 1.2-10 1.60 19.25 20.86 NOTE
r-devel-linux-x86_64-debian-gcc 1.2-10 1.58 19.19 20.77 NOTE
r-devel-linux-x86_64-fedora-clang 1.2-10 37.14 NOTE
r-devel-linux-x86_64-fedora-gcc 1.2-10 33.02 NOTE
r-devel-osx-x86_64-clang 1.2-10 42.79 OK
r-devel-windows-ix86+x86_64 1.2-10 34.00 79.00 113.00 OK
r-patched-linux-x86_64 1.2-10 1.71 18.16 19.87 NOTE
r-patched-solaris-sparc 1.2-10 253.00 OK
r-patched-solaris-x86 1.2-10 59.00 OK
r-release-linux-ix86 1.2-10 3.04 26.31 29.35 NOTE
r-release-linux-x86_64 1.2-10 1.68 18.79 20.47 NOTE
r-release-osx-x86_64-mavericks 1.2-10 OK
r-release-osx-x86_64-snowleopard 1.2-10 OK
r-release-windows-ix86+x86_64 1.2-10 10.00 52.00 62.00 OK
r-oldrel-windows-ix86+x86_64 1.2-10 8.00 56.00 64.00 OK

Check Details

Version: 1.2-10
Check: installed package size
Result: NOTE
     installed size is 5.1Mb
     sub-directories of 1Mb or more:
     tklibs 4.9Mb
Flavors: r-devel-linux-x86_64-debian-clang, r-devel-linux-x86_64-debian-gcc, r-devel-linux-x86_64-fedora-clang, r-devel-linux-x86_64-fedora-gcc, r-patched-linux-x86_64, r-release-linux-ix86, r-release-linux-x86_64