CRAN Package Check Results for Package tcltk2

Last updated on 2014-10-21 18:48:14.

Flavor Version Tinstall Tcheck Ttotal Status Flags
r-devel-linux-x86_64-debian-clang 1.2-10 1.61 20.09 21.70 NOTE
r-devel-linux-x86_64-debian-gcc 1.2-10 1.55 20.06 21.61 NOTE
r-devel-linux-x86_64-fedora-clang 1.2-10 36.59 NOTE
r-devel-linux-x86_64-fedora-gcc 1.2-10 32.95 NOTE
r-devel-osx-x86_64-clang 1.2-10 51.51 OK
r-devel-windows-ix86+x86_64 1.2-10 13.00 26.00 39.00 OK
r-patched-linux-x86_64 1.2-10 1.76 18.64 20.40 NOTE
r-patched-solaris-sparc 1.2-10 253.00 OK
r-patched-solaris-x86 1.2-10 58.20 OK
r-release-linux-ix86 1.2-10 3.45 28.54 31.99 NOTE
r-release-linux-x86_64 1.2-10 1.94 19.90 21.84 NOTE
r-release-osx-x86_64-mavericks 1.2-10 OK
r-release-osx-x86_64-snowleopard 1.2-10 OK
r-release-windows-ix86+x86_64 1.2-10 12.00 47.00 59.00 OK
r-oldrel-windows-ix86+x86_64 1.2-10 8.00 56.00 64.00 OK

Check Details

Version: 1.2-10
Check: installed package size
Result: NOTE
     installed size is 5.1Mb
     sub-directories of 1Mb or more:
     tklibs 4.9Mb
Flavors: r-devel-linux-x86_64-debian-clang, r-devel-linux-x86_64-debian-gcc, r-devel-linux-x86_64-fedora-clang, r-devel-linux-x86_64-fedora-gcc, r-patched-linux-x86_64, r-release-linux-ix86, r-release-linux-x86_64