CRAN Package Check Results for Package tcltk2

Last updated on 2015-09-04 14:47:20.

Flavor Version Tinstall Tcheck Ttotal Status Flags
r-devel-linux-x86_64-debian-clang 1.2-11 1.49 20.05 21.54 NOTE
r-devel-linux-x86_64-debian-gcc 1.2-11 1.47 18.50 19.97 NOTE
r-devel-linux-x86_64-fedora-clang 1.2-11 34.03 NOTE
r-devel-linux-x86_64-fedora-gcc 1.2-11 30.30 NOTE
r-devel-osx-x86_64-clang 1.2-11 49.37 NOTE
r-devel-windows-ix86+x86_64 1.2-11 17.00 33.00 50.00 NOTE
r-patched-linux-x86_64 1.2-11 1.51 22.68 24.19 NOTE
r-patched-solaris-sparc 1.2-11 235.70 NOTE
r-patched-solaris-x86 1.2-11 54.10 NOTE
r-release-linux-x86_64 1.2-11 1.68 19.37 21.04 NOTE
r-release-osx-x86_64-mavericks 1.2-11 NOTE
r-release-windows-ix86+x86_64 1.2-11 19.00 28.00 47.00 NOTE
r-oldrel-windows-ix86+x86_64 1.2-11 28.00 88.00 116.00 OK

Check Details

Version: 1.2-11
Check: installed package size
Result: NOTE
     installed size is 5.1Mb
     sub-directories of 1Mb or more:
     tklibs 4.9Mb
Flavors: r-devel-linux-x86_64-debian-clang, r-devel-linux-x86_64-debian-gcc, r-devel-linux-x86_64-fedora-clang, r-devel-linux-x86_64-fedora-gcc, r-patched-linux-x86_64, r-release-linux-x86_64

Version: 1.2-11
Check: DESCRIPTION meta-information
Result: NOTE
    Malformed Description field: should contain one or more complete sentences.
Flavors: r-devel-linux-x86_64-debian-clang, r-devel-linux-x86_64-debian-gcc, r-devel-linux-x86_64-fedora-clang, r-devel-linux-x86_64-fedora-gcc, r-devel-osx-x86_64-clang, r-devel-windows-ix86+x86_64, r-patched-linux-x86_64, r-patched-solaris-sparc, r-patched-solaris-x86, r-release-linux-x86_64, r-release-osx-x86_64-mavericks, r-release-windows-ix86+x86_64