CRAN Package Check Results for Package tcltk2

Last updated on 2018-06-21 21:50:17 CEST.

Flavor Version Tinstall Tcheck Ttotal Status Flags
r-devel-linux-x86_64-debian-clang 1.2-11 4.19 29.83 34.02 NOTE
r-devel-linux-x86_64-debian-gcc 1.2-11 2.80 25.25 28.05 NOTE
r-devel-linux-x86_64-fedora-clang 1.2-11 41.70 NOTE
r-devel-linux-x86_64-fedora-gcc 1.2-11 39.70 NOTE
r-devel-windows-ix86+x86_64 1.2-11 21.00 44.00 65.00 NOTE
r-patched-linux-x86_64 1.2-11 3.94 31.44 35.38 NOTE
r-patched-solaris-x86 1.2-11 61.00 NOTE
r-release-linux-x86_64 1.2-11 4.76 30.82 35.58 NOTE
r-release-windows-ix86+x86_64 1.2-11 24.00 39.00 63.00 NOTE
r-release-osx-x86_64 1.2-11 NOTE
r-oldrel-windows-ix86+x86_64 1.2-11 14.00 42.00 56.00 NOTE
r-oldrel-osx-x86_64 1.2-11 NOTE

Check Details

Version: 1.2-11
Check: DESCRIPTION meta-information
Result: NOTE
    Malformed Description field: should contain one or more complete sentences.
Flavors: r-devel-linux-x86_64-debian-clang, r-devel-linux-x86_64-debian-gcc, r-devel-linux-x86_64-fedora-clang, r-devel-linux-x86_64-fedora-gcc, r-devel-windows-ix86+x86_64, r-patched-linux-x86_64, r-patched-solaris-x86, r-release-linux-x86_64, r-release-windows-ix86+x86_64, r-release-osx-x86_64, r-oldrel-windows-ix86+x86_64, r-oldrel-osx-x86_64

Version: 1.2-11
Check: installed package size
Result: NOTE
     installed size is 5.2Mb
     sub-directories of 1Mb or more:
     tklibs 4.9Mb
Flavors: r-devel-linux-x86_64-fedora-clang, r-release-osx-x86_64