CRAN Package Check Results for Package tcltk2

Last updated on 2015-06-30 22:47:41.

Flavor Version Tinstall Tcheck Ttotal Status Flags
r-devel-linux-x86_64-debian-clang 1.2-11 2.20 18.44 20.63 NOTE
r-devel-linux-x86_64-debian-gcc 1.2-11 1.47 18.78 20.24 NOTE
r-devel-linux-x86_64-fedora-clang 1.2-11 33.94 NOTE
r-devel-linux-x86_64-fedora-gcc 1.2-11 31.51 NOTE
r-devel-osx-x86_64-clang 1.2-11 35.47 NOTE
r-devel-windows-ix86+x86_64 1.2-11 29.00 66.00 95.00 NOTE
r-patched-linux-x86_64 1.2-11 1.56 19.89 21.45 NOTE
r-patched-solaris-sparc 1.2-11 233.20 NOTE
r-patched-solaris-x86 1.2-11 53.00 NOTE
r-release-linux-x86_64 1.2-11 1.58 20.03 21.60 NOTE
r-release-osx-x86_64-mavericks 1.2-11 NOTE
r-release-windows-ix86+x86_64 1.2-11 7.00 32.00 39.00 NOTE
r-oldrel-windows-ix86+x86_64 1.2-11 28.00 88.00 116.00 OK

Check Details

Version: 1.2-11
Check: installed package size
Result: NOTE
     installed size is 5.1Mb
     sub-directories of 1Mb or more:
     tklibs 4.9Mb
Flavors: r-devel-linux-x86_64-debian-clang, r-devel-linux-x86_64-debian-gcc, r-devel-linux-x86_64-fedora-clang, r-devel-linux-x86_64-fedora-gcc, r-patched-linux-x86_64, r-release-linux-x86_64

Version: 1.2-11
Check: DESCRIPTION meta-information
Result: NOTE
    Malformed Description field: should contain one or more complete sentences.
Flavors: r-devel-linux-x86_64-debian-clang, r-devel-linux-x86_64-debian-gcc, r-devel-linux-x86_64-fedora-clang, r-devel-linux-x86_64-fedora-gcc, r-devel-osx-x86_64-clang, r-devel-windows-ix86+x86_64, r-patched-linux-x86_64, r-patched-solaris-sparc, r-patched-solaris-x86, r-release-linux-x86_64, r-release-osx-x86_64-mavericks, r-release-windows-ix86+x86_64