CRAN Package Check Results for Package tcltk2

Last updated on 2015-02-27 23:48:04.

Flavor Version Tinstall Tcheck Ttotal Status Flags
r-devel-linux-x86_64-debian-clang 1.2-11 1.58 17.94 19.52 NOTE
r-devel-linux-x86_64-debian-gcc 1.2-11 1.58 19.16 20.74 NOTE
r-devel-linux-x86_64-fedora-clang 1.2-11 34.62 NOTE
r-devel-linux-x86_64-fedora-gcc 1.2-11 32.05 NOTE
r-devel-osx-x86_64-clang 1.2-11 41.35 NOTE
r-devel-windows-ix86+x86_64 1.2-11 30.00 56.00 86.00 NOTE
r-patched-linux-x86_64 1.2-11 1.69 20.11 21.80 NOTE
r-patched-solaris-sparc 1.2-11 232.70 OK
r-release-linux-ix86 1.2-11 3.89 28.52 32.41 NOTE
r-release-linux-x86_64 1.2-11 1.68 20.03 21.72 NOTE
r-release-osx-x86_64-mavericks 1.2-11 OK
r-release-osx-x86_64-snowleopard 1.2-11 OK
r-release-windows-ix86+x86_64 1.2-11 14.00 39.00 53.00 OK
r-oldrel-windows-ix86+x86_64 1.2-11 14.00 35.00 49.00 OK

Check Details

Version: 1.2-11
Check: installed package size
Result: NOTE
     installed size is 5.1Mb
     sub-directories of 1Mb or more:
     tklibs 4.9Mb
Flavors: r-devel-linux-x86_64-debian-clang, r-devel-linux-x86_64-debian-gcc, r-devel-linux-x86_64-fedora-clang, r-devel-linux-x86_64-fedora-gcc, r-patched-linux-x86_64, r-release-linux-ix86, r-release-linux-x86_64

Version: 1.2-11
Check: DESCRIPTION meta-information
Result: NOTE
    Malformed Description field: should contain one or more complete sentences.
Flavors: r-devel-linux-x86_64-debian-clang, r-devel-linux-x86_64-debian-gcc, r-devel-linux-x86_64-fedora-clang, r-devel-linux-x86_64-fedora-gcc, r-devel-osx-x86_64-clang, r-devel-windows-ix86+x86_64