CRAN Package Check Results for Package tcltk2

Last updated on 2014-11-23 16:46:42.

Flavor Version Tinstall Tcheck Ttotal Status Flags
r-devel-linux-x86_64-debian-clang 1.2-10 1.68 19.72 21.40 NOTE
r-devel-linux-x86_64-debian-gcc 1.2-10 1.77 18.21 19.98 NOTE
r-devel-linux-x86_64-fedora-clang 1.2-10 36.93 NOTE
r-devel-linux-x86_64-fedora-gcc 1.2-10 34.78 NOTE
r-devel-osx-x86_64-clang 1.2-10 46.08 OK
r-devel-windows-ix86+x86_64 1.2-10 10.00 26.00 36.00 OK
r-patched-linux-x86_64 1.2-10 1.72 19.96 21.69 NOTE
r-patched-solaris-sparc 1.2-10 253.00 OK
r-patched-solaris-x86 1.2-10 59.00 OK
r-release-linux-ix86 1.2-10 3.07 26.62 29.70 NOTE
r-release-linux-x86_64 1.2-10 1.74 20.18 21.92 NOTE
r-release-osx-x86_64-mavericks 1.2-10 OK
r-release-osx-x86_64-snowleopard 1.2-10 OK
r-release-windows-ix86+x86_64 1.2-10 10.00 52.00 62.00 OK
r-oldrel-windows-ix86+x86_64 1.2-10 8.00 56.00 64.00 OK

Check Details

Version: 1.2-10
Check: installed package size
Result: NOTE
     installed size is 5.1Mb
     sub-directories of 1Mb or more:
     tklibs 4.9Mb
Flavors: r-devel-linux-x86_64-debian-clang, r-devel-linux-x86_64-debian-gcc, r-devel-linux-x86_64-fedora-clang, r-devel-linux-x86_64-fedora-gcc, r-patched-linux-x86_64, r-release-linux-ix86, r-release-linux-x86_64