CRAN Package Check Results for Package tcltk2

Last updated on 2015-03-29 11:51:30.

Flavor Version Tinstall Tcheck Ttotal Status Flags
r-devel-linux-x86_64-debian-clang 1.2-11 1.53 20.34 21.86 NOTE
r-devel-linux-x86_64-debian-gcc 1.2-11 1.49 19.27 20.76 NOTE
r-devel-linux-x86_64-fedora-clang 1.2-11 35.19 NOTE
r-devel-linux-x86_64-fedora-gcc 1.2-11 34.15 NOTE
r-devel-osx-x86_64-clang 1.2-11 44.34 NOTE
r-prerel-windows-ix86+x86_64 1.2-11 24.00 61.00 85.00 NOTE
r-prerel-linux-x86_64 1.2-11 1.46 17.84 19.30 NOTE
r-prerel-solaris-sparc 1.2-11 236.00 NOTE
r-prerel-solaris-x86 1.2-11 57.10 NOTE
r-release-linux-x86_64 1.2-11 1.75 20.08 21.83 NOTE
r-release-osx-x86_64-mavericks 1.2-11 OK
r-release-osx-x86_64-snowleopard 1.2-11 OK
r-release-windows-ix86+x86_64 1.2-11 28.00 88.00 116.00 OK
r-oldrel-windows-ix86+x86_64 1.2-11 14.00 35.00 49.00 OK

Check Details

Version: 1.2-11
Check: installed package size
Result: NOTE
     installed size is 5.1Mb
     sub-directories of 1Mb or more:
     tklibs 4.9Mb
Flavors: r-devel-linux-x86_64-debian-clang, r-devel-linux-x86_64-debian-gcc, r-devel-linux-x86_64-fedora-clang, r-devel-linux-x86_64-fedora-gcc, r-prerel-linux-x86_64, r-release-linux-x86_64

Version: 1.2-11
Check: DESCRIPTION meta-information
Result: NOTE
    Malformed Description field: should contain one or more complete sentences.
Flavors: r-devel-linux-x86_64-debian-clang, r-devel-linux-x86_64-debian-gcc, r-devel-linux-x86_64-fedora-clang, r-devel-linux-x86_64-fedora-gcc, r-devel-osx-x86_64-clang, r-prerel-windows-ix86+x86_64, r-prerel-linux-x86_64, r-prerel-solaris-sparc, r-prerel-solaris-x86