CRAN Package Check Results for Package tcltk2

Last updated on 2015-04-27 23:47:41.

Flavor Version Tinstall Tcheck Ttotal Status Flags
r-devel-linux-x86_64-debian-clang 1.2-11 1.62 18.77 20.39 NOTE
r-devel-linux-x86_64-debian-gcc 1.2-11 1.48 18.87 20.36 NOTE
r-devel-linux-x86_64-fedora-clang 1.2-11 35.91 NOTE
r-devel-linux-x86_64-fedora-gcc 1.2-11 33.46 NOTE
r-devel-osx-x86_64-clang 1.2-11 41.23 NOTE
r-devel-windows-ix86+x86_64 1.2-11 19.00 29.00 48.00 NOTE
r-patched-linux-x86_64 1.2-11 1.52 18.41 19.93 NOTE
r-patched-solaris-sparc 1.2-11 236.00 NOTE
r-patched-solaris-x86 1.2-11 53.30 NOTE
r-release-linux-x86_64 1.2-11 1.51 18.68 20.19 NOTE
r-release-osx-x86_64-mavericks 1.2-11 NOTE
r-release-osx-x86_64-snowleopard 1.2-11 NOTE
r-release-windows-ix86+x86_64 1.2-11 7.00 32.00 39.00 NOTE
r-oldrel-windows-ix86+x86_64 1.2-11 28.00 88.00 116.00 OK

Check Details

Version: 1.2-11
Check: installed package size
Result: NOTE
     installed size is 5.1Mb
     sub-directories of 1Mb or more:
     tklibs 4.9Mb
Flavors: r-devel-linux-x86_64-debian-clang, r-devel-linux-x86_64-debian-gcc, r-devel-linux-x86_64-fedora-clang, r-devel-linux-x86_64-fedora-gcc, r-release-linux-x86_64

Version: 1.2-11
Check: DESCRIPTION meta-information
Result: NOTE
    Malformed Description field: should contain one or more complete sentences.
Flavors: r-devel-linux-x86_64-debian-clang, r-devel-linux-x86_64-debian-gcc, r-devel-linux-x86_64-fedora-clang, r-devel-linux-x86_64-fedora-gcc, r-devel-osx-x86_64-clang, r-devel-windows-ix86+x86_64, r-patched-solaris-sparc, r-patched-solaris-x86, r-release-linux-x86_64, r-release-osx-x86_64-mavericks, r-release-osx-x86_64-snowleopard, r-release-windows-ix86+x86_64