CRAN Package Check Results for Package tcltk2

Last updated on 2014-08-30 11:51:38.

Flavor Version Tinstall Tcheck Ttotal Status Flags
r-devel-linux-x86_64-debian-clang 1.2-10 1.56 19.39 20.96 NOTE
r-devel-linux-x86_64-debian-gcc 1.2-10 1.48 17.07 18.55 NOTE
r-devel-linux-x86_64-fedora-clang 1.2-10 34.73 NOTE
r-devel-linux-x86_64-fedora-gcc 1.2-10 33.11 NOTE
r-devel-osx-x86_64-clang 1.2-10 41.18 OK
r-devel-windows-ix86+x86_64 1.2-10 9.00 26.00 35.00 OK
r-patched-linux-x86_64 1.2-10 1.64 18.48 20.13 NOTE
r-patched-solaris-sparc 1.2-10 253.00 OK
r-patched-solaris-x86 1.2-10 58.10 OK
r-release-linux-ix86 1.2-10 3.24 27.93 31.17 NOTE
r-release-linux-x86_64 1.2-10 3.73 19.74 23.47 NOTE
r-release-osx-x86_64-mavericks 1.2-10 OK
r-release-osx-x86_64-snowleopard 1.2-10 OK
r-release-windows-ix86+x86_64 1.2-10 12.00 47.00 59.00 OK
r-oldrel-windows-ix86+x86_64 1.2-10 8.00 56.00 64.00 OK

Check Details

Version: 1.2-10
Check: installed package size
Result: NOTE
     installed size is 5.1Mb
     sub-directories of 1Mb or more:
     tklibs 4.9Mb
Flavors: r-devel-linux-x86_64-debian-clang, r-devel-linux-x86_64-debian-gcc, r-devel-linux-x86_64-fedora-clang, r-devel-linux-x86_64-fedora-gcc, r-patched-linux-x86_64, r-release-linux-ix86, r-release-linux-x86_64