CRAN Package Check Results for Package tcltk2

Last updated on 2015-07-28 19:48:15.

Flavor Version Tinstall Tcheck Ttotal Status Flags
r-devel-linux-x86_64-debian-clang 1.2-11 1.58 19.52 21.09 NOTE
r-devel-linux-x86_64-debian-gcc 1.2-11 1.48 17.68 19.16 NOTE
r-devel-linux-x86_64-fedora-clang 1.2-11 34.18 NOTE
r-devel-linux-x86_64-fedora-gcc 1.2-11 32.22 NOTE
r-devel-osx-x86_64-clang 1.2-11 34.90 NOTE
r-devel-windows-ix86+x86_64 1.2-11 30.00 29.00 59.00 NOTE
r-patched-linux-x86_64 1.2-11 1.96 19.64 21.60 NOTE
r-patched-solaris-sparc 1.2-11 235.70 NOTE
r-patched-solaris-x86 1.2-11 52.30 NOTE
r-release-linux-x86_64 1.2-11 1.48 19.19 20.66 NOTE
r-release-osx-x86_64-mavericks 1.2-11 NOTE
r-release-windows-ix86+x86_64 1.2-11 17.00 30.00 47.00 NOTE
r-oldrel-windows-ix86+x86_64 1.2-11 28.00 88.00 116.00 OK

Check Details

Version: 1.2-11
Check: installed package size
Result: NOTE
     installed size is 5.1Mb
     sub-directories of 1Mb or more:
     tklibs 4.9Mb
Flavors: r-devel-linux-x86_64-debian-clang, r-devel-linux-x86_64-debian-gcc, r-devel-linux-x86_64-fedora-clang, r-devel-linux-x86_64-fedora-gcc, r-patched-linux-x86_64, r-release-linux-x86_64

Version: 1.2-11
Check: DESCRIPTION meta-information
Result: NOTE
    Malformed Description field: should contain one or more complete sentences.
Flavors: r-devel-linux-x86_64-debian-clang, r-devel-linux-x86_64-debian-gcc, r-devel-linux-x86_64-fedora-clang, r-devel-linux-x86_64-fedora-gcc, r-devel-osx-x86_64-clang, r-devel-windows-ix86+x86_64, r-patched-linux-x86_64, r-patched-solaris-sparc, r-patched-solaris-x86, r-release-linux-x86_64, r-release-osx-x86_64-mavericks, r-release-windows-ix86+x86_64