CRAN Package Check Results for Package tcltk2

Last updated on 2014-07-24 23:48:24.

Flavor Version Tinstall Tcheck Ttotal Status Flags
r-devel-linux-x86_64-debian-clang 1.2-10 1.60 19.94 21.54 NOTE
r-devel-linux-x86_64-debian-gcc 1.2-10 2.17 18.52 20.69 NOTE
r-devel-linux-x86_64-fedora-clang 1.2-10 36.17 NOTE
r-devel-linux-x86_64-fedora-gcc 1.2-10 34.21 NOTE
r-devel-osx-x86_64-clang 1.2-10 47.22 OK
r-devel-windows-ix86+x86_64 1.2-10 10.00 26.00 36.00 OK
r-patched-linux-x86_64 1.2-10 1.76 19.91 21.67 NOTE
r-patched-solaris-sparc 1.2-10 225.80 OK
r-patched-solaris-x86 1.2-10 58.10 OK
r-release-linux-ix86 1.2-10 3.21 29.43 32.64 NOTE
r-release-linux-x86_64 1.2-10 1.87 18.43 20.30 NOTE
r-release-osx-x86_64-mavericks 1.2-10 OK
r-release-osx-x86_64-snowleopard 1.2-10 OK
r-release-windows-ix86+x86_64 1.2-10 12.00 47.00 59.00 OK
r-oldrel-windows-ix86+x86_64 1.2-10 8.00 56.00 64.00 OK

Check Details

Version: 1.2-10
Check: installed package size
Result: NOTE
     installed size is 5.1Mb
     sub-directories of 1Mb or more:
     tklibs 4.9Mb
Flavors: r-devel-linux-x86_64-debian-clang, r-devel-linux-x86_64-debian-gcc, r-devel-linux-x86_64-fedora-clang, r-devel-linux-x86_64-fedora-gcc, r-patched-linux-x86_64, r-release-linux-ix86, r-release-linux-x86_64