CRAN Package Check Results for Package tclust

Last updated on 2015-08-30 23:48:02.

Flavor Version Tinstall Tcheck Ttotal Status Flags
r-devel-linux-x86_64-debian-clang 1.2-3 6.13 61.55 67.68 NOTE
r-devel-linux-x86_64-debian-gcc 1.2-3 8.74 66.30 75.03 NOTE
r-devel-linux-x86_64-fedora-clang 1.2-3 126.83 NOTE
r-devel-linux-x86_64-fedora-gcc 1.2-3 138.97 NOTE
r-devel-osx-x86_64-clang 1.2-3 90.36 NOTE
r-devel-windows-ix86+x86_64 1.2-3 49.00 137.00 186.00 NOTE
r-patched-linux-x86_64 1.2-3 8.77 65.72 74.49 NOTE
r-patched-solaris-sparc 1.2-3 1000.00 NOTE
r-patched-solaris-x86 1.2-3 173.40 NOTE
r-release-linux-x86_64 1.2-3 8.71 66.02 74.73 NOTE
r-release-osx-x86_64-mavericks 1.2-3 NOTE
r-release-windows-ix86+x86_64 1.2-3 42.00 140.00 182.00 NOTE
r-oldrel-windows-ix86+x86_64 1.2-3 47.00 161.00 208.00 OK

Memtest notes: valgrind valgrind

Check Details

Version: 1.2-3
Check: DESCRIPTION meta-information
Result: NOTE
    Malformed Description field: should contain one or more complete sentences.
Flavors: r-devel-linux-x86_64-debian-clang, r-devel-linux-x86_64-debian-gcc, r-devel-linux-x86_64-fedora-clang, r-devel-linux-x86_64-fedora-gcc, r-devel-osx-x86_64-clang, r-devel-windows-ix86+x86_64, r-patched-linux-x86_64, r-patched-solaris-sparc, r-patched-solaris-x86, r-release-linux-x86_64, r-release-osx-x86_64-mavericks, r-release-windows-ix86+x86_64

Version: 1.2-3
Check: R code for possible problems
Result: NOTE
    .InitClusters: no visible global function definition for ‘cov’
    .doEllipses: no visible global function definition for ‘lines’
    .get.Mm.det: no visible global function definition for ‘cov’
    .get.Mm.eigen: no visible global function definition for ‘cov’
    .getini: no visible global function definition for ‘runif’
    .plot.tclust.0: no visible global function definition for ‘plot.new’
    .plot.tclust.0: no visible global function definition for ‘par’
    .plot.tclust.0: no visible global function definition for ‘points’
    .plot.tclust.0: no visible global function definition for ‘mtext’
    .plot.tclust.0: no visible global function definition for ‘box’
    .plot.tclust.0: no visible global function definition for ‘axis’
    .plot.tclust.1d: no visible global function definition for ‘runif’
    .plot.tclust.1d: no visible global function definition for ‘qchisq’
    .plot.tclust.2d: no visible global function definition for ‘qchisq’
    .plot.tclust.title: no visible global function definition for ‘title’
    .plot.tclust.title: no visible global function definition for ‘mtext’
    .restr.dir: no visible global function definition for ‘rnorm’
    .restr.prop: no visible global function definition for ‘rnorm’
    .tclust.postproc: no visible global function definition for
     ‘mahalanobis’
    .vline: no visible global function definition for ‘par’
    .vline: no visible global function definition for ‘lines’
    ctlcurves: no visible global function definition for ‘flush.console’
    ctlcurves: no visible global function definition for ‘qchisq’
    discr_coords: no visible global function definition for ‘cov’
    plot.DiscrFact: no visible global function definition for ‘par’
    plot.ctlcurves: no visible global function definition for ‘mtext’
    plot.ctlcurves: no visible global function definition for ‘lines’
    plot.ctlcurves: no visible global function definition for ‘text’
    plot_DiscrFact_p2: no visible global function definition for ‘axis’
    plot_DiscrFact_p2: no visible global function definition for ‘abline’
    plot_DiscrFact_p2: no visible global function definition for ‘box’
    plot_DiscrFact_p2: no visible global function definition for ‘polygon’
    plot_DiscrFact_p2: no visible global function definition for ‘par’
    plot_DiscrFact_p2: no visible global function definition for ‘legend’
    plot_DiscrFact_p3: no visible global function definition for ‘grey’
    Undefined global functions or variables:
     abline axis box cov flush.console grey legend lines mahalanobis mtext
     par plot.new points polygon qchisq rnorm runif text title
    Consider adding
     importFrom("grDevices", "grey")
     importFrom("graphics", "abline", "axis", "box", "legend", "lines",
     "mtext", "par", "plot.new", "points", "polygon", "text",
     "title")
     importFrom("stats", "cov", "mahalanobis", "qchisq", "rnorm", "runif")
     importFrom("utils", "flush.console")
    to your NAMESPACE.
Flavors: r-devel-linux-x86_64-debian-clang, r-devel-linux-x86_64-debian-gcc, r-devel-linux-x86_64-fedora-clang, r-devel-linux-x86_64-fedora-gcc, r-devel-windows-ix86+x86_64