CRAN Package Check Results for Package tclust

Last updated on 2015-02-28 17:48:51.

Flavor Version Tinstall Tcheck Ttotal Status Flags
r-devel-linux-x86_64-debian-clang 1.2-3 6.22 62.00 68.22 NOTE
r-devel-linux-x86_64-debian-gcc 1.2-3 8.59 67.68 76.27 NOTE
r-devel-linux-x86_64-fedora-clang 1.2-3 129.38 NOTE
r-devel-linux-x86_64-fedora-gcc 1.2-3 139.85 NOTE
r-devel-osx-x86_64-clang 1.2-3 100.63 NOTE
r-devel-windows-ix86+x86_64 1.2-3 48.00 122.00 170.00 NOTE
r-patched-linux-x86_64 1.2-3 8.95 72.52 81.47 OK
r-patched-solaris-sparc 1.2-3 992.50 OK
r-patched-solaris-x86 1.2-3 180.50 OK
r-release-linux-ix86 1.2-3 12.84 108.53 121.37 OK
r-release-linux-x86_64 1.2-3 8.88 73.06 81.94 OK
r-release-osx-x86_64-mavericks 1.2-3 OK
r-release-osx-x86_64-snowleopard 1.2-3 OK
r-release-windows-ix86+x86_64 1.2-3 37.00 135.00 172.00 OK
r-oldrel-windows-ix86+x86_64 1.2-3 38.00 198.00 236.00 OK

Memtest notes: valgrind valgrind

Check Details

Version: 1.2-3
Check: DESCRIPTION meta-information
Result: NOTE
    Malformed Description field: should contain one or more complete sentences.
Flavors: r-devel-linux-x86_64-debian-clang, r-devel-linux-x86_64-debian-gcc, r-devel-linux-x86_64-fedora-clang, r-devel-linux-x86_64-fedora-gcc, r-devel-osx-x86_64-clang, r-devel-windows-ix86+x86_64