CRAN Package Check Results for Package tclust

Last updated on 2015-03-27 12:48:46.

Flavor Version Tinstall Tcheck Ttotal Status Flags
r-devel-linux-x86_64-debian-clang 1.2-3 6.22 62.89 69.10 NOTE
r-devel-linux-x86_64-debian-gcc 1.2-3 8.96 66.14 75.10 NOTE
r-devel-linux-x86_64-fedora-clang 1.2-3 90.68 NOTE
r-devel-linux-x86_64-fedora-gcc 1.2-3 99.32 NOTE
r-devel-osx-x86_64-clang 1.2-3 104.20 NOTE
r-prerel-windows-ix86+x86_64 1.2-3 32.00 128.00 160.00 NOTE
r-prerel-linux-x86_64 1.2-3 8.61 75.64 84.25 NOTE
r-prerel-solaris-sparc 1.2-3 913.90 NOTE
r-prerel-solaris-x86 1.2-3 171.80 NOTE
r-release-linux-x86_64 1.2-3 8.81 72.34 81.15 OK
r-release-osx-x86_64-mavericks 1.2-3 OK
r-release-osx-x86_64-snowleopard 1.2-3 OK
r-release-windows-ix86+x86_64 1.2-3 29.00 130.00 159.00 OK
r-oldrel-windows-ix86+x86_64 1.2-3 38.00 137.00 175.00 OK

Memtest notes: valgrind valgrind

Check Details

Version: 1.2-3
Check: DESCRIPTION meta-information
Result: NOTE
    Malformed Description field: should contain one or more complete sentences.
Flavors: r-devel-linux-x86_64-debian-clang, r-devel-linux-x86_64-debian-gcc, r-devel-linux-x86_64-fedora-clang, r-devel-linux-x86_64-fedora-gcc, r-devel-osx-x86_64-clang, r-prerel-windows-ix86+x86_64, r-prerel-linux-x86_64, r-prerel-solaris-sparc, r-prerel-solaris-x86