CRAN Package Check Results for Package tclust

Last updated on 2015-05-24 08:48:45.

Flavor Version Tinstall Tcheck Ttotal Status Flags
r-devel-linux-x86_64-debian-clang 1.2-3 6.20 62.82 69.02 NOTE
r-devel-linux-x86_64-debian-gcc 1.2-3 8.88 66.96 75.84 NOTE
r-devel-linux-x86_64-fedora-clang 1.2-3 128.69 NOTE
r-devel-linux-x86_64-fedora-gcc 1.2-3 141.96 NOTE
r-devel-osx-x86_64-clang 1.2-3 105.51 NOTE
r-devel-windows-ix86+x86_64 1.2-3 37.00 132.00 169.00 NOTE
r-patched-linux-x86_64 1.2-3 8.61 67.36 75.97 NOTE
r-patched-solaris-sparc 1.2-3 979.50 NOTE
r-patched-solaris-x86 1.2-3 169.70 NOTE
r-release-linux-x86_64 1.2-3 8.72 67.82 76.54 NOTE
r-release-osx-x86_64-mavericks 1.2-3 NOTE
r-release-osx-x86_64-snowleopard 1.2-3 NOTE
r-release-windows-ix86+x86_64 1.2-3 35.00 124.00 159.00 NOTE
r-oldrel-windows-ix86+x86_64 1.2-3 38.00 132.00 170.00 OK

Memtest notes: valgrind valgrind

Check Details

Version: 1.2-3
Check: DESCRIPTION meta-information
Result: NOTE
    Malformed Description field: should contain one or more complete sentences.
Flavors: r-devel-linux-x86_64-debian-clang, r-devel-linux-x86_64-debian-gcc, r-devel-linux-x86_64-fedora-clang, r-devel-linux-x86_64-fedora-gcc, r-devel-osx-x86_64-clang, r-devel-windows-ix86+x86_64, r-patched-linux-x86_64, r-patched-solaris-sparc, r-patched-solaris-x86, r-release-linux-x86_64, r-release-osx-x86_64-mavericks, r-release-osx-x86_64-snowleopard, r-release-windows-ix86+x86_64