CRAN Package Check Results for Package tcpl

Last updated on 2019-07-22 13:47:08 CEST.

Flavor Version Tinstall Tcheck Ttotal Status Flags
r-devel-linux-x86_64-debian-clang 2.0.1 10.09 145.53 155.62 OK
r-devel-linux-x86_64-debian-gcc 2.0.1 8.20 122.71 130.91 OK
r-devel-linux-x86_64-fedora-clang 2.0.1 174.83 OK
r-devel-linux-x86_64-fedora-gcc 2.0.1 183.24 OK
r-devel-windows-ix86+x86_64 2.0.1 18.00 127.00 145.00 OK
r-patched-linux-x86_64 2.0.1 10.35 141.88 152.23 OK
r-patched-solaris-x86 2.0.1 224.10 OK
r-release-linux-x86_64 2.0.1 9.44 136.08 145.52 OK
r-release-windows-ix86+x86_64 2.0.1 19.00 138.00 157.00 OK
r-release-osx-x86_64 2.0.1 OK
r-oldrel-windows-ix86+x86_64 2.0.1 22.00 169.00 191.00 OK
r-oldrel-osx-x86_64 2.0.1 OK

Check Details

Version: 2.0.1
Check: examples
Result: FAIL
    
Flavor: r-release-osx-x86_64