CRAN Package Check Results for Package tdm

Last updated on 2015-02-01 10:47:06.

Flavor Version Tinstall Tcheck Ttotal Status Flags
r-devel-linux-x86_64-debian-clang 3.0.3 2.72 50.30 53.03 NOTE
r-devel-linux-x86_64-debian-gcc 3.0.3 2.68 50.74 53.42 NOTE
r-devel-linux-x86_64-fedora-clang 3.0.3 103.87 NOTE
r-devel-linux-x86_64-fedora-gcc 3.0.3 98.01 NOTE
r-devel-osx-x86_64-clang 3.0.3 95.45 NOTE
r-devel-windows-ix86+x86_64 3.0.3 19.00 83.00 102.00 OK
r-patched-linux-x86_64 3.0.3 2.84 57.14 59.98 OK
r-patched-solaris-sparc 3.0.3 683.00 OK
r-patched-solaris-x86 3.0.3 157.20 OK
r-release-linux-ix86 3.0.3 3.51 68.28 71.79 OK
r-release-linux-x86_64 3.0.3 2.94 59.59 62.53 OK
r-release-osx-x86_64-mavericks 3.0.3 OK
r-release-osx-x86_64-snowleopard 3.0.3 OK
r-release-windows-ix86+x86_64 3.0.3 10.00 88.00 98.00 OK
r-oldrel-windows-ix86+x86_64 3.0.3 9.00 92.00 101.00 OK

Check Details

Version: 3.0.3
Check: S3 generic/method consistency
Result: NOTE
    Found the following apparent S3 methods exported but not registered:
     all.Amianhcrss all.Amianhinfusionsm all.Amianhinfusionss
     all.Amianhirsm all.Amianhirss all.Amidihcrss all.Amidihinfusionsm
     all.Amidihinfusionss all.Amidihirsm all.Amidihirss all.Amism
     all.Amiss all.Carsm all.Carss all.ChiValsm all.ChiValss all.Cycsm
     all.Cycss all.Digss all.Enfsm all.Enfss all.Enoss all.Evesm all.Evess
     all.Imasm all.Imass all.Indsm all.Indss all.Litcitss all.Litss
     all.OO.sm all.Oxtcrss all.Oxtirsm all.Oxtirss all.Phess all.Ritsm
     all.Ritss all.Tacsm all.Tacss all.Thecrss all.Theirsm all.Theirss
     all.Valsm all.Valss all.Vansm all.Vanss
    See section ‘Registering S3 methods’ in the ‘Writing R Extensions’
    manual.
Flavors: r-devel-linux-x86_64-debian-clang, r-devel-linux-x86_64-debian-gcc, r-devel-linux-x86_64-fedora-clang, r-devel-linux-x86_64-fedora-gcc, r-devel-osx-x86_64-clang