CRAN Package Check Results for Package tdm

Last updated on 2014-04-23 07:55:10.

Flavor Version Tinstall Tcheck Ttotal Status Flags
r-devel-linux-x86_64-debian-clang 3.0.1 2.92 56.36 59.29 OK
r-devel-linux-x86_64-debian-gcc 3.0.1 2.96 55.62 58.58 OK
r-devel-linux-x86_64-fedora-clang 3.0.1 109.78 OK
r-devel-linux-x86_64-fedora-gcc 3.0.1 106.14 OK
r-devel-osx-x86_64-clang 3.0.1 90.93 OK
r-devel-osx-x86_64-gcc 3.0.1 OK
r-devel-windows-ix86+x86_64 3.0.1 8.00 77.00 85.00 OK
r-patched-linux-x86_64 3.0.1 2.85 55.73 58.58 OK
r-patched-solaris-sparc 3.0.1 666.70 OK
r-patched-solaris-x86 3.0.1 152.80 OK
r-release-linux-ix86 3.0.1 5.00 109.00 114.00 OK
r-release-linux-x86_64 3.0.1 2.99 55.66 58.66 OK
r-release-osx-x86_64-mavericks 3.0.1 ERROR
r-release-osx-x86_64-snowleopard 3.0.1 OK
r-release-windows-ix86+x86_64 3.0.1 8.00 78.00 86.00 OK
r-oldrel-windows-ix86+x86_64 3.0.1 7.00 88.00 95.00 OK

Check Details

Version: 3.0.1
Check: package dependencies
Result: ERROR
    Package required but not available: ‘rjags’
    
    See the information on DESCRIPTION files in the chapter ‘Creating R
    packages’ of the ‘Writing R Extensions’ manual.
Flavor: r-release-osx-x86_64-mavericks