CRAN Package Check Results for Package tdm

Last updated on 2014-07-22 08:47:18.

Flavor Version Tinstall Tcheck Ttotal Status Flags
r-devel-linux-x86_64-debian-clang 3.0.2 3.32 55.84 59.16 OK
r-devel-linux-x86_64-debian-gcc 3.0.2 3.01 56.56 59.58 OK
r-devel-linux-x86_64-fedora-clang 3.0.2 113.27 OK
r-devel-linux-x86_64-fedora-gcc 3.0.2 109.10 OK
r-devel-osx-x86_64-clang 3.0.2 96.54 OK
r-devel-windows-ix86+x86_64 3.0.2 10.00 81.00 91.00 OK
r-patched-linux-x86_64 3.0.2 3.02 57.13 60.15 OK
r-patched-solaris-sparc 3.0.2 638.80 OK
r-patched-solaris-x86 3.0.2 157.50 OK
r-release-linux-ix86 3.0.2 3.56 72.11 75.68 OK
r-release-linux-x86_64 3.0.2 2.99 57.28 60.28 OK
r-release-osx-x86_64-mavericks 3.0.2 ERROR
r-release-osx-x86_64-snowleopard 3.0.2 OK
r-release-windows-ix86+x86_64 3.0.2 7.00 83.00 90.00 OK
r-oldrel-windows-ix86+x86_64 3.0.2 7.00 82.00 89.00 OK

Check Details

Version: 3.0.2
Check: package dependencies
Result: ERROR
    Package required but not available: ‘rjags’
    
    See the information on DESCRIPTION files in the chapter ‘Creating R
    packages’ of the ‘Writing R Extensions’ manual.
Flavor: r-release-osx-x86_64-mavericks