CRAN Package Check Results for Package tdm

Last updated on 2014-08-29 11:55:04.

Flavor Version Tinstall Tcheck Ttotal Status Flags
r-devel-linux-x86_64-debian-clang 3.0.2 2.92 55.00 57.92 OK
r-devel-linux-x86_64-debian-gcc 3.0.2 3.03 54.54 57.58 OK
r-devel-linux-x86_64-fedora-clang 3.0.2 106.71 OK
r-devel-linux-x86_64-fedora-gcc 3.0.2 107.65 OK
r-devel-osx-x86_64-clang 3.0.2 90.44 OK
r-devel-windows-ix86+x86_64 3.0.2 10.00 79.00 89.00 OK
r-patched-linux-x86_64 3.0.2 2.84 54.97 57.81 OK
r-patched-solaris-sparc 3.0.2 711.00 OK
r-patched-solaris-x86 3.0.2 155.70 OK
r-release-linux-ix86 3.0.2 3.63 71.77 75.40 OK
r-release-linux-x86_64 3.0.2 2.83 56.46 59.30 OK
r-release-osx-x86_64-mavericks 3.0.2 ERROR
r-release-osx-x86_64-snowleopard 3.0.2 OK
r-release-windows-ix86+x86_64 3.0.2 7.00 81.00 88.00 OK
r-oldrel-windows-ix86+x86_64 3.0.2 8.00 86.00 94.00 OK

Check Details

Version: 3.0.2
Check: package dependencies
Result: ERROR
    Package required but not available: ‘rjags’
    
    See the information on DESCRIPTION files in the chapter ‘Creating R
    packages’ of the ‘Writing R Extensions’ manual.
Flavor: r-release-osx-x86_64-mavericks