CRAN Package Check Results for Package tdm

Last updated on 2014-09-02 15:49:09.

Flavor Version Tinstall Tcheck Ttotal Status Flags
r-devel-linux-x86_64-debian-clang 3.0.2 2.93 55.65 58.58 OK
r-devel-linux-x86_64-debian-gcc 3.0.2 2.83 54.47 57.30 OK
r-devel-linux-x86_64-fedora-clang 3.0.2 110.73 OK
r-devel-linux-x86_64-fedora-gcc 3.0.2 103.86 OK
r-devel-osx-x86_64-clang 3.0.2 89.80 OK
r-devel-windows-ix86+x86_64 3.0.2 10.00 80.00 90.00 OK
r-patched-linux-x86_64 3.0.2 3.20 56.21 59.41 OK
r-patched-solaris-sparc 3.0.2 711.00 OK
r-patched-solaris-x86 3.0.2 159.30 OK
r-release-linux-ix86 3.0.2 3.58 73.38 76.96 OK
r-release-linux-x86_64 3.0.2 2.91 57.01 59.92 OK
r-release-osx-x86_64-mavericks 3.0.2 ERROR
r-release-osx-x86_64-snowleopard 3.0.2 OK
r-release-windows-ix86+x86_64 3.0.2 7.00 83.00 90.00 OK
r-oldrel-windows-ix86+x86_64 3.0.2 9.00 88.00 97.00 OK

Check Details

Version: 3.0.2
Check: package dependencies
Result: ERROR
    Package required but not available: ‘rjags’
    
    See the information on DESCRIPTION files in the chapter ‘Creating R
    packages’ of the ‘Writing R Extensions’ manual.
Flavor: r-release-osx-x86_64-mavericks