Last updated on 2022-07-06 03:52:28 CEST.
Flavor | Version | Tinstall | Tcheck | Ttotal | Status | Flags |
---|---|---|---|---|---|---|
r-devel-linux-x86_64-debian-clang | 1.0.8 | 229.34 | 107.86 | 337.20 | NOTE | |
r-devel-linux-x86_64-debian-gcc | 1.0.8 | 191.73 | 77.96 | 269.69 | NOTE | |
r-devel-linux-x86_64-fedora-clang | 1.0.8 | 535.69 | NOTE | |||
r-devel-linux-x86_64-fedora-gcc | 1.0.8 | 453.64 | NOTE | |||
r-devel-windows-x86_64 | 1.0.8 | 730.00 | 166.00 | 896.00 | NOTE | |
r-patched-linux-x86_64 | 1.0.8 | 210.33 | 101.82 | 312.15 | NOTE | |
r-release-linux-x86_64 | 1.0.8 | 168.51 | 102.83 | 271.34 | NOTE | |
r-release-macos-arm64 | 1.0.8 | 109.00 | NOTE | |||
r-release-macos-x86_64 | 1.0.8 | 172.00 | NOTE | |||
r-release-windows-x86_64 | 1.0.8 | 584.00 | 143.00 | 727.00 | NOTE | |
r-oldrel-macos-arm64 | 1.0.8 | 112.00 | NOTE | |||
r-oldrel-macos-x86_64 | 1.0.8 | 180.00 | NOTE | |||
r-oldrel-windows-ix86+x86_64 | 1.0.8 | 595.00 | 179.00 | 774.00 | NOTE |
Version: 1.0.8
Check: LazyData
Result: NOTE
'LazyData' is specified without a 'data' directory
Flavors: r-devel-linux-x86_64-debian-clang, r-devel-linux-x86_64-debian-gcc, r-devel-linux-x86_64-fedora-clang, r-devel-linux-x86_64-fedora-gcc, r-devel-windows-x86_64, r-patched-linux-x86_64, r-release-linux-x86_64, r-release-macos-arm64, r-release-macos-x86_64, r-release-windows-x86_64, r-oldrel-macos-arm64, r-oldrel-macos-x86_64, r-oldrel-windows-ix86+x86_64
Version: 1.0.8
Check: installed package size
Result: NOTE
installed size is 13.4Mb
sub-directories of 1Mb or more:
apps 3.2Mb
libs 8.2Mb
Flavors: r-devel-linux-x86_64-fedora-clang, r-release-macos-arm64, r-release-macos-x86_64, r-oldrel-macos-arm64, r-oldrel-macos-x86_64, r-oldrel-windows-ix86+x86_64