CRAN Package Check Results for Package teal.logger

Last updated on 2024-06-14 05:00:38 CEST.

Flavor Version Tinstall Tcheck Ttotal Status Flags
r-devel-linux-x86_64-debian-clang 0.2.0 3.91 47.86 51.77 OK
r-devel-linux-x86_64-debian-gcc 0.2.0 3.23 35.45 38.68 ERROR
r-devel-linux-x86_64-fedora-clang 0.2.0 72.09 OK
r-devel-linux-x86_64-fedora-gcc 0.2.0 74.73 OK
r-devel-windows-x86_64 0.2.0 5.00 58.00 63.00 OK
r-patched-linux-x86_64 0.2.0 3.45 47.61 51.06 OK
r-release-linux-x86_64 0.2.0 4.48 46.44 50.92 OK
r-release-macos-arm64 0.2.0 28.00 OK
r-release-macos-x86_64 0.2.0 44.00 OK
r-release-windows-x86_64 0.2.0 4.00 58.00 62.00 OK
r-oldrel-macos-arm64 0.2.0 33.00 OK
r-oldrel-macos-x86_64 0.2.0 65.00 OK
r-oldrel-windows-x86_64 0.2.0 6.00 61.00 67.00 OK

Check Details

Version: 0.2.0
Check: package dependencies
Result: NOTE Package suggested but not available for checking: ‘testthat’ Flavor: r-devel-linux-x86_64-debian-gcc

Version: 0.2.0
Check: examples
Result: ERROR Running examples in ‘teal.logger-Ex.R’ failed The error most likely occurred in: > base::assign(".ptime", proc.time(), pos = "CheckExEnv") > ### Name: suppress_logs > ### Title: Suppress logger logs > ### Aliases: suppress_logs > > ### ** Examples > > testthat::test_that("An example test", { + suppress_logs() + testthat::expect_true(TRUE) + }) Error in loadNamespace(x) : there is no package called ‘testthat’ Calls: loadNamespace -> withRestarts -> withOneRestart -> doWithOneRestart Execution halted Flavor: r-devel-linux-x86_64-debian-gcc

Version: 0.2.0
Check: tests
Result: ERROR Running ‘testthat.R’ [1s/1s] Running the tests in ‘tests/testthat.R’ failed. Complete output: > pkg_name <- "teal.logger" > library(pkg_name, character.only = TRUE) > testthat::test_check(pkg_name) Error in loadNamespace(x) : there is no package called 'testthat' Calls: loadNamespace -> withRestarts -> withOneRestart -> doWithOneRestart Execution halted Flavor: r-devel-linux-x86_64-debian-gcc