CRAN Package Check Results for Package teigen

Last updated on 2017-03-27 06:48:42.

Flavor Version Tinstall Tcheck Ttotal Status Flags
r-devel-linux-x86_64-debian-clang 2.2.0 1.28 24.01 25.29 NOTE
r-devel-linux-x86_64-debian-gcc 2.2.0 1.09 22.70 23.80 NOTE
r-devel-linux-x86_64-fedora-clang 2.2.0 37.04 NOTE --no-stop-on-test-error
r-devel-linux-x86_64-fedora-gcc 2.2.0 35.11 NOTE --no-stop-on-test-error
r-devel-macos-x86_64-clang 2.2.0 30.56 NOTE --no-stop-on-test-error
r-devel-windows-ix86+x86_64 2.2.0 7.00 56.00 63.00 OK
r-patched-linux-x86_64 2.2.0 1.04 22.07 23.11 NOTE
r-patched-solaris-sparc 2.2.0 260.40 OK
r-patched-solaris-x86 2.2.0 56.20 OK
r-release-linux-x86_64 2.2.0 1.18 17.89 19.07 OK
r-release-osx-x86_64-mavericks 2.2.0 OK
r-release-windows-ix86+x86_64 2.2.0 7.00 51.00 58.00 OK
r-oldrel-windows-ix86+x86_64 2.2.0 9.00 51.00 60.00 OK

Check Details

Version: 2.2.0
Check: compiled code
Result: NOTE
    File ‘teigen/libs/teigen.so’:
     Found no calls to: ‘R_registerRoutines’, ‘R_useDynamicSymbols’
    
    It is good practice to register native routines and to disable symbol
    search.
    
    See ‘Writing portable packages’ in the ‘Writing R Extensions’ manual.
Flavors: r-devel-linux-x86_64-debian-clang, r-devel-linux-x86_64-debian-gcc, r-patched-linux-x86_64

Version: 2.2.0
Flags: --no-stop-on-test-error
Check: compiled code
Result: NOTE
    File ‘teigen/libs/teigen.so’:
     Found no calls to: ‘R_registerRoutines’, ‘R_useDynamicSymbols’
    
    It is good practice to register native routines and to disable symbol
    search.
    
    See ‘Writing portable packages’ in the ‘Writing R Extensions’ manual.
Flavors: r-devel-linux-x86_64-fedora-clang, r-devel-linux-x86_64-fedora-gcc, r-devel-macos-x86_64-clang