CRAN Package Check Results for Package teigen

Last updated on 2017-06-26 22:46:59.

Flavor Version Tinstall Tcheck Ttotal Status Flags
r-devel-linux-x86_64-debian-clang 2.2.0 1.26 22.98 24.24 NOTE
r-devel-linux-x86_64-debian-gcc 2.2.0 3.18 20.05 23.23 NOTE
r-devel-linux-x86_64-fedora-clang 2.2.0 38.18 NOTE
r-devel-linux-x86_64-fedora-gcc 2.2.0 35.21 NOTE
r-devel-windows-ix86+x86_64 2.2.0 8.00 53.00 61.00 OK
r-patched-linux-x86_64 2.2.0 1.29 22.46 23.75 NOTE
r-patched-solaris-sparc 2.2.0 260.40 OK
r-patched-solaris-x86 2.2.0 53.10 OK
r-release-linux-x86_64 2.2.0 1.23 22.69 23.92 NOTE
r-release-windows-ix86+x86_64 2.2.0 6.00 52.00 58.00 OK
r-release-osx-x86_64 2.2.0 OK
r-oldrel-windows-ix86+x86_64 2.2.0 7.00 51.00 58.00 OK
r-oldrel-osx-x86_64 2.2.0 OK

Check Details

Version: 2.2.0
Check: compiled code
Result: NOTE
    File ‘teigen/libs/teigen.so’:
     Found no calls to: ‘R_registerRoutines’, ‘R_useDynamicSymbols’
    
    It is good practice to register native routines and to disable symbol
    search.
    
    See ‘Writing portable packages’ in the ‘Writing R Extensions’ manual.
Flavors: r-devel-linux-x86_64-debian-clang, r-devel-linux-x86_64-debian-gcc, r-devel-linux-x86_64-fedora-clang, r-devel-linux-x86_64-fedora-gcc, r-patched-linux-x86_64, r-release-linux-x86_64