CRAN Package Check Results for Package teigen

Last updated on 2017-08-21 05:48:32.

Flavor Version Tinstall Tcheck Ttotal Status Flags
r-devel-linux-x86_64-debian-clang 2.2.0 1.25 23.43 24.68 NOTE
r-devel-linux-x86_64-debian-gcc 2.2.0 1.20 22.53 23.73 NOTE
r-devel-linux-x86_64-fedora-clang 2.2.0 36.23 NOTE
r-devel-linux-x86_64-fedora-gcc 2.2.0 35.12 NOTE
r-devel-windows-ix86+x86_64 2.2.0 6.00 52.00 58.00 OK
r-patched-linux-x86_64 2.2.0 1.18 22.68 23.86 NOTE
r-patched-solaris-x86 2.2.0 53.90 OK
r-release-linux-x86_64 2.2.0 1.10 23.02 24.12 NOTE
r-release-windows-ix86+x86_64 2.2.0 7.00 55.00 62.00 OK
r-release-osx-x86_64 2.2.0 OK
r-oldrel-windows-ix86+x86_64 2.2.0 7.00 51.00 58.00 OK
r-oldrel-osx-x86_64 2.2.0 OK

Check Details

Version: 2.2.0
Check: compiled code
Result: NOTE
    File ‘teigen/libs/teigen.so’:
     Found no calls to: ‘R_registerRoutines’, ‘R_useDynamicSymbols’
    
    It is good practice to register native routines and to disable symbol
    search.
    
    See ‘Writing portable packages’ in the ‘Writing R Extensions’ manual.
Flavors: r-devel-linux-x86_64-debian-clang, r-devel-linux-x86_64-debian-gcc, r-devel-linux-x86_64-fedora-clang, r-devel-linux-x86_64-fedora-gcc, r-patched-linux-x86_64, r-release-linux-x86_64