CRAN Package Check Results for Package teigen

Last updated on 2017-02-25 03:48:45.

Flavor Version Tinstall Tcheck Ttotal Status Flags
r-devel-linux-x86_64-debian-clang 2.2.0 1.19 23.26 24.45 NOTE
r-devel-linux-x86_64-debian-gcc 2.2.0 1.12 22.83 23.95 NOTE
r-devel-linux-x86_64-fedora-clang 2.2.0 37.71 NOTE --no-stop-on-test-error
r-devel-linux-x86_64-fedora-gcc 2.2.0 35.17 NOTE --no-stop-on-test-error
r-devel-macos-x86_64-clang 2.2.0 31.46 NOTE --no-stop-on-test-error
r-devel-windows-ix86+x86_64 2.2.0 5.00 53.00 58.00 OK
r-patched-linux-x86_64 2.2.0 1.31 19.08 20.39 OK
r-patched-solaris-sparc 2.2.0 207.70 OK
r-patched-solaris-x86 2.2.0 45.30 OK
r-release-linux-x86_64 2.2.0 1.02 17.64 18.66 OK
r-release-osx-x86_64-mavericks 2.2.0 OK
r-release-windows-ix86+x86_64 2.2.0 7.00 51.00 58.00 OK
r-oldrel-windows-ix86+x86_64 2.2.0 9.00 51.00 60.00 OK

Check Details

Version: 2.2.0
Check: compiled code
Result: NOTE
    File ‘teigen/libs/teigen.so’:
     Found no calls to: ‘R_registerRoutines’, ‘R_useDynamicSymbols’
    
    It is good practice to register native routines and to disable symbol
    search.
    
    See ‘Writing portable packages’ in the ‘Writing R Extensions’ manual.
Flavors: r-devel-linux-x86_64-debian-clang, r-devel-linux-x86_64-debian-gcc

Version: 2.2.0
Flags: --no-stop-on-test-error
Check: compiled code
Result: NOTE
    File ‘teigen/libs/teigen.so’:
     Found no calls to: ‘R_registerRoutines’, ‘R_useDynamicSymbols’
    
    It is good practice to register native routines and to disable symbol
    search.
    
    See ‘Writing portable packages’ in the ‘Writing R Extensions’ manual.
Flavors: r-devel-linux-x86_64-fedora-clang, r-devel-linux-x86_64-fedora-gcc, r-devel-macos-x86_64-clang