CRAN Package Check Results for Package teigen

Last updated on 2018-01-18 14:47:50 CET.

Flavor Version Tinstall Tcheck Ttotal Status Flags
r-devel-linux-x86_64-debian-clang 2.2.0 1.52 30.24 31.76 NOTE
r-devel-linux-x86_64-debian-gcc 2.2.0 1.09 27.03 28.12 NOTE
r-devel-linux-x86_64-fedora-clang 2.2.0 38.85 NOTE
r-devel-linux-x86_64-fedora-gcc 2.2.0 36.54 NOTE
r-devel-windows-ix86+x86_64 2.2.0 7.00 78.00 85.00 OK
r-patched-linux-x86_64 2.2.0 1.43 31.37 32.80 NOTE
r-patched-solaris-x86 2.2.0 60.10 OK
r-release-linux-x86_64 2.2.0 1.23 31.24 32.47 NOTE
r-release-windows-ix86+x86_64 2.2.0 7.00 55.00 62.00 OK
r-release-osx-x86_64 2.2.0 OK
r-oldrel-windows-ix86+x86_64 2.2.0 7.00 51.00 58.00 OK
r-oldrel-osx-x86_64 2.2.0 OK

Check Details

Version: 2.2.0
Check: compiled code
Result: NOTE
    File ‘teigen/libs/teigen.so’:
     Found no calls to: ‘R_registerRoutines’, ‘R_useDynamicSymbols’
    
    It is good practice to register native routines and to disable symbol
    search.
    
    See ‘Writing portable packages’ in the ‘Writing R Extensions’ manual.
Flavors: r-devel-linux-x86_64-debian-clang, r-devel-linux-x86_64-debian-gcc, r-devel-linux-x86_64-fedora-clang, r-devel-linux-x86_64-fedora-gcc, r-patched-linux-x86_64, r-release-linux-x86_64