CRAN Package Check Results for Package teigen

Last updated on 2017-04-29 08:49:19.

Flavor Version Tinstall Tcheck Ttotal Status Flags
r-devel-linux-x86_64-debian-clang 2.2.0 1.44 23.94 25.37 NOTE
r-devel-linux-x86_64-debian-gcc 2.2.0 1.08 22.37 23.46 NOTE
r-devel-linux-x86_64-fedora-clang 2.2.0 40.05 NOTE --no-stop-on-test-error
r-devel-linux-x86_64-fedora-gcc 2.2.0 34.77 NOTE --no-stop-on-test-error
r-devel-windows-ix86+x86_64 2.2.0 10.00 58.00 68.00 OK
r-patched-linux-x86_64 2.2.0 1.22 22.54 23.76 NOTE
r-patched-solaris-sparc 2.2.0 260.40 OK
r-patched-solaris-x86 2.2.0 55.50 OK
r-release-linux-x86_64 2.2.0 1.07 22.14 23.21 NOTE
r-release-windows-ix86+x86_64 2.2.0 6.00 52.00 58.00 OK
r-release-osx-x86_64 2.2.0 OK
r-oldrel-windows-ix86+x86_64 2.2.0 7.00 51.00 58.00 OK
r-oldrel-osx-x86_64 2.2.0 OK

Check Details

Version: 2.2.0
Check: compiled code
Result: NOTE
    File ‘teigen/libs/teigen.so’:
     Found no calls to: ‘R_registerRoutines’, ‘R_useDynamicSymbols’
    
    It is good practice to register native routines and to disable symbol
    search.
    
    See ‘Writing portable packages’ in the ‘Writing R Extensions’ manual.
Flavors: r-devel-linux-x86_64-debian-clang, r-devel-linux-x86_64-debian-gcc, r-patched-linux-x86_64, r-release-linux-x86_64

Version: 2.2.0
Flags: --no-stop-on-test-error
Check: compiled code
Result: NOTE
    File ‘teigen/libs/teigen.so’:
     Found no calls to: ‘R_registerRoutines’, ‘R_useDynamicSymbols’
    
    It is good practice to register native routines and to disable symbol
    search.
    
    See ‘Writing portable packages’ in the ‘Writing R Extensions’ manual.
Flavors: r-devel-linux-x86_64-fedora-clang, r-devel-linux-x86_64-fedora-gcc