CRAN Package Check Results for Package teigen

Last updated on 2014-04-21 12:43:28.

Flavor Version Tinstall Tcheck Ttotal Status Flags
r-devel-linux-x86_64-debian-clang 2.0.1 0.71 19.43 20.14 OK
r-devel-linux-x86_64-debian-gcc 2.0.1 0.72 19.90 20.62 OK
r-devel-linux-x86_64-fedora-clang 2.0.1 33.69 OK
r-devel-linux-x86_64-fedora-gcc 2.0.1 31.54 OK
r-devel-osx-x86_64-clang 2.0.1 36.28 OK
r-devel-osx-x86_64-gcc 2.0.1 OK
r-devel-windows-ix86+x86_64 2.0.1 2.00 30.00 32.00 OK
r-patched-linux-x86_64 2.0.1 0.71 19.40 20.10 OK
r-patched-solaris-sparc 2.0.1 228.40 OK
r-patched-solaris-x86 2.0.1 55.20 OK
r-release-linux-x86_64 2.0.1 0.73 19.76 20.50 OK
r-release-osx-x86_64-mavericks 2.0.1 WARN
r-release-windows-ix86+x86_64 2.0.1 4.00 29.00 33.00 OK
r-oldrel-windows-ix86+x86_64 2.0.1 2.00 31.00 33.00 OK

Check Details

Version: 2.0.1
Check: PDF version of manual
Result: WARNING
    LaTeX errors when creating PDF version.
    This typically indicates Rd problems.
    LaTeX errors found:
    ! LaTeX Error: File `upquote.sty' not found.
    
    Type X to quit or <RETURN> to proceed,
    or enter new name. (Default extension: sty)
    
    34b357f/Rd2.tex:8: ==> Fatal error occurred, no output PDF file produced!
Flavor: r-release-osx-x86_64-mavericks