CRAN Package Check Results for Package tempdisagg

Last updated on 2016-06-26 06:47:20.

Flavor Version Tinstall Tcheck Ttotal Status Flags
r-devel-linux-x86_64-debian-gcc 0.24.0 0.60 11.71 12.31 NOTE
r-devel-linux-x86_64-fedora-clang 0.24.0 20.73 NOTE
r-devel-linux-x86_64-fedora-gcc 0.24.0 17.88 NOTE
r-devel-osx-x86_64-clang 0.24.0 17.43 NOTE
r-devel-windows-ix86+x86_64 0.24.0 2.00 27.00 29.00 NOTE
r-patched-linux-x86_64 0.24.0 0.72 11.53 12.25 NOTE
r-patched-solaris-sparc 0.24.0 125.30 NOTE
r-patched-solaris-x86 0.24.0 29.10 NOTE
r-release-linux-x86_64 0.24.0 0.61 11.72 12.33 NOTE
r-release-osx-x86_64-mavericks 0.24.0 NOTE
r-release-windows-ix86+x86_64 0.24.0 2.00 35.00 37.00 NOTE
r-oldrel-windows-ix86+x86_64 0.24.0 3.00 31.00 34.00 OK

Check Details

Version: 0.24.0
Check: R code for possible problems
Result: NOTE
    SubAggregation: no visible global function definition for ‘tail’
    plot.td: no visible global function definition for ‘par’
    plot.td: no visible global function definition for ‘grid’
    plot.td: no visible global function definition for ‘mtext’
    Undefined global functions or variables:
     grid mtext par tail
    Consider adding
     importFrom("graphics", "grid", "mtext", "par")
     importFrom("utils", "tail")
    to your NAMESPACE file.
Flavors: r-devel-linux-x86_64-debian-gcc, r-devel-linux-x86_64-fedora-clang, r-devel-linux-x86_64-fedora-gcc, r-devel-osx-x86_64-clang, r-devel-windows-ix86+x86_64, r-patched-linux-x86_64, r-patched-solaris-sparc, r-patched-solaris-x86, r-release-linux-x86_64, r-release-osx-x86_64-mavericks, r-release-windows-ix86+x86_64