CRAN Package Check Results for Package tempdisagg

Last updated on 2016-02-07 03:50:54.

Flavor Version Tinstall Tcheck Ttotal Status Flags
r-devel-linux-x86_64-debian-gcc 0.24.0 0.56 12.59 13.15 NOTE
r-devel-linux-x86_64-fedora-clang 0.24.0 18.92 NOTE
r-devel-linux-x86_64-fedora-gcc 0.24.0 18.09 NOTE
r-devel-osx-x86_64-clang 0.24.0 24.34 NOTE
r-devel-windows-ix86+x86_64 0.24.0 4.00 25.00 29.00 NOTE
r-patched-linux-x86_64 0.24.0 0.72 11.75 12.48 OK
r-patched-solaris-sparc 0.24.0 125.00 OK
r-patched-solaris-x86 0.24.0 29.80 OK
r-release-linux-x86_64 0.24.0 0.63 11.49 12.11 OK
r-release-osx-x86_64-mavericks 0.24.0 OK
r-release-windows-ix86+x86_64 0.24.0 3.00 31.00 34.00 OK
r-oldrel-windows-ix86+x86_64 0.24.0 4.00 20.00 24.00 OK

Check Details

Version: 0.24.0
Check: R code for possible problems
Result: NOTE
    SubAggregation: no visible global function definition for ‘tail’
    plot.td: no visible global function definition for ‘par’
    plot.td: no visible global function definition for ‘grid’
    plot.td: no visible global function definition for ‘mtext’
    Undefined global functions or variables:
     grid mtext par tail
    Consider adding
     importFrom("graphics", "grid", "mtext", "par")
     importFrom("utils", "tail")
    to your NAMESPACE file.
Flavors: r-devel-linux-x86_64-debian-gcc, r-devel-linux-x86_64-fedora-clang, r-devel-linux-x86_64-fedora-gcc, r-devel-osx-x86_64-clang, r-devel-windows-ix86+x86_64