CRAN Package Check Results for Package tempdisagg

Last updated on 2014-04-24 09:49:12.

Flavor Version Tinstall Tcheck Ttotal Status Flags
r-devel-linux-x86_64-debian-clang 0.23 0.63 12.12 12.75 OK
r-devel-linux-x86_64-debian-gcc 0.23 0.68 12.73 13.41 OK
r-devel-linux-x86_64-fedora-clang 0.23 23.75 OK
r-devel-linux-x86_64-fedora-gcc 0.23 22.89 OK
r-devel-osx-x86_64-clang 0.23 25.79 OK
r-devel-osx-x86_64-gcc 0.23 OK
r-devel-windows-ix86+x86_64 0.23 2.00 18.00 20.00 OK
r-patched-linux-x86_64 0.23 0.63 12.28 12.90 OK
r-patched-solaris-sparc 0.23 134.30 OK
r-patched-solaris-x86 0.23 36.20 OK
r-release-linux-ix86 0.23 1.00 25.00 26.00 OK
r-release-linux-x86_64 0.23 0.62 11.50 12.12 OK
r-release-osx-x86_64-mavericks 0.23 WARN
r-release-osx-x86_64-snowleopard 0.23 OK
r-release-windows-ix86+x86_64 0.23 4.00 18.00 22.00 OK
r-oldrel-windows-ix86+x86_64 0.23 2.00 19.00 21.00 OK

Check Details

Version: 0.23
Check: PDF version of manual
Result: WARNING
    LaTeX errors when creating PDF version.
    This typically indicates Rd problems.
    LaTeX errors found:
    ! LaTeX Error: File `upquote.sty' not found.
    
    Type X to quit or <RETURN> to proceed,
    or enter new name. (Default extension: sty)
    
    c60c4df/Rd2.tex:8: ==> Fatal error occurred, no output PDF file produced!
Flavor: r-release-osx-x86_64-mavericks