CRAN Package Check Results for Package tempdisagg

Last updated on 2015-08-29 13:48:31.

Flavor Version Tinstall Tcheck Ttotal Status Flags
r-devel-linux-x86_64-debian-clang 0.24.0 0.52 10.52 11.04 NOTE
r-devel-linux-x86_64-debian-gcc 0.24.0 0.54 10.52 11.06 NOTE
r-devel-linux-x86_64-fedora-clang 0.24.0 20.70 NOTE
r-devel-linux-x86_64-fedora-gcc 0.24.0 19.73 NOTE
r-devel-osx-x86_64-clang 0.24.0 20.58 OK
r-devel-windows-ix86+x86_64 0.24.0 4.00 26.00 30.00 NOTE
r-patched-linux-x86_64 0.24.0 0.58 10.70 11.28 OK
r-patched-solaris-sparc 0.24.0 146.80 OK
r-patched-solaris-x86 0.24.0 33.40 OK
r-release-linux-x86_64 0.24.0 0.64 11.71 12.35 OK
r-release-osx-x86_64-mavericks 0.24.0 OK
r-release-windows-ix86+x86_64 0.24.0 4.00 19.00 23.00 OK
r-oldrel-windows-ix86+x86_64 0.24.0 4.00 20.00 24.00 OK

Check Details

Version: 0.24.0
Check: R code for possible problems
Result: NOTE
    SubAggregation: no visible global function definition for ‘tail’
    plot.td: no visible global function definition for ‘par’
    plot.td: no visible global function definition for ‘grid’
    plot.td: no visible global function definition for ‘mtext’
    Undefined global functions or variables:
     grid mtext par tail
    Consider adding
     importFrom("graphics", "grid", "mtext", "par")
     importFrom("utils", "tail")
    to your NAMESPACE.
Flavors: r-devel-linux-x86_64-debian-clang, r-devel-linux-x86_64-debian-gcc, r-devel-linux-x86_64-fedora-clang, r-devel-linux-x86_64-fedora-gcc, r-devel-windows-ix86+x86_64