CRAN Package Check Results for Package tempdisagg

Last updated on 2015-07-05 17:47:52.

Flavor Version Tinstall Tcheck Ttotal Status Flags
r-devel-linux-x86_64-debian-clang 0.24.0 0.71 10.90 11.61 NOTE
r-devel-linux-x86_64-debian-gcc 0.24.0 0.69 10.98 11.67 NOTE
r-devel-linux-x86_64-fedora-clang 0.24.0 20.30 NOTE
r-devel-linux-x86_64-fedora-gcc 0.24.0 20.44 NOTE
r-devel-osx-x86_64-clang 0.24.0 19.79 OK
r-devel-windows-ix86+x86_64 0.24.0 2.00 19.00 21.00 NOTE
r-patched-linux-x86_64 0.24.0 0.57 10.95 11.52 OK
r-patched-solaris-sparc 0.24.0 136.70 OK
r-patched-solaris-x86 0.24.0 32.30 OK
r-release-linux-x86_64 0.24.0 0.56 11.59 12.16 OK
r-release-osx-x86_64-mavericks 0.24.0 OK
r-release-windows-ix86+x86_64 0.24.0 2.00 18.00 20.00 OK
r-oldrel-windows-ix86+x86_64 0.24.0 4.00 20.00 24.00 OK

Check Details

Version: 0.24.0
Check: R code for possible problems
Result: NOTE
    SubAggregation: no visible global function definition for ‘tail’
    plot.td: no visible global function definition for ‘par’
    plot.td: no visible global function definition for ‘grid’
    plot.td: no visible global function definition for ‘mtext’
    Undefined global functions or variables:
     grid mtext par tail
Flavors: r-devel-linux-x86_64-debian-clang, r-devel-linux-x86_64-debian-gcc, r-devel-linux-x86_64-fedora-clang, r-devel-linux-x86_64-fedora-gcc, r-devel-windows-ix86+x86_64