Last updated on 2023-11-28 10:53:44 CET.
Flavor | Version | Tinstall | Tcheck | Ttotal | Status | Flags |
---|---|---|---|---|---|---|
r-devel-linux-x86_64-debian-clang | 0.6.2 | 61.77 | 142.38 | 204.15 | NOTE | |
r-devel-linux-x86_64-debian-gcc | 0.6.2 | 44.76 | 107.94 | 152.70 | NOTE | |
r-devel-linux-x86_64-fedora-clang | 0.6.2 | 259.02 | OK | |||
r-devel-linux-x86_64-fedora-gcc | 0.6.2 | 139.72 | OK | |||
r-devel-windows-x86_64 | 0.6.2 | 44.00 | 138.00 | 182.00 | NOTE | |
r-patched-linux-x86_64 | 0.6.2 | 42.51 | 138.30 | 180.81 | NOTE | |
r-release-linux-x86_64 | 0.6.2 | 38.21 | 138.94 | 177.15 | NOTE | |
r-release-macos-arm64 | 0.6.2 | 66.00 | NOTE | |||
r-release-macos-x86_64 | 0.6.2 | 101.00 | NOTE | |||
r-release-windows-x86_64 | 0.6.2 | 58.00 | 166.00 | 224.00 | NOTE | |
r-oldrel-macos-arm64 | 0.6.2 | 50.00 | NOTE | |||
r-oldrel-macos-x86_64 | 0.6.2 | 77.00 | NOTE | |||
r-oldrel-windows-x86_64 | 0.6.2 | 55.00 | 153.00 | 208.00 | NOTE |
Version: 0.6.2
Check: package dependencies
Result: NOTE
Package suggested but not available for checking: ‘INLA’
Flavors: r-devel-linux-x86_64-debian-clang, r-devel-linux-x86_64-debian-gcc, r-devel-windows-x86_64, r-patched-linux-x86_64, r-release-linux-x86_64, r-release-macos-arm64, r-release-macos-x86_64, r-release-windows-x86_64, r-oldrel-macos-arm64, r-oldrel-macos-x86_64, r-oldrel-windows-x86_64
Version: 0.6.2
Check: Rd files
Result: NOTE
checkRd: (-1) estimate_template.Rd:238: Lost braces; missing escapes or markup?
238 | the type of scaling and detrending performed; the {dat_struct} which can be
| ^
checkRd: (-1) make_mask.Rd:15: Lost braces; missing escapes or markup?
15 | {varTol}.}
| ^
Flavors: r-devel-linux-x86_64-debian-clang, r-devel-linux-x86_64-debian-gcc
Version: 0.6.2
Check: installed package size
Result: NOTE
installed size is 11.0Mb
sub-directories of 1Mb or more:
libs 10.5Mb
Flavors: r-release-macos-arm64, r-release-macos-x86_64, r-oldrel-macos-arm64, r-oldrel-macos-x86_64