CRAN Package Check Results for Package tensorA

Last updated on 2014-04-18 11:47:27.

Flavor Version Tinstall Tcheck Ttotal Status Flags
r-devel-linux-x86_64-debian-clang 0.36 1.20 17.79 18.99 NOTE
r-devel-linux-x86_64-debian-gcc NOTE
r-devel-linux-x86_64-fedora-clang 0.36 36.60 NOTE
r-devel-linux-x86_64-fedora-gcc 0.36 35.32 NOTE
r-devel-macosx-x86_64-clang 0.36 37.03 NOTE
r-devel-macosx-x86_64-gcc 0.36 NOTE
r-devel-windows-ix86+x86_64 0.36 6.00 36.00 42.00 NOTE
r-patched-linux-x86_64 0.36 1.19 17.58 18.78 NOTE
r-patched-solaris-sparc 0.36 208.30 NOTE
r-patched-solaris-x86 0.36 52.60 NOTE
r-release-linux-ix86 0.36 4.00 36.00 40.00 NOTE
r-release-linux-x86_64 0.36 1.20 18.05 19.25 NOTE
r-release-windows-ix86+x86_64 0.36 11.00 33.00 44.00 NOTE
r-oldrel-windows-ix86+x86_64 0.36 6.00 38.00 44.00 NOTE

Check Details

Version: 0.36
Check: foreign function calls
Result: NOTE
    Calls with DUP = FALSE:
     .C(tensoraCmulhelper, dimx = as.integer(c(outerx, inner, para)),
     as.integer(c(inner, outery, para)), as.integer(c(outerx,
     outery, para)), as.complex(X[xtidx]), as.complex(Y[ytidx]),
     erg = complex(outerx * outery * para), NAOK = TRUE, DUP = FALSE)
     .C(tensoramulhelper, dimx = as.integer(c(outerx, inner, para)),
     as.integer(c(inner, outery, para)), as.integer(c(outerx,
     outery, para)), as.numeric(X[xtidx]), as.numeric(Y[ytidx]),
     erg = numeric(outerx * outery * para), NAOK = TRUE, DUP = FALSE)
    DUP = FALSE is deprecated and may be disabled in future versions of R.
Flavors: r-devel-linux-x86_64-debian-clang, r-devel-linux-x86_64-debian-gcc, r-devel-linux-x86_64-fedora-clang, r-devel-linux-x86_64-fedora-gcc, r-devel-macosx-x86_64-clang, r-devel-macosx-x86_64-gcc, r-devel-windows-ix86+x86_64, r-patched-linux-x86_64, r-patched-solaris-sparc, r-patched-solaris-x86, r-release-linux-ix86, r-release-linux-x86_64, r-release-windows-ix86+x86_64

Version: 0.36
Check: Rd \usage sections
Result: NOTE
    S3 methods shown with full name in documentation object 'mean.tensor':
     ‘mean.tensor’
    
    S3 methods shown with full name in documentation object 'solve.tensor':
     ‘solve.tensor’
    
    The \usage entries for S3 methods should use the \method markup and not
    their full name.
    See the chapter ‘Writing R documentation files’ in the ‘Writing R
    Extensions’ manual.
Flavors: r-devel-linux-x86_64-debian-clang, r-devel-linux-x86_64-debian-gcc, r-devel-linux-x86_64-fedora-clang, r-devel-linux-x86_64-fedora-gcc, r-devel-macosx-x86_64-clang, r-devel-macosx-x86_64-gcc, r-devel-windows-ix86+x86_64, r-patched-linux-x86_64, r-patched-solaris-sparc, r-patched-solaris-x86, r-release-linux-ix86, r-release-linux-x86_64, r-release-windows-ix86+x86_64, r-oldrel-windows-ix86+x86_64