CRAN Package Check Results for Package tensorA

Last updated on 2015-01-31 08:49:57.

Flavor Version Tinstall Tcheck Ttotal Status Flags
r-devel-linux-x86_64-debian-clang 0.36 1.11 17.39 18.50 NOTE
r-devel-linux-x86_64-debian-gcc 0.36 1.16 16.92 18.07 NOTE
r-devel-linux-x86_64-fedora-clang 0.36 38.83 NOTE
r-devel-linux-x86_64-fedora-gcc 0.36 37.03 NOTE
r-devel-osx-x86_64-clang 0.36 39.03 NOTE
r-devel-windows-ix86+x86_64 0.36 7.00 36.00 43.00 NOTE
r-patched-linux-x86_64 0.36 1.24 18.99 20.24 NOTE
r-patched-solaris-sparc 0.36 217.60 NOTE
r-patched-solaris-x86 0.36 52.90 NOTE
r-release-linux-ix86 0.36 1.60 24.45 26.05 NOTE
r-release-linux-x86_64 0.36 1.16 18.17 19.33 NOTE
r-release-osx-x86_64-mavericks 0.36 NOTE
r-release-windows-ix86+x86_64 0.36 7.00 48.00 55.00 NOTE
r-oldrel-windows-ix86+x86_64 0.36 6.00 38.00 44.00 NOTE

Check Details

Version: 0.36
Check: S3 generic/method consistency
Result: NOTE
    Found the following apparent S3 methods exported but not registered:
     as.contravariate.character as.covariate.character as.tensor.default
     as.tensor.tensor is.contravariate.character is.contravariate.numeric
     is.contravariate.tensor is.covariate.character is.covariate.numeric
     is.covariate.tensor mean.tensor ^.tensor |.tensor
    See section ‘Registering S3 methods’ in the ‘Writing R Extensions’
    manual.
Flavors: r-devel-linux-x86_64-debian-clang, r-devel-linux-x86_64-debian-gcc, r-devel-linux-x86_64-fedora-clang, r-devel-linux-x86_64-fedora-gcc, r-devel-osx-x86_64-clang

Version: 0.36
Check: foreign function calls
Result: NOTE
    Calls with DUP:
     .C(tensoraCmulhelper, dimx = as.integer(c(outerx, inner, para)),
     as.integer(c(inner, outery, para)), as.integer(c(outerx,
     outery, para)), as.complex(X[xtidx]), as.complex(Y[ytidx]),
     erg = complex(outerx * outery * para), NAOK = TRUE, DUP = FALSE)
     .C(tensoramulhelper, dimx = as.integer(c(outerx, inner, para)),
     as.integer(c(inner, outery, para)), as.integer(c(outerx,
     outery, para)), as.numeric(X[xtidx]), as.numeric(Y[ytidx]),
     erg = numeric(outerx * outery * para), NAOK = TRUE, DUP = FALSE)
    DUP is no longer supported and will be ignored.
Flavors: r-devel-linux-x86_64-debian-clang, r-devel-linux-x86_64-debian-gcc, r-devel-linux-x86_64-fedora-clang, r-devel-linux-x86_64-fedora-gcc, r-devel-osx-x86_64-clang, r-devel-windows-ix86+x86_64

Version: 0.36
Check: Rd \usage sections
Result: NOTE
    S3 methods shown with full name in documentation object 'mean.tensor':
     ‘mean.tensor’
    
    S3 methods shown with full name in documentation object 'solve.tensor':
     ‘solve.tensor’
    
    The \usage entries for S3 methods should use the \method markup and not
    their full name.
    See chapter ‘Writing R documentation files’ in the ‘Writing R
    Extensions’ manual.
Flavors: r-devel-linux-x86_64-debian-clang, r-devel-linux-x86_64-debian-gcc, r-devel-linux-x86_64-fedora-clang, r-devel-linux-x86_64-fedora-gcc, r-devel-osx-x86_64-clang, r-devel-windows-ix86+x86_64

Version: 0.36
Check: foreign function calls
Result: NOTE
    Calls with DUP != TRUE:
     .C(tensoraCmulhelper, dimx = as.integer(c(outerx, inner, para)),
     as.integer(c(inner, outery, para)), as.integer(c(outerx,
     outery, para)), as.complex(X[xtidx]), as.complex(Y[ytidx]),
     erg = complex(outerx * outery * para), NAOK = TRUE, DUP = FALSE)
     .C(tensoramulhelper, dimx = as.integer(c(outerx, inner, para)),
     as.integer(c(inner, outery, para)), as.integer(c(outerx,
     outery, para)), as.numeric(X[xtidx]), as.numeric(Y[ytidx]),
     erg = numeric(outerx * outery * para), NAOK = TRUE, DUP = FALSE)
    DUP = FALSE is deprecated and will be disabled in future versions of R.
Flavors: r-patched-linux-x86_64, r-patched-solaris-sparc, r-patched-solaris-x86, r-release-linux-ix86, r-release-linux-x86_64, r-release-osx-x86_64-mavericks, r-release-windows-ix86+x86_64

Version: 0.36
Check: Rd \usage sections
Result: NOTE
    S3 methods shown with full name in documentation object 'mean.tensor':
     ‘mean.tensor’
    
    S3 methods shown with full name in documentation object 'solve.tensor':
     ‘solve.tensor’
    
    The \usage entries for S3 methods should use the \method markup and not
    their full name.
    See the chapter ‘Writing R documentation files’ in the ‘Writing R
    Extensions’ manual.
Flavors: r-patched-linux-x86_64, r-patched-solaris-sparc, r-patched-solaris-x86, r-release-linux-ix86, r-release-linux-x86_64, r-release-osx-x86_64-mavericks, r-release-windows-ix86+x86_64, r-oldrel-windows-ix86+x86_64