CRAN Package Check Results for Package tensorA

Last updated on 2015-04-18 13:49:02.

Flavor Version Tinstall Tcheck Ttotal Status Flags
r-devel-linux-x86_64-debian-clang 0.36 1.14 17.44 18.58 NOTE
r-devel-linux-x86_64-debian-gcc 0.36 1.10 17.19 18.28 NOTE
r-devel-linux-x86_64-fedora-clang 0.36 35.32 NOTE
r-devel-linux-x86_64-fedora-gcc 0.36 33.77 NOTE
r-devel-osx-x86_64-clang 0.36 39.59 NOTE
r-patched-linux-x86_64 0.36 1.10 16.67 17.77 NOTE
r-patched-solaris-sparc 0.36 240.30 NOTE
r-patched-solaris-x86 0.36 47.90 NOTE
r-release-linux-x86_64 0.36 1.16 15.46 16.63 NOTE
r-release-osx-x86_64-mavericks 0.36 NOTE
r-release-windows-ix86+x86_64 0.36 9.00 51.00 60.00 NOTE
r-oldrel-windows-ix86+x86_64 0.36 6.00 38.00 44.00 NOTE

Check Details

Version: 0.36
Check: S3 generic/method consistency
Result: NOTE
    Found the following apparent S3 methods exported but not registered:
     ^.tensor as.contravariate.character as.covariate.character
     as.tensor.default as.tensor.tensor is.contravariate.character
     is.contravariate.numeric is.contravariate.tensor
     is.covariate.character is.covariate.numeric is.covariate.tensor
     mean.tensor |.tensor
    See section ‘Registering S3 methods’ in the ‘Writing R Extensions’
    manual.
Flavors: r-devel-linux-x86_64-debian-clang, r-devel-linux-x86_64-debian-gcc, r-devel-linux-x86_64-fedora-clang, r-devel-linux-x86_64-fedora-gcc, r-devel-osx-x86_64-clang, r-patched-linux-x86_64, r-release-linux-x86_64

Version: 0.36
Check: foreign function calls
Result: NOTE
    Calls with DUP:
     .C(tensoraCmulhelper, dimx = as.integer(c(outerx, inner, para)),
     as.integer(c(inner, outery, para)), as.integer(c(outerx,
     outery, para)), as.complex(X[xtidx]), as.complex(Y[ytidx]),
     erg = complex(outerx * outery * para), NAOK = TRUE, DUP = FALSE)
     .C(tensoramulhelper, dimx = as.integer(c(outerx, inner, para)),
     as.integer(c(inner, outery, para)), as.integer(c(outerx,
     outery, para)), as.numeric(X[xtidx]), as.numeric(Y[ytidx]),
     erg = numeric(outerx * outery * para), NAOK = TRUE, DUP = FALSE)
    DUP is no longer supported and will be ignored.
Flavors: r-devel-linux-x86_64-debian-clang, r-devel-linux-x86_64-debian-gcc, r-devel-linux-x86_64-fedora-clang, r-devel-linux-x86_64-fedora-gcc, r-devel-osx-x86_64-clang, r-patched-linux-x86_64, r-patched-solaris-sparc, r-patched-solaris-x86, r-release-linux-x86_64, r-release-osx-x86_64-mavericks

Version: 0.36
Check: Rd \usage sections
Result: NOTE
    S3 methods shown with full name in documentation object 'mean.tensor':
     ‘mean.tensor’
    
    S3 methods shown with full name in documentation object 'solve.tensor':
     ‘solve.tensor’
    
    The \usage entries for S3 methods should use the \method markup and not
    their full name.
    See chapter ‘Writing R documentation files’ in the ‘Writing R
    Extensions’ manual.
Flavors: r-devel-linux-x86_64-debian-clang, r-devel-linux-x86_64-debian-gcc, r-devel-linux-x86_64-fedora-clang, r-devel-linux-x86_64-fedora-gcc, r-devel-osx-x86_64-clang, r-patched-linux-x86_64, r-patched-solaris-sparc, r-patched-solaris-x86, r-release-linux-x86_64, r-release-osx-x86_64-mavericks, r-release-windows-ix86+x86_64

Version: 0.36
Check: foreign function calls
Result: NOTE
    Calls with DUP != TRUE:
     .C(tensoraCmulhelper, dimx = as.integer(c(outerx, inner, para)),
     as.integer(c(inner, outery, para)), as.integer(c(outerx,
     outery, para)), as.complex(X[xtidx]), as.complex(Y[ytidx]),
     erg = complex(outerx * outery * para), NAOK = TRUE, DUP = FALSE)
     .C(tensoramulhelper, dimx = as.integer(c(outerx, inner, para)),
     as.integer(c(inner, outery, para)), as.integer(c(outerx,
     outery, para)), as.numeric(X[xtidx]), as.numeric(Y[ytidx]),
     erg = numeric(outerx * outery * para), NAOK = TRUE, DUP = FALSE)
    DUP = FALSE is deprecated and will be disabled in future versions of R.
Flavor: r-release-windows-ix86+x86_64

Version: 0.36
Check: Rd \usage sections
Result: NOTE
    S3 methods shown with full name in documentation object 'mean.tensor':
     'mean.tensor'
    
    S3 methods shown with full name in documentation object 'solve.tensor':
     'solve.tensor'
    
    The \usage entries for S3 methods should use the \method markup and not
    their full name.
    See the chapter 'Writing R documentation files' in the 'Writing R
    Extensions' manual.
Flavor: r-oldrel-windows-ix86+x86_64