CRAN Package Check Results for Package tensorA

Last updated on 2014-08-01 05:48:34.

Flavor Version Tinstall Tcheck Ttotal Status Flags
r-devel-linux-x86_64-debian-clang 0.36 1.24 17.81 19.04 NOTE
r-devel-linux-x86_64-debian-gcc 0.36 1.14 16.92 18.05 NOTE
r-devel-linux-x86_64-fedora-clang 0.36 37.06 NOTE
r-devel-linux-x86_64-fedora-gcc 0.36 35.07 NOTE
r-devel-osx-x86_64-clang 0.36 37.51 NOTE
r-devel-windows-ix86+x86_64 0.36 5.00 32.00 37.00 NOTE
r-patched-linux-x86_64 0.36 1.14 17.03 18.17 NOTE
r-patched-solaris-sparc 0.36 218.30 NOTE
r-patched-solaris-x86 0.36 50.70 NOTE
r-release-linux-ix86 0.36 1.59 23.65 25.24 NOTE
r-release-linux-x86_64 0.36 1.16 17.50 18.67 NOTE
r-release-osx-x86_64-mavericks 0.36 NOTE
r-release-windows-ix86+x86_64 0.36 9.00 45.00 54.00 NOTE
r-oldrel-windows-ix86+x86_64 0.36 6.00 38.00 44.00 NOTE

Check Details

Version: 0.36
Check: foreign function calls
Result: NOTE
    Calls with DUP = FALSE:
     .C(tensoraCmulhelper, dimx = as.integer(c(outerx, inner, para)),
     as.integer(c(inner, outery, para)), as.integer(c(outerx,
     outery, para)), as.complex(X[xtidx]), as.complex(Y[ytidx]),
     erg = complex(outerx * outery * para), NAOK = TRUE, DUP = FALSE)
     .C(tensoramulhelper, dimx = as.integer(c(outerx, inner, para)),
     as.integer(c(inner, outery, para)), as.integer(c(outerx,
     outery, para)), as.numeric(X[xtidx]), as.numeric(Y[ytidx]),
     erg = numeric(outerx * outery * para), NAOK = TRUE, DUP = FALSE)
    DUP = FALSE is deprecated and may be disabled in future versions of R.
Flavors: r-devel-linux-x86_64-debian-clang, r-devel-linux-x86_64-debian-gcc, r-devel-linux-x86_64-fedora-clang, r-devel-linux-x86_64-fedora-gcc, r-devel-osx-x86_64-clang, r-devel-windows-ix86+x86_64, r-patched-linux-x86_64, r-patched-solaris-sparc, r-patched-solaris-x86, r-release-linux-ix86, r-release-linux-x86_64, r-release-osx-x86_64-mavericks, r-release-windows-ix86+x86_64

Version: 0.36
Check: Rd \usage sections
Result: NOTE
    S3 methods shown with full name in documentation object 'mean.tensor':
     mean.tensor
    
    S3 methods shown with full name in documentation object 'solve.tensor':
     solve.tensor
    
    The \usage entries for S3 methods should use the \method markup and not
    their full name.
    See the chapter Writing R documentation files in the Writing R
    Extensions manual.
Flavors: r-devel-linux-x86_64-debian-clang, r-devel-linux-x86_64-debian-gcc, r-devel-linux-x86_64-fedora-clang, r-devel-linux-x86_64-fedora-gcc, r-devel-osx-x86_64-clang, r-devel-windows-ix86+x86_64, r-patched-linux-x86_64, r-patched-solaris-sparc, r-patched-solaris-x86, r-release-linux-ix86, r-release-linux-x86_64, r-release-osx-x86_64-mavericks, r-release-windows-ix86+x86_64, r-oldrel-windows-ix86+x86_64