CRAN Package Check Results for Package tensorflow

Last updated on 2021-12-09 14:53:20 CET.

Flavor Version Tinstall Tcheck Ttotal Status Flags
r-devel-linux-x86_64-debian-clang 2.7.0 8.23 78.61 86.84 OK
r-devel-linux-x86_64-debian-gcc 2.7.0 7.54 60.93 68.47 OK
r-devel-linux-x86_64-fedora-clang 2.7.0 109.66 NOTE
r-devel-linux-x86_64-fedora-gcc 2.7.0 97.12 OK
r-devel-windows-x86_64-new-UL 2.7.0 20.00 108.00 128.00 OK
r-devel-windows-x86_64-new-TK 2.7.0 OK
r-devel-windows-x86_64-old 2.7.0 13.00 67.00 80.00 OK
r-patched-linux-x86_64 2.7.0 11.02 76.08 87.10 OK
r-release-linux-x86_64 2.7.0 8.71 76.69 85.40 OK
r-release-macos-arm64 2.7.0 OK
r-release-macos-x86_64 2.7.0 OK
r-release-windows-ix86+x86_64 2.7.0 19.00 93.00 112.00 OK
r-oldrel-macos-x86_64 2.7.0 OK
r-oldrel-windows-ix86+x86_64 2.7.0 20.00 95.00 115.00 OK

Check Details

Version: 2.7.0
Check: Rd cross-references
Result: NOTE
    Undeclared package ‘tfestimators’ in Rd xrefs
Flavor: r-devel-linux-x86_64-fedora-clang