CRAN Package Check Results for Package tergm

Last updated on 2014-08-23 18:47:45.

Flavor Version Tinstall Tcheck Ttotal Status Flags
r-devel-linux-x86_64-debian-clang 3.1.4 5.32 82.95 88.27 NOTE
r-devel-linux-x86_64-debian-gcc 3.1.4 6.12 79.61 85.73 NOTE
r-devel-linux-x86_64-fedora-clang 3.1.4 195.29 NOTE
r-devel-linux-x86_64-fedora-gcc 3.1.4 185.75 NOTE
r-devel-osx-x86_64-clang 3.1.4 144.31 NOTE
r-devel-windows-ix86+x86_64 3.1.4 23.00 175.00 198.00 OK
r-patched-linux-x86_64 3.1.4 6.21 81.02 87.24 OK
r-patched-solaris-sparc 3.1.4 1061.30 OK
r-patched-solaris-x86 3.1.4 259.80 OK
r-release-linux-ix86 3.1.4 8.05 103.75 111.80 OK
r-release-linux-x86_64 3.1.4 6.38 84.54 90.92 OK
r-release-osx-x86_64-mavericks 3.1.4 OK
r-release-osx-x86_64-snowleopard 3.1.4 OK
r-release-windows-ix86+x86_64 3.1.4 24.00 183.00 207.00 OK
r-oldrel-windows-ix86+x86_64 3.1.4 23.00 174.00 197.00 OK

Memtest notes: valgrind valgrind

Check Details

Version: 3.1.4
Check: R code for possible problems
Result: NOTE
    .my.levelplot: no visible global function definition for ‘levelplot’
    gof.stergm: no visible global function definition for ‘gof’
    stergm.EGMME.GD : eval.optpars: no visible global function definition
     for ‘clusterApplyLB’
    stergm.EGMME.GD : eval.optpars: no visible global function definition
     for ‘robust.inverse’
    stergm.EGMME.SA : do.optimization: no visible global function
     definition for ‘clusterApply’
    stergm.EGMME.SA : do.optimization: no visible global function
     definition for ‘xyplot’
    stergm.EGMME.SA : do.optimization : <anonymous>: no visible global
     function definition for ‘panel.xyplot’
    stergm.EGMME.SA : do.optimization : <anonymous>: no visible global
     function definition for ‘panel.abline’
    stergm.EGMME.SA : V.sandwich: no visible global function definition for
     ‘robust.inverse’
    stergm.EGMME.SA : best.states: no visible global function definition
     for ‘robust.inverse’
    stergm.EGMME.SA: no visible global function definition for
     ‘clusterApply’
    stergm.EGMME.SA: no visible global function definition for
     ‘robust.inverse’
Flavors: r-devel-linux-x86_64-debian-clang, r-devel-linux-x86_64-debian-gcc, r-devel-linux-x86_64-fedora-clang, r-devel-linux-x86_64-fedora-gcc, r-devel-osx-x86_64-clang