CRAN Package Check Results for Package tergm

Last updated on 2017-02-25 17:47:55.

Flavor Version Tinstall Tcheck Ttotal Status Flags
r-devel-linux-x86_64-debian-clang 3.4.0 5.66 716.16 721.82 NOTE
r-devel-linux-x86_64-debian-gcc 3.4.0 5.98 384.27 390.26 NOTE
r-devel-linux-x86_64-fedora-clang 3.4.0 823.58 NOTE --no-stop-on-test-error
r-devel-linux-x86_64-fedora-gcc 3.4.0 836.25 NOTE --no-stop-on-test-error
r-devel-macos-x86_64-clang 3.4.0 558.09 NOTE --no-stop-on-test-error
r-devel-windows-ix86+x86_64 3.4.0 36.00 535.00 571.00 OK --no-vignettes
r-patched-linux-x86_64 3.4.0 5.60 352.42 358.03 OK
r-patched-solaris-sparc 3.4.0 1906.90 OK --no-vignettes
r-patched-solaris-x86 3.4.0 973.10 OK
r-release-linux-x86_64 3.4.0 5.59 362.69 368.28 OK
r-release-osx-x86_64-mavericks 3.4.0 OK
r-release-windows-ix86+x86_64 3.4.0 34.00 610.00 644.00 OK --no-vignettes
r-oldrel-windows-ix86+x86_64 3.4.0 32.00 372.00 404.00 OK --no-vignettes

Check Details

Version: 3.4.0
Check: compiled code
Result: NOTE
    File ‘tergm/libs/tergm.so’:
     Found no calls to: ‘R_registerRoutines’, ‘R_useDynamicSymbols’
    
    It is good practice to register native routines and to disable symbol
    search.
    
    See ‘Writing portable packages’ in the ‘Writing R Extensions’ manual.
Flavors: r-devel-linux-x86_64-debian-clang, r-devel-linux-x86_64-debian-gcc

Version: 3.4.0
Flags: --no-stop-on-test-error
Check: compiled code
Result: NOTE
    File ‘tergm/libs/tergm.so’:
     Found no calls to: ‘R_registerRoutines’, ‘R_useDynamicSymbols’
    
    It is good practice to register native routines and to disable symbol
    search.
    
    See ‘Writing portable packages’ in the ‘Writing R Extensions’ manual.
Flavors: r-devel-linux-x86_64-fedora-clang, r-devel-linux-x86_64-fedora-gcc, r-devel-macos-x86_64-clang