CRAN Package Check Results for Package tergm

Last updated on 2014-10-25 14:51:07.

Flavor Version Tinstall Tcheck Ttotal Status Flags
r-devel-linux-x86_64-debian-clang 3.1.4 5.46 82.51 87.97 NOTE
r-devel-linux-x86_64-debian-gcc 3.1.4 6.18 81.47 87.65 NOTE
r-devel-linux-x86_64-fedora-clang 3.1.4 191.38 NOTE
r-devel-linux-x86_64-fedora-gcc 3.1.4 186.68 NOTE
r-devel-osx-x86_64-clang 3.1.4 152.07 NOTE
r-devel-windows-ix86+x86_64 3.1.4 23.00 165.00 188.00 NOTE
r-patched-linux-x86_64 3.1.4 6.43 83.54 89.97 NOTE
r-patched-solaris-sparc 3.1.4 1092.50 NOTE
r-patched-solaris-x86 3.1.4 261.80 NOTE
r-release-linux-ix86 3.1.4 7.97 104.10 112.07 OK
r-release-linux-x86_64 3.1.4 6.56 84.36 90.92 OK
r-release-osx-x86_64-mavericks 3.1.4 OK
r-release-osx-x86_64-snowleopard 3.1.4 OK
r-release-windows-ix86+x86_64 3.1.4 26.00 180.00 206.00 OK
r-oldrel-windows-ix86+x86_64 3.1.4 21.00 192.00 213.00 OK

Memtest notes: valgrind valgrind

Check Details

Version: 3.1.4
Check: R code for possible problems
Result: NOTE
    .my.levelplot: no visible global function definition for ‘levelplot’
    gof.stergm: no visible global function definition for ‘gof’
    stergm.EGMME.GD : eval.optpars: no visible global function definition
     for ‘clusterApplyLB’
    stergm.EGMME.GD : eval.optpars: no visible global function definition
     for ‘robust.inverse’
    stergm.EGMME.SA : do.optimization: no visible global function
     definition for ‘clusterApply’
    stergm.EGMME.SA : do.optimization: no visible global function
     definition for ‘xyplot’
    stergm.EGMME.SA : do.optimization : <anonymous>: no visible global
     function definition for ‘panel.xyplot’
    stergm.EGMME.SA : do.optimization : <anonymous>: no visible global
     function definition for ‘panel.abline’
    stergm.EGMME.SA : V.sandwich: no visible global function definition for
     ‘robust.inverse’
    stergm.EGMME.SA : best.states: no visible global function definition
     for ‘robust.inverse’
    stergm.EGMME.SA: no visible global function definition for
     ‘clusterApply’
    stergm.EGMME.SA: no visible global function definition for
     ‘robust.inverse’
Flavors: r-devel-linux-x86_64-debian-clang, r-devel-linux-x86_64-debian-gcc, r-devel-linux-x86_64-fedora-clang, r-devel-linux-x86_64-fedora-gcc, r-devel-osx-x86_64-clang, r-devel-windows-ix86+x86_64, r-patched-linux-x86_64, r-patched-solaris-sparc, r-patched-solaris-x86