CRAN Package Check Results for Package tergm

Last updated on 2015-07-28 19:48:17.

Flavor Version Tinstall Tcheck Ttotal Status Flags
r-devel-linux-x86_64-debian-clang 3.3.0 5.32 763.91 769.22 NOTE
r-devel-linux-x86_64-debian-gcc 3.3.0 5.70 720.10 725.80 NOTE
r-devel-linux-x86_64-fedora-clang 3.3.0 1045.43 NOTE
r-devel-linux-x86_64-fedora-gcc 3.3.0 1137.29 NOTE
r-devel-osx-x86_64-clang 3.3.0 796.06 OK
r-devel-windows-ix86+x86_64 3.3.0 20.00 308.00 328.00 NOTE --no-vignettes
r-patched-linux-x86_64 3.3.0 6.22 636.11 642.33 OK
r-patched-solaris-sparc 3.3.0 1268.50 OK --no-vignettes
r-patched-solaris-x86 3.3.0 1847.40 OK
r-release-linux-x86_64 3.3.0 6.03 788.19 794.22 OK
r-release-osx-x86_64-mavericks 3.3.0 OK
r-release-windows-ix86+x86_64 3.3.0 27.00 306.00 333.00 OK --no-vignettes
r-oldrel-windows-ix86+x86_64 3.3.0 25.00 240.00 265.00 OK --no-vignettes

Memtest notes: valgrind

Check Details

Version: 3.3.0
Check: R code for possible problems
Result: NOTE
    .my.levelplot: no visible global function definition for ‘na.omit’
    .my.levelplot: no visible global function definition for ‘hsv’
    .my.levelplot: no visible global function definition for ‘rgb’
    combine.networks: no visible global function definition for ‘na.omit’
    get.dev: no visible global function definition for ‘dev.set’
    get.dev: no visible global function definition for ‘dev.list’
    get.dev: no visible global function definition for ‘dev.new’
    get.dev: no visible global function definition for ‘dev.cur’
    logLik.stergm: no visible global function definition for ‘logLik’
    networkDynamic.apply.changes: no visible global function definition for
     ‘aggregate’
    plot.gof.stergm: no visible global function definition for ‘plot’
    stergm.CMLE: no visible global function definition for ‘var’
    stergm.CMLE: no visible binding for global variable ‘var’
    stergm.EGMME.GD : eval.optpars : <anonymous>: no visible global
     function definition for ‘lm’
    stergm.EGMME.GD : eval.optpars : <anonymous>: no visible global
     function definition for ‘coef’
    stergm.EGMME.GD : eval.optpars : <anonymous>: no visible global
     function definition for ‘resid’
    stergm.EGMME.GD : eval.optpars: no visible global function definition
     for ‘pnorm’
    stergm.EGMME.GD : eval.optpars: no visible global function definition
     for ‘cov’
    stergm.EGMME.GD : eval.optpars: no visible global function definition
     for ‘mahalanobis’
    stergm.EGMME.GD : eval.optpars: no visible global function definition
     for ‘dev.interactive’
    stergm.EGMME.GD : eval.optpars: no visible global function definition
     for ‘cov2cor’
    stergm.EGMME.GD : eval.optpars: no visible binding for global variable
     ‘sd’
    stergm.EGMME.GD : eval.optpars : <anonymous>: no visible global
     function definition for ‘quantile’
    stergm.EGMME.GD : eval.optpars: no visible binding for global variable
     ‘median’
    stergm.EGMME.SA: no visible global function definition for
     ‘dev.interactive’
    stergm.EGMME.SA : do.optimization: no visible global function
     definition for ‘dev.interactive’
    stergm.EGMME.SA : do.optimization: no visible global function
     definition for ‘window’
    stergm.EGMME.SA : best.states: no visible global function definition
     for ‘cov’
    stergm.EGMME.SA : best.states: no visible global function definition
     for ‘mahalanobis’
    stergm.EGMME.SA: no visible binding for global variable ‘var’
    stergm.EGMME.SA: no visible global function definition for
     ‘mahalanobis’
    stergm.EGMME.SA: no visible global function definition for ‘cov’
    stergm.EGMME.SA : fisher.pval: no visible global function definition
     for ‘pchisq’
    stergm.EGMME.SA : <anonymous>: no visible global function definition
     for ‘sd’
    stergm.EGMME.SA: no visible global function definition for ‘lm’
    stergm.EGMME.SA: no visible global function definition for ‘resid’
    stergm.EGMME.SA: no visible global function definition for ‘coef’
    stergm.EGMME.SA: no visible global function definition for ‘vcov’
    stergm.EGMME.SA: no visible global function definition for ‘pchisq’
    stergm.EGMME.initialfit: no visible global function definition for
     ‘coef’
    Undefined global functions or variables:
     aggregate coef cov cov2cor dev.cur dev.interactive dev.list dev.new
     dev.set hsv lm logLik mahalanobis median na.omit pchisq plot pnorm
     quantile resid rgb sd var vcov window
    Consider adding
     importFrom("grDevices", "dev.cur", "dev.interactive", "dev.list",
     "dev.new", "dev.set", "hsv", "rgb")
     importFrom("graphics", "plot")
     importFrom("stats", "aggregate", "coef", "cov", "cov2cor", "lm",
     "logLik", "mahalanobis", "median", "na.omit", "pchisq",
     "pnorm", "quantile", "resid", "sd", "var", "vcov", "window")
    to your NAMESPACE.
Flavors: r-devel-linux-x86_64-debian-clang, r-devel-linux-x86_64-debian-gcc, r-devel-linux-x86_64-fedora-clang, r-devel-linux-x86_64-fedora-gcc

Version: 3.3.0
Flags: --no-vignettes
Check: R code for possible problems
Result: NOTE
    .my.levelplot: no visible global function definition for 'na.omit'
    .my.levelplot: no visible global function definition for 'hsv'
    .my.levelplot: no visible global function definition for 'rgb'
    combine.networks: no visible global function definition for 'na.omit'
    get.dev: no visible global function definition for 'dev.set'
    get.dev: no visible global function definition for 'dev.list'
    get.dev: no visible global function definition for 'dev.new'
    get.dev: no visible global function definition for 'dev.cur'
    logLik.stergm: no visible global function definition for 'logLik'
    networkDynamic.apply.changes: no visible global function definition for
     'aggregate'
    plot.gof.stergm: no visible global function definition for 'plot'
    stergm.CMLE: no visible global function definition for 'var'
    stergm.CMLE: no visible binding for global variable 'var'
    stergm.EGMME.GD : eval.optpars : <anonymous>: no visible global
     function definition for 'lm'
    stergm.EGMME.GD : eval.optpars : <anonymous>: no visible global
     function definition for 'coef'
    stergm.EGMME.GD : eval.optpars : <anonymous>: no visible global
     function definition for 'resid'
    stergm.EGMME.GD : eval.optpars: no visible global function definition
     for 'pnorm'
    stergm.EGMME.GD : eval.optpars: no visible global function definition
     for 'cov'
    stergm.EGMME.GD : eval.optpars: no visible global function definition
     for 'mahalanobis'
    stergm.EGMME.GD : eval.optpars: no visible global function definition
     for 'dev.interactive'
    stergm.EGMME.GD : eval.optpars: no visible global function definition
     for 'cov2cor'
    stergm.EGMME.GD : eval.optpars: no visible binding for global variable
     'sd'
    stergm.EGMME.GD : eval.optpars : <anonymous>: no visible global
     function definition for 'quantile'
    stergm.EGMME.GD : eval.optpars: no visible binding for global variable
     'median'
    stergm.EGMME.SA: no visible global function definition for
     'dev.interactive'
    stergm.EGMME.SA : do.optimization: no visible global function
     definition for 'dev.interactive'
    stergm.EGMME.SA : do.optimization: no visible global function
     definition for 'window'
    stergm.EGMME.SA : best.states: no visible global function definition
     for 'cov'
    stergm.EGMME.SA : best.states: no visible global function definition
     for 'mahalanobis'
    stergm.EGMME.SA: no visible binding for global variable 'var'
    stergm.EGMME.SA: no visible global function definition for
     'mahalanobis'
    stergm.EGMME.SA: no visible global function definition for 'cov'
    stergm.EGMME.SA : fisher.pval: no visible global function definition
     for 'pchisq'
    stergm.EGMME.SA : <anonymous>: no visible global function definition
     for 'sd'
    stergm.EGMME.SA: no visible global function definition for 'lm'
    stergm.EGMME.SA: no visible global function definition for 'resid'
    stergm.EGMME.SA: no visible global function definition for 'coef'
    stergm.EGMME.SA: no visible global function definition for 'vcov'
    stergm.EGMME.SA: no visible global function definition for 'pchisq'
    stergm.EGMME.initialfit: no visible global function definition for
     'coef'
    Undefined global functions or variables:
     aggregate coef cov cov2cor dev.cur dev.interactive dev.list dev.new
     dev.set hsv lm logLik mahalanobis median na.omit pchisq plot pnorm
     quantile resid rgb sd var vcov window
    Consider adding
     importFrom("grDevices", "dev.cur", "dev.interactive", "dev.list",
     "dev.new", "dev.set", "hsv", "rgb")
     importFrom("graphics", "plot")
     importFrom("stats", "aggregate", "coef", "cov", "cov2cor", "lm",
     "logLik", "mahalanobis", "median", "na.omit", "pchisq",
     "pnorm", "quantile", "resid", "sd", "var", "vcov", "window")
    to your NAMESPACE.
Flavor: r-devel-windows-ix86+x86_64