CRAN Package Check Results for Package tergm

Last updated on 2017-04-30 23:51:59.

Flavor Version Tinstall Tcheck Ttotal Status Flags
r-devel-linux-x86_64-debian-clang 3.4.0 6.12 367.88 374.00 NOTE
r-devel-linux-x86_64-debian-gcc 3.4.0 6.07 375.51 381.58 NOTE
r-devel-linux-x86_64-fedora-clang 3.4.0 1352.95 NOTE --no-stop-on-test-error
r-devel-linux-x86_64-fedora-gcc 3.4.0 857.45 NOTE --no-stop-on-test-error
r-devel-windows-ix86+x86_64 3.4.0 24.00 519.00 543.00 OK --no-vignettes
r-patched-linux-x86_64 3.4.0 6.01 370.67 376.68 NOTE
r-patched-solaris-sparc 3.4.0 2141.50 OK --no-vignettes
r-patched-solaris-x86 3.4.0 1082.60 OK
r-release-linux-x86_64 3.4.0 5.66 402.82 408.48 NOTE
r-release-windows-ix86+x86_64 3.4.0 29.00 417.00 446.00 OK --no-vignettes
r-release-osx-x86_64 3.4.0 OK
r-oldrel-windows-ix86+x86_64 3.4.0 30.00 502.00 532.00 OK --no-vignettes
r-oldrel-osx-x86_64 3.4.0 OK

Check Details

Version: 3.4.0
Check: compiled code
Result: NOTE
    File ‘tergm/libs/tergm.so’:
     Found no calls to: ‘R_registerRoutines’, ‘R_useDynamicSymbols’
    
    It is good practice to register native routines and to disable symbol
    search.
    
    See ‘Writing portable packages’ in the ‘Writing R Extensions’ manual.
Flavors: r-devel-linux-x86_64-debian-clang, r-devel-linux-x86_64-debian-gcc, r-patched-linux-x86_64, r-release-linux-x86_64

Version: 3.4.0
Flags: --no-stop-on-test-error
Check: compiled code
Result: NOTE
    File ‘tergm/libs/tergm.so’:
     Found no calls to: ‘R_registerRoutines’, ‘R_useDynamicSymbols’
    
    It is good practice to register native routines and to disable symbol
    search.
    
    See ‘Writing portable packages’ in the ‘Writing R Extensions’ manual.
Flavors: r-devel-linux-x86_64-fedora-clang, r-devel-linux-x86_64-fedora-gcc