CRAN Package Check Results for Package tergm

Last updated on 2015-02-28 12:51:30.

Flavor Version Tinstall Tcheck Ttotal Status Flags
r-devel-linux-x86_64-debian-clang 3.2.4 4.88 403.22 408.10 NOTE
r-devel-linux-x86_64-debian-gcc 3.2.4 5.71 392.30 398.01 NOTE
r-devel-linux-x86_64-fedora-clang 3.2.4 817.10 NOTE
r-devel-linux-x86_64-fedora-gcc 3.2.4 907.24 NOTE
r-devel-osx-x86_64-clang 3.2.4 556.74 NOTE
r-devel-windows-ix86+x86_64 3.2.4 30.00 143.00 173.00 NOTE --no-vignettes
r-patched-linux-x86_64 3.2.4 7.94 439.12 447.06 NOTE
r-patched-solaris-sparc 3.2.4 1169.40 NOTE --no-vignettes
r-patched-solaris-x86 3.2.4 1260.30 NOTE
r-release-linux-ix86 3.2.4 7.90 569.84 577.74 OK
r-release-linux-x86_64 3.2.4 6.96 436.13 443.09 OK
r-release-osx-x86_64-mavericks 3.2.4 OK
r-release-osx-x86_64-snowleopard 3.2.4 OK
r-release-windows-ix86+x86_64 3.2.4 24.00 198.00 222.00 OK --no-vignettes
r-oldrel-windows-ix86+x86_64 3.2.4 25.00 240.00 265.00 OK --no-vignettes

Memtest notes: valgrind

Check Details

Version: 3.2.4
Check: dependencies in R code
Result: NOTE
    'library' or 'require' calls in package code:
     ‘lattice’ ‘parallel’
     Please use :: or requireNamespace() instead.
     See section 'Suggested packages' in the 'Writing R Extensions' manual.
Flavors: r-devel-linux-x86_64-debian-clang, r-devel-linux-x86_64-debian-gcc, r-devel-linux-x86_64-fedora-clang, r-devel-linux-x86_64-fedora-gcc, r-devel-osx-x86_64-clang, r-patched-linux-x86_64, r-patched-solaris-x86

Version: 3.2.4
Check: S3 generic/method consistency
Result: NOTE
    Found the following apparent S3 methods exported but not registered:
     all.same coef.stergm gof.stergm logLik.stergm logLikNull.stergm
     mcmc.diagnostics.stergm plot.gof.stergm print.gof.stergm print.stergm
     print.summary.stergm simulate.network simulate.networkDynamic
     simulate.stergm summary.gof.stergm summary.statistics.networkDynamic
     summary.statistics.networkDynamic summary.stergm
    See section ‘Registering S3 methods’ in the ‘Writing R Extensions’
    manual.
Flavors: r-devel-linux-x86_64-debian-clang, r-devel-linux-x86_64-debian-gcc, r-devel-linux-x86_64-fedora-clang, r-devel-linux-x86_64-fedora-gcc, r-devel-osx-x86_64-clang

Version: 3.2.4
Flags: --no-vignettes
Check: dependencies in R code
Result: NOTE
    'library' or 'require' calls in package code:
     'lattice' 'parallel'
     Please use :: or requireNamespace() instead.
     See section 'Suggested packages' in the 'Writing R Extensions' manual.
Flavors: r-devel-windows-ix86+x86_64, r-patched-solaris-sparc