CRAN Package Check Results for Package tergm

Last updated on 2017-06-23 21:48:36.

Flavor Version Tinstall Tcheck Ttotal Status Flags
r-devel-linux-x86_64-debian-clang 3.4.0 6.37 401.34 407.71 NOTE
r-devel-linux-x86_64-debian-gcc 3.4.0 5.85 386.17 392.02 NOTE
r-devel-linux-x86_64-fedora-clang 3.4.0 875.02 NOTE
r-devel-linux-x86_64-fedora-gcc 3.4.0 816.85 NOTE
r-devel-windows-ix86+x86_64 3.4.0 24.00 539.00 563.00 OK --no-vignettes
r-patched-linux-x86_64 3.4.0 6.18 373.16 379.34 NOTE
r-patched-solaris-sparc 3.4.0 2141.50 OK --no-vignettes
r-patched-solaris-x86 3.4.0 1075.80 OK
r-release-linux-x86_64 3.4.0 6.15 368.60 374.75 NOTE
r-release-windows-ix86+x86_64 3.4.0 24.00 529.00 553.00 OK --no-vignettes
r-release-osx-x86_64 3.4.0 OK
r-oldrel-windows-ix86+x86_64 3.4.0 38.00 449.00 487.00 OK --no-vignettes
r-oldrel-osx-x86_64 3.4.0 OK

Check Details

Version: 3.4.0
Check: compiled code
Result: NOTE
    File ‘tergm/libs/tergm.so’:
     Found no calls to: ‘R_registerRoutines’, ‘R_useDynamicSymbols’
    
    It is good practice to register native routines and to disable symbol
    search.
    
    See ‘Writing portable packages’ in the ‘Writing R Extensions’ manual.
Flavors: r-devel-linux-x86_64-debian-clang, r-devel-linux-x86_64-debian-gcc, r-devel-linux-x86_64-fedora-clang, r-devel-linux-x86_64-fedora-gcc, r-patched-linux-x86_64, r-release-linux-x86_64