CRAN Package Check Results for Package tergm

Last updated on 2015-01-31 17:49:53.

Flavor Version Tinstall Tcheck Ttotal Status Flags
r-devel-linux-x86_64-debian-clang 3.2.4 4.91 427.56 432.47 NOTE
r-devel-linux-x86_64-debian-gcc 3.2.4 5.40 407.56 412.96 NOTE
r-devel-linux-x86_64-fedora-clang 3.2.4 846.60 NOTE
r-devel-linux-x86_64-fedora-gcc 3.2.4 753.90 NOTE
r-devel-osx-x86_64-clang 3.2.4 616.05 NOTE
r-devel-windows-ix86+x86_64 3.2.4 21.00 139.00 160.00 NOTE --no-vignettes
r-patched-linux-x86_64 3.2.4 6.54 489.72 496.26 OK
r-patched-solaris-sparc 3.2.4 1077.50 OK --no-vignettes
r-patched-solaris-x86 3.2.4 1651.80 OK
r-release-linux-ix86 3.2.4 7.87 555.62 563.48 OK
r-release-linux-x86_64 3.2.4 6.44 410.19 416.64 OK
r-release-osx-x86_64-mavericks 3.2.4 OK
r-release-osx-x86_64-snowleopard 3.2.4 OK
r-release-windows-ix86+x86_64 3.2.4 23.00 174.00 197.00 OK --no-vignettes
r-oldrel-windows-ix86+x86_64 3.2.4 26.00 243.00 269.00 OK --no-vignettes

Memtest notes: valgrind

Check Details

Version: 3.2.4
Check: dependencies in R code
Result: NOTE
    'library' or 'require' calls in package code:
     ‘lattice’ ‘parallel’
     Please use :: or requireNamespace() instead.
     See section 'Suggested packages' in the 'Writing R Extensions' manual.
Flavors: r-devel-linux-x86_64-debian-clang, r-devel-linux-x86_64-debian-gcc, r-devel-linux-x86_64-fedora-clang, r-devel-linux-x86_64-fedora-gcc, r-devel-osx-x86_64-clang

Version: 3.2.4
Check: S3 generic/method consistency
Result: NOTE
    Found the following apparent S3 methods exported but not registered:
     print.gof.stergm print.stergm print.summary.stergm summary.gof.stergm
     summary.statistics.networkDynamic summary.stergm plot.gof.stergm
     coef.stergm logLik.stergm simulate.network simulate.networkDynamic
     simulate.stergm gof.stergm logLikNull.stergm mcmc.diagnostics.stergm
     summary.statistics.networkDynamic all.same
    See section ‘Registering S3 methods’ in the ‘Writing R Extensions’
    manual.
Flavors: r-devel-linux-x86_64-debian-clang, r-devel-linux-x86_64-debian-gcc, r-devel-linux-x86_64-fedora-clang, r-devel-linux-x86_64-fedora-gcc, r-devel-osx-x86_64-clang

Version: 3.2.4
Flags: --no-vignettes
Check: dependencies in R code
Result: NOTE
    'library' or 'require' calls in package code:
     'lattice' 'parallel'
     Please use :: or requireNamespace() instead.
     See section 'Suggested packages' in the 'Writing R Extensions' manual.
Flavor: r-devel-windows-ix86+x86_64