CRAN Package Check Results for Package tergm

Last updated on 2015-05-29 09:47:41.

Flavor Version Tinstall Tcheck Ttotal Status Flags
r-devel-linux-x86_64-debian-clang 3.2.4 4.89 459.50 464.39 NOTE
r-devel-linux-x86_64-debian-gcc 3.2.4 5.38 840.89 846.26 ERROR
r-devel-linux-x86_64-fedora-clang 3.2.4 874.16 NOTE
r-devel-linux-x86_64-fedora-gcc 3.2.4 730.20 NOTE
r-devel-osx-x86_64-clang 3.2.4 1248.03 NOTE
r-devel-windows-ix86+x86_64 3.2.4 20.00 145.00 165.00 NOTE --no-vignettes
r-patched-linux-x86_64 3.2.4 5.69 381.01 386.70 NOTE
r-patched-solaris-sparc 3.2.4 889.60 NOTE --no-vignettes
r-patched-solaris-x86 3.2.4 1107.00 NOTE
r-release-linux-x86_64 3.2.4 5.62 387.67 393.29 NOTE
r-release-osx-x86_64-mavericks 3.2.4 NOTE
r-release-osx-x86_64-snowleopard 3.2.4 ERROR
r-release-windows-ix86+x86_64 3.2.4 21.00 144.00 165.00 NOTE --no-vignettes
r-oldrel-windows-ix86+x86_64 3.2.4 25.00 264.00 289.00 NOTE --no-vignettes

Check Details

Version: 3.2.4
Check: dependencies in R code
Result: NOTE
    'library' or 'require' calls in package code:
     ‘lattice’ ‘parallel’
     Please use :: or requireNamespace() instead.
     See section 'Suggested packages' in the 'Writing R Extensions' manual.
Flavors: r-devel-linux-x86_64-debian-clang, r-devel-linux-x86_64-debian-gcc, r-devel-linux-x86_64-fedora-clang, r-devel-linux-x86_64-fedora-gcc, r-devel-osx-x86_64-clang, r-patched-linux-x86_64, r-patched-solaris-x86, r-release-linux-x86_64, r-release-osx-x86_64-mavericks

Version: 3.2.4
Check: S3 generic/method consistency
Result: NOTE
    Found the following apparent S3 methods exported but not registered:
     all.same coef.stergm gof.stergm logLik.stergm logLikNull.stergm
     mcmc.diagnostics.stergm plot.gof.stergm print.gof.stergm print.stergm
     print.summary.stergm simulate.network simulate.networkDynamic
     simulate.stergm summary.gof.stergm summary.statistics.networkDynamic
     summary.statistics.networkDynamic summary.stergm
    See section ‘Registering S3 methods’ in the ‘Writing R Extensions’
    manual.
Flavors: r-devel-linux-x86_64-debian-clang, r-devel-linux-x86_64-debian-gcc, r-devel-linux-x86_64-fedora-clang, r-devel-linux-x86_64-fedora-gcc, r-devel-osx-x86_64-clang, r-patched-linux-x86_64, r-patched-solaris-x86, r-release-linux-x86_64

Version: 3.2.4
Check: running R code from vignettes
Result: ERROR
    Errors in running code in vignettes:
    when running code in ‘STERGM.Snw’
     ...
    ======== Phase 2: Find and refine the estimate. ========
    Subphase 2.1 ////////\\\\\
    Subphase 2.2 \\\//\\\\\
    Subphase 2.3 \\\\\
    Subphase 2.4 \\\\\
    Subphase 2.5 /\Warning in FUN(X[[i]], ...) :
     Excessive correlation among the statistics. Using a no-crosscorrelation approximation.
    /Killed
    
    ... incomplete output. Crash?
Flavor: r-devel-linux-x86_64-debian-gcc

Version: 3.2.4
Flags: --no-vignettes
Check: dependencies in R code
Result: NOTE
    'library' or 'require' calls in package code:
     'lattice' 'parallel'
     Please use :: or requireNamespace() instead.
     See section 'Suggested packages' in the 'Writing R Extensions' manual.
Flavors: r-devel-windows-ix86+x86_64, r-patched-solaris-sparc, r-release-windows-ix86+x86_64, r-oldrel-windows-ix86+x86_64

Version: 3.2.4
Flags: --no-vignettes
Check: S3 generic/method consistency
Result: NOTE
    Found the following apparent S3 methods exported but not registered:
     all.same coef.stergm gof.stergm logLik.stergm logLikNull.stergm
     mcmc.diagnostics.stergm plot.gof.stergm print.gof.stergm print.stergm
     print.summary.stergm simulate.network simulate.networkDynamic
     simulate.stergm summary.gof.stergm summary.statistics.networkDynamic
     summary.statistics.networkDynamic summary.stergm
    See section ‘Registering S3 methods’ in the ‘Writing R Extensions’
    manual.
Flavor: r-patched-solaris-sparc

Version: 3.2.4
Check: package dependencies
Result: ERROR
    Package required and available but unsuitable version: ‘ergm’
    
    See section ‘The DESCRIPTION file’ in the ‘Writing R Extensions’
    manual.
Flavor: r-release-osx-x86_64-snowleopard