CRAN Package Check Results for Package tergm

Last updated on 2014-04-23 12:48:29.

Flavor Version Tinstall Tcheck Ttotal Status Flags
r-devel-linux-x86_64-debian-clang 3.1.4 5.56 86.88 92.44 OK
r-devel-linux-x86_64-debian-gcc 3.1.4 6.84 85.66 92.50 OK
r-devel-linux-x86_64-fedora-clang 3.1.4 199.22 OK
r-devel-linux-x86_64-fedora-gcc 3.1.4 197.30 OK
r-devel-osx-x86_64-clang 3.1.4 155.69 OK
r-devel-osx-x86_64-gcc 3.1.4 ERROR
r-devel-windows-ix86+x86_64 3.1.4 23.00 173.00 196.00 OK
r-patched-linux-x86_64 3.1.4 6.45 86.03 92.48 OK
r-patched-solaris-sparc 3.1.4 1072.00 OK
r-patched-solaris-x86 3.1.4 265.90 OK
r-release-linux-ix86 3.1.4 10.00 134.00 144.00 OK
r-release-linux-x86_64 3.1.4 6.46 86.36 92.82 OK
r-release-osx-x86_64-mavericks 3.1.4 WARN
r-release-osx-x86_64-snowleopard 3.1.4 OK
r-release-windows-ix86+x86_64 3.1.4 24.00 179.00 203.00 OK
r-oldrel-windows-ix86+x86_64 3.1.4 24.00 188.00 212.00 OK

Memtest notes: valgrind valgrind

Check Details

Version: 3.1.4
Check: package dependencies
Result: ERROR
    Packages required but not available: ‘ergm’ ‘robustbase’
    
    See the information on DESCRIPTION files in the chapter ‘Creating R
    packages’ of the ‘Writing R Extensions’ manual.
Flavor: r-devel-osx-x86_64-gcc

Version: 3.1.4
Check: PDF version of manual
Result: WARNING
    LaTeX errors when creating PDF version.
    This typically indicates Rd problems.
    LaTeX errors found:
    ! LaTeX Error: File `upquote.sty' not found.
    
    Type X to quit or <RETURN> to proceed,
    or enter new name. (Default extension: sty)
    
    8e18703/Rd2.tex:8: ==> Fatal error occurred, no output PDF file produced!
Flavor: r-release-osx-x86_64-mavericks