CRAN Package Check Results for Package tergm

Last updated on 2017-03-25 03:48:19.

Flavor Version Tinstall Tcheck Ttotal Status Flags
r-devel-linux-x86_64-debian-clang 3.4.0 5.92 394.54 400.46 NOTE
r-devel-linux-x86_64-debian-gcc 3.4.0 6.02 370.70 376.71 NOTE
r-devel-linux-x86_64-fedora-clang 3.4.0 822.80 NOTE --no-stop-on-test-error
r-devel-linux-x86_64-fedora-gcc 3.4.0 871.44 NOTE --no-stop-on-test-error
r-devel-macos-x86_64-clang 3.4.0 525.17 NOTE --no-stop-on-test-error
r-patched-linux-x86_64 3.4.0 5.58 337.57 343.14 OK
r-patched-solaris-sparc 3.4.0 2141.50 OK --no-vignettes
r-patched-solaris-x86 3.4.0 1076.40 OK
r-release-linux-x86_64 3.4.0 5.42 343.75 349.17 OK
r-release-osx-x86_64-mavericks 3.4.0 OK
r-release-windows-ix86+x86_64 3.4.0 30.00 509.00 539.00 ERROR --no-vignettes
r-oldrel-windows-ix86+x86_64 3.4.0 16.00 5.00 21.00 ERROR --no-vignettes

Check Details

Version: 3.4.0
Check: compiled code
Result: NOTE
    File ‘tergm/libs/tergm.so’:
     Found no calls to: ‘R_registerRoutines’, ‘R_useDynamicSymbols’
    
    It is good practice to register native routines and to disable symbol
    search.
    
    See ‘Writing portable packages’ in the ‘Writing R Extensions’ manual.
Flavors: r-devel-linux-x86_64-debian-clang, r-devel-linux-x86_64-debian-gcc

Version: 3.4.0
Flags: --no-stop-on-test-error
Check: compiled code
Result: NOTE
    File ‘tergm/libs/tergm.so’:
     Found no calls to: ‘R_registerRoutines’, ‘R_useDynamicSymbols’
    
    It is good practice to register native routines and to disable symbol
    search.
    
    See ‘Writing portable packages’ in the ‘Writing R Extensions’ manual.
Flavors: r-devel-linux-x86_64-fedora-clang, r-devel-linux-x86_64-fedora-gcc, r-devel-macos-x86_64-clang

Version: 3.4.0
Flags: --no-vignettes
Check: whether package can be installed
Result: ERROR
    Installation failed.
Flavors: r-release-windows-ix86+x86_64, r-oldrel-windows-ix86+x86_64