CRAN Package Check Results for Package tergm

Last updated on 2015-03-26 19:47:55.

Flavor Version Tinstall Tcheck Ttotal Status Flags
r-devel-linux-x86_64-debian-clang 3.2.4 4.84 407.06 411.90 NOTE
r-devel-linux-x86_64-debian-gcc 3.2.4 5.34 396.77 402.11 NOTE
r-devel-linux-x86_64-fedora-clang 3.2.4 830.00 NOTE
r-devel-linux-x86_64-fedora-gcc 3.2.4 849.80 NOTE
r-devel-osx-x86_64-clang 3.2.4 536.69 NOTE
r-prerel-windows-ix86+x86_64 3.2.4 21.00 143.00 164.00 NOTE --no-vignettes
r-prerel-linux-x86_64 3.2.4 5.37 453.87 459.24 NOTE
r-prerel-solaris-sparc 3.2.4 914.30 NOTE --no-vignettes
r-prerel-solaris-x86 3.2.4 1147.70 NOTE
r-release-linux-x86_64 3.2.4 6.86 407.52 414.38 NOTE
r-release-osx-x86_64-mavericks 3.2.4 OK
r-release-osx-x86_64-snowleopard 3.2.4 OK
r-release-windows-ix86+x86_64 3.2.4 24.00 196.00 220.00 NOTE --no-vignettes
r-oldrel-windows-ix86+x86_64 3.2.4 26.00 269.00 295.00 OK --no-vignettes

Check Details

Version: 3.2.4
Check: dependencies in R code
Result: NOTE
    'library' or 'require' calls in package code:
     ‘lattice’ ‘parallel’
     Please use :: or requireNamespace() instead.
     See section 'Suggested packages' in the 'Writing R Extensions' manual.
Flavors: r-devel-linux-x86_64-debian-clang, r-devel-linux-x86_64-debian-gcc, r-devel-linux-x86_64-fedora-clang, r-devel-linux-x86_64-fedora-gcc, r-devel-osx-x86_64-clang, r-prerel-linux-x86_64, r-prerel-solaris-x86, r-release-linux-x86_64

Version: 3.2.4
Check: S3 generic/method consistency
Result: NOTE
    Found the following apparent S3 methods exported but not registered:
     all.same coef.stergm gof.stergm logLik.stergm logLikNull.stergm
     mcmc.diagnostics.stergm plot.gof.stergm print.gof.stergm print.stergm
     print.summary.stergm simulate.network simulate.networkDynamic
     simulate.stergm summary.gof.stergm summary.statistics.networkDynamic
     summary.statistics.networkDynamic summary.stergm
    See section ‘Registering S3 methods’ in the ‘Writing R Extensions’
    manual.
Flavors: r-devel-linux-x86_64-debian-clang, r-devel-linux-x86_64-debian-gcc, r-devel-linux-x86_64-fedora-clang, r-devel-linux-x86_64-fedora-gcc, r-devel-osx-x86_64-clang, r-prerel-linux-x86_64

Version: 3.2.4
Flags: --no-vignettes
Check: dependencies in R code
Result: NOTE
    'library' or 'require' calls in package code:
     'lattice' 'parallel'
     Please use :: or requireNamespace() instead.
     See section 'Suggested packages' in the 'Writing R Extensions' manual.
Flavors: r-prerel-windows-ix86+x86_64, r-prerel-solaris-sparc, r-release-windows-ix86+x86_64