CRAN Package Check Results for Package tergm

Last updated on 2014-09-02 03:49:51.

Flavor Version Tinstall Tcheck Ttotal Status Flags
r-devel-linux-x86_64-debian-clang 3.1.4 5.30 81.68 86.99 NOTE
r-devel-linux-x86_64-debian-gcc 3.1.4 6.05 79.18 85.23 NOTE
r-devel-linux-x86_64-fedora-clang 3.1.4 194.15 NOTE
r-devel-linux-x86_64-fedora-gcc 3.1.4 189.85 NOTE
r-devel-osx-x86_64-clang 3.1.4 146.17 NOTE
r-devel-windows-ix86+x86_64 3.1.4 23.00 179.00 202.00 NOTE
r-patched-linux-x86_64 3.1.4 6.45 85.08 91.53 OK
r-patched-solaris-sparc 3.1.4 1061.30 OK
r-patched-solaris-x86 3.1.4 259.80 OK
r-release-linux-ix86 3.1.4 7.98 102.90 110.88 OK
r-release-linux-x86_64 3.1.4 6.32 84.33 90.66 OK
r-release-osx-x86_64-mavericks 3.1.4 OK
r-release-osx-x86_64-snowleopard 3.1.4 OK
r-release-windows-ix86+x86_64 3.1.4 21.00 171.00 192.00 OK
r-oldrel-windows-ix86+x86_64 3.1.4 31.00 185.00 216.00 OK

Memtest notes: valgrind valgrind

Check Details

Version: 3.1.4
Check: R code for possible problems
Result: NOTE
    .my.levelplot: no visible global function definition for ‘levelplot’
    gof.stergm: no visible global function definition for ‘gof’
    stergm.EGMME.GD : eval.optpars: no visible global function definition
     for ‘clusterApplyLB’
    stergm.EGMME.GD : eval.optpars: no visible global function definition
     for ‘robust.inverse’
    stergm.EGMME.SA : do.optimization: no visible global function
     definition for ‘clusterApply’
    stergm.EGMME.SA : do.optimization: no visible global function
     definition for ‘xyplot’
    stergm.EGMME.SA : do.optimization : <anonymous>: no visible global
     function definition for ‘panel.xyplot’
    stergm.EGMME.SA : do.optimization : <anonymous>: no visible global
     function definition for ‘panel.abline’
    stergm.EGMME.SA : V.sandwich: no visible global function definition for
     ‘robust.inverse’
    stergm.EGMME.SA : best.states: no visible global function definition
     for ‘robust.inverse’
    stergm.EGMME.SA: no visible global function definition for
     ‘clusterApply’
    stergm.EGMME.SA: no visible global function definition for
     ‘robust.inverse’
Flavors: r-devel-linux-x86_64-debian-clang, r-devel-linux-x86_64-debian-gcc, r-devel-linux-x86_64-fedora-clang, r-devel-linux-x86_64-fedora-gcc, r-devel-osx-x86_64-clang, r-devel-windows-ix86+x86_64