CRAN Package Check Results for Package tergm

Last updated on 2015-04-18 17:51:06.

Flavor Version Tinstall Tcheck Ttotal Status Flags
r-devel-linux-x86_64-debian-clang 3.2.4 4.69 416.98 421.67 NOTE
r-devel-linux-x86_64-debian-gcc 3.2.4 5.44 410.32 415.76 NOTE
r-devel-linux-x86_64-fedora-clang 3.2.4 766.01 NOTE
r-devel-linux-x86_64-fedora-gcc 3.2.4 769.82 NOTE
r-devel-osx-x86_64-clang 3.2.4 526.42 NOTE
r-patched-linux-x86_64 3.2.4 5.40 400.41 405.80 NOTE
r-patched-solaris-sparc 3.2.4 914.30 NOTE --no-vignettes
r-patched-solaris-x86 3.2.4 1123.10 NOTE
r-release-linux-x86_64 3.2.4 5.40 371.82 377.22 NOTE
r-release-osx-x86_64-mavericks 3.2.4 ERROR
r-release-osx-x86_64-snowleopard 3.2.4 ERROR
r-release-windows-ix86+x86_64 3.2.4 22.00 189.00 211.00 NOTE --no-vignettes
r-oldrel-windows-ix86+x86_64 3.2.4 29.00 237.00 266.00 OK --no-vignettes

Check Details

Version: 3.2.4
Check: dependencies in R code
Result: NOTE
    'library' or 'require' calls in package code:
     ‘lattice’ ‘parallel’
     Please use :: or requireNamespace() instead.
     See section 'Suggested packages' in the 'Writing R Extensions' manual.
Flavors: r-devel-linux-x86_64-debian-clang, r-devel-linux-x86_64-debian-gcc, r-devel-linux-x86_64-fedora-clang, r-devel-linux-x86_64-fedora-gcc, r-devel-osx-x86_64-clang, r-patched-linux-x86_64, r-patched-solaris-x86, r-release-linux-x86_64

Version: 3.2.4
Check: S3 generic/method consistency
Result: NOTE
    Found the following apparent S3 methods exported but not registered:
     all.same coef.stergm gof.stergm logLik.stergm logLikNull.stergm
     mcmc.diagnostics.stergm plot.gof.stergm print.gof.stergm print.stergm
     print.summary.stergm simulate.network simulate.networkDynamic
     simulate.stergm summary.gof.stergm summary.statistics.networkDynamic
     summary.statistics.networkDynamic summary.stergm
    See section ‘Registering S3 methods’ in the ‘Writing R Extensions’
    manual.
Flavors: r-devel-linux-x86_64-debian-clang, r-devel-linux-x86_64-debian-gcc, r-devel-linux-x86_64-fedora-clang, r-devel-linux-x86_64-fedora-gcc, r-devel-osx-x86_64-clang, r-patched-linux-x86_64, r-release-linux-x86_64

Version: 3.2.4
Flags: --no-vignettes
Check: dependencies in R code
Result: NOTE
    'library' or 'require' calls in package code:
     ‘lattice’ ‘parallel’
     Please use :: or requireNamespace() instead.
     See section 'Suggested packages' in the 'Writing R Extensions' manual.
Flavors: r-patched-solaris-sparc, r-release-windows-ix86+x86_64

Version: 3.2.4
Check: package dependencies
Result: ERROR
    Package required but not available: ‘ergm’
    
    See section ‘The DESCRIPTION file’ in the ‘Writing R Extensions’
    manual.
Flavor: r-release-osx-x86_64-mavericks

Version: 3.2.4
Check: package dependencies
Result: ERROR
    Package required and available but unsuitable version: ‘ergm’
    
    See section ‘The DESCRIPTION file’ in the ‘Writing R Extensions’
    manual.
Flavor: r-release-osx-x86_64-snowleopard