CRAN Package Check Results for Package tergm

Last updated on 2017-08-22 23:47:49.

Flavor Version Tinstall Tcheck Ttotal Status Flags
r-devel-linux-x86_64-debian-clang 3.4.0 6.12 377.06 383.17 NOTE
r-devel-linux-x86_64-debian-gcc 3.4.0 6.08 408.64 414.72 NOTE
r-devel-linux-x86_64-fedora-clang 3.4.0 892.64 NOTE
r-devel-linux-x86_64-fedora-gcc 3.4.0 817.94 NOTE
r-devel-windows-ix86+x86_64 3.4.0 25.00 510.00 535.00 OK --no-vignettes
r-patched-linux-x86_64 3.4.0 6.05 388.26 394.31 NOTE
r-patched-solaris-x86 3.4.0 1472.80 OK
r-release-linux-x86_64 3.4.0 6.32 401.21 407.53 NOTE
r-release-windows-ix86+x86_64 3.4.0 14.00 8.00 22.00 OK --no-vignettes
r-release-osx-x86_64 3.4.0 OK
r-oldrel-windows-ix86+x86_64 3.4.0 24.00 375.00 399.00 OK --no-vignettes
r-oldrel-osx-x86_64 3.4.0 OK

Check Details

Version: 3.4.0
Check: compiled code
Result: NOTE
    File ‘tergm/libs/tergm.so’:
     Found no calls to: ‘R_registerRoutines’, ‘R_useDynamicSymbols’
    
    It is good practice to register native routines and to disable symbol
    search.
    
    See ‘Writing portable packages’ in the ‘Writing R Extensions’ manual.
Flavors: r-devel-linux-x86_64-debian-clang, r-devel-linux-x86_64-debian-gcc, r-devel-linux-x86_64-fedora-clang, r-devel-linux-x86_64-fedora-gcc, r-patched-linux-x86_64, r-release-linux-x86_64