CRAN Package Check Results for Package termstrc

Last updated on 2015-04-01 03:49:32.

Flavor Version Tinstall Tcheck Ttotal Status Flags
r-devel-linux-x86_64-debian-clang 1.3.7 5.68 28.35 34.03 NOTE
r-devel-linux-x86_64-debian-gcc 1.3.7 8.60 28.86 37.46 NOTE
r-devel-linux-x86_64-fedora-clang 1.3.7 69.15 NOTE
r-devel-linux-x86_64-fedora-gcc 1.3.7 68.27 NOTE
r-devel-osx-x86_64-clang 1.3.7 66.57 NOTE
r-prerel-windows-ix86+x86_64 1.3.7 28.00 58.00 86.00 OK
r-prerel-linux-x86_64 1.3.7 6.87 30.17 37.04 NOTE
r-prerel-solaris-sparc 1.3.7 443.90 OK
r-prerel-solaris-x86 1.3.7 91.00 OK
r-release-linux-x86_64 1.3.7 7.52 35.86 43.38 OK
r-release-osx-x86_64-mavericks 1.3.7 OK
r-release-osx-x86_64-snowleopard 1.3.7 OK
r-release-windows-ix86+x86_64 1.3.7 26.00 70.00 96.00 OK
r-oldrel-windows-ix86+x86_64 1.3.7 27.00 71.00 98.00 OK

Check Details

Version: 1.3.7
Check: S3 generic/method consistency
Result: NOTE
    Found the following apparent S3 methods exported but not registered:
     plot.df_curves plot.dyntermstrc_nss plot.dyntermstrc_param
     plot.dyntermstrc_yields plot.error plot.fwr_curves plot.ir_curve
     plot.s_curves plot.spot_curves plot.spsearch plot.termstrc_cs
     plot.termstrc_nss plot.zeroyields print.couponbonds
     print.dyncouponbonds print.dyntermstrc_nss print.dyntermstrc_yields
     print.summary.dyntermstrc_nss print.summary.dyntermstrc_param
     print.summary.dyntermstrc_yields print.summary.termstrc_cs
     print.summary.termstrc_nss print.termstrc_cs print.termstrc_nss
     print.zeroyields summary.dyntermstrc_nss summary.dyntermstrc_param
     summary.dyntermstrc_yields summary.termstrc_cs summary.termstrc_nss
     summary.zeroyields
    See section ‘Registering S3 methods’ in the ‘Writing R Extensions’
    manual.
Flavors: r-devel-linux-x86_64-debian-clang, r-devel-linux-x86_64-debian-gcc, r-devel-linux-x86_64-fedora-clang, r-devel-linux-x86_64-fedora-gcc, r-devel-osx-x86_64-clang, r-prerel-linux-x86_64