CRAN Package Check Results for Package termstrc

Last updated on 2015-01-30 18:51:43.

Flavor Version Tinstall Tcheck Ttotal Status Flags
r-devel-linux-x86_64-debian-clang 1.3.7 6.42 28.38 34.80 NOTE
r-devel-linux-x86_64-debian-gcc 1.3.7 6.92 30.09 37.01 NOTE
r-devel-linux-x86_64-fedora-clang 1.3.7 75.30 NOTE
r-devel-linux-x86_64-fedora-gcc 1.3.7 77.99 NOTE
r-devel-osx-x86_64-clang 1.3.7 69.15 NOTE
r-devel-windows-ix86+x86_64 1.3.7 41.00 61.00 102.00 OK
r-patched-linux-x86_64 1.3.7 7.41 35.30 42.71 OK
r-patched-solaris-sparc 1.3.7 469.60 OK
r-patched-solaris-x86 1.3.7 106.50 OK
r-release-linux-ix86 1.3.7 9.01 43.03 52.04 OK
r-release-linux-x86_64 1.3.7 7.35 34.63 41.98 OK
r-release-osx-x86_64-mavericks 1.3.7 OK
r-release-osx-x86_64-snowleopard 1.3.7 OK
r-release-windows-ix86+x86_64 1.3.7 24.00 72.00 96.00 OK
r-oldrel-windows-ix86+x86_64 1.3.7 27.00 72.00 99.00 OK

Check Details

Version: 1.3.7
Check: S3 generic/method consistency
Result: NOTE
    Found the following apparent S3 methods exported but not registered:
     print.couponbonds print.dyncouponbonds print.dyntermstrc_nss
     print.dyntermstrc_yields print.summary.dyntermstrc_nss
     print.summary.dyntermstrc_param print.summary.dyntermstrc_yields
     print.summary.termstrc_cs print.summary.termstrc_nss
     print.termstrc_cs print.termstrc_nss print.zeroyields
     summary.dyntermstrc_nss summary.dyntermstrc_param
     summary.dyntermstrc_yields summary.termstrc_cs summary.termstrc_nss
     summary.zeroyields plot.df_curves plot.dyntermstrc_nss
     plot.dyntermstrc_param plot.dyntermstrc_yields plot.error
     plot.fwr_curves plot.ir_curve plot.s_curves plot.spot_curves
     plot.spsearch plot.termstrc_cs plot.termstrc_nss plot.zeroyields
    See section ‘Registering S3 methods’ in the ‘Writing R Extensions’
    manual.
Flavors: r-devel-linux-x86_64-debian-clang, r-devel-linux-x86_64-debian-gcc, r-devel-linux-x86_64-fedora-clang, r-devel-linux-x86_64-fedora-gcc, r-devel-osx-x86_64-clang