CRAN Package Check Results for Package termstrc

Last updated on 2015-03-01 08:49:08.

Flavor Version Tinstall Tcheck Ttotal Status Flags
r-devel-linux-x86_64-debian-clang 1.3.7 5.55 29.77 35.32 NOTE
r-devel-linux-x86_64-debian-gcc 1.3.7 8.36 28.57 36.93 NOTE
r-devel-linux-x86_64-fedora-clang 1.3.7 68.96 NOTE
r-devel-linux-x86_64-fedora-gcc 1.3.7 67.51 NOTE
r-devel-osx-x86_64-clang 1.3.7 63.43 NOTE
r-devel-windows-ix86+x86_64 1.3.7 36.00 57.00 93.00 OK
r-patched-linux-x86_64 1.3.7 9.56 36.92 46.48 OK
r-patched-solaris-sparc 1.3.7 469.60 OK
r-patched-solaris-x86 1.3.7 105.70 OK
r-release-linux-ix86 1.3.7 9.20 43.70 52.90 OK
r-release-linux-x86_64 1.3.7 7.35 35.77 43.12 OK
r-release-osx-x86_64-mavericks 1.3.7 OK
r-release-osx-x86_64-snowleopard 1.3.7 OK
r-release-windows-ix86+x86_64 1.3.7 29.00 74.00 103.00 OK
r-oldrel-windows-ix86+x86_64 1.3.7 28.00 75.00 103.00 OK

Check Details

Version: 1.3.7
Check: S3 generic/method consistency
Result: NOTE
    Found the following apparent S3 methods exported but not registered:
     plot.df_curves plot.dyntermstrc_nss plot.dyntermstrc_param
     plot.dyntermstrc_yields plot.error plot.fwr_curves plot.ir_curve
     plot.s_curves plot.spot_curves plot.spsearch plot.termstrc_cs
     plot.termstrc_nss plot.zeroyields print.couponbonds
     print.dyncouponbonds print.dyntermstrc_nss print.dyntermstrc_yields
     print.summary.dyntermstrc_nss print.summary.dyntermstrc_param
     print.summary.dyntermstrc_yields print.summary.termstrc_cs
     print.summary.termstrc_nss print.termstrc_cs print.termstrc_nss
     print.zeroyields summary.dyntermstrc_nss summary.dyntermstrc_param
     summary.dyntermstrc_yields summary.termstrc_cs summary.termstrc_nss
     summary.zeroyields
    See section ‘Registering S3 methods’ in the ‘Writing R Extensions’
    manual.
Flavors: r-devel-linux-x86_64-debian-clang, r-devel-linux-x86_64-debian-gcc, r-devel-linux-x86_64-fedora-clang, r-devel-linux-x86_64-fedora-gcc, r-devel-osx-x86_64-clang