CRAN Package Check Results for Package termstrc

Last updated on 2016-05-06 23:47:16.

Flavor Version Tinstall Tcheck Ttotal Status Flags
r-devel-linux-x86_64-debian-gcc 1.3.7 6.59 29.95 36.54 NOTE
r-devel-linux-x86_64-fedora-clang 1.3.7 68.16 NOTE
r-devel-linux-x86_64-fedora-gcc 1.3.7 63.60 NOTE
r-devel-osx-x86_64-clang 1.3.7 74.90 NOTE
r-devel-windows-ix86+x86_64 1.3.7 33.00 87.00 120.00 NOTE
r-patched-linux-x86_64 1.3.7 6.43 29.67 36.10 NOTE
r-patched-solaris-sparc 1.3.7 411.30 NOTE
r-patched-solaris-x86 1.3.7 86.50 NOTE
r-release-linux-x86_64 1.3.7 6.46 29.54 36.00 NOTE
r-release-osx-x86_64-mavericks 1.3.7 WARN
r-release-windows-ix86+x86_64 1.3.7 33.00 87.00 120.00 NOTE
r-oldrel-windows-ix86+x86_64 1.3.7 39.00 89.00 128.00 OK

Check Details

Version: 1.3.7
Check: S3 generic/method consistency
Result: NOTE
    Found the following apparent S3 methods exported but not registered:
     plot.df_curves plot.dyntermstrc_nss plot.dyntermstrc_param
     plot.dyntermstrc_yields plot.error plot.fwr_curves plot.ir_curve
     plot.s_curves plot.spot_curves plot.spsearch plot.termstrc_cs
     plot.termstrc_nss plot.zeroyields print.couponbonds
     print.dyncouponbonds print.dyntermstrc_nss print.dyntermstrc_yields
     print.summary.dyntermstrc_nss print.summary.dyntermstrc_param
     print.summary.dyntermstrc_yields print.summary.termstrc_cs
     print.summary.termstrc_nss print.termstrc_cs print.termstrc_nss
     print.zeroyields summary.dyntermstrc_nss summary.dyntermstrc_param
     summary.dyntermstrc_yields summary.termstrc_cs summary.termstrc_nss
     summary.zeroyields
    See section ‘Registering S3 methods’ in the ‘Writing R Extensions’
    manual.
Flavors: r-devel-linux-x86_64-debian-gcc, r-devel-linux-x86_64-fedora-clang, r-devel-linux-x86_64-fedora-gcc, r-devel-osx-x86_64-clang, r-patched-linux-x86_64, r-patched-solaris-sparc, r-patched-solaris-x86, r-release-linux-x86_64

Version: 1.3.7
Check: R code for possible problems
Result: NOTE
    bond_yields: no visible global function definition for ‘uniroot’
    estim_cs.couponbonds : <anonymous>: no visible global function
     definition for ‘lm’
    estim_cs.couponbonds: no visible binding for global variable ‘coef’
    estim_cs.couponbonds: no visible binding for global variable ‘vcov’
    estim_cs.couponbonds : <anonymous>: no visible global function
     definition for ‘qt’
    estimateyieldcurve: no visible global function definition for
     ‘constrOptim’
    estimatezcyieldcurve: no visible global function definition for
     ‘constrOptim’
    fcontrib.dyntermstrc_param: no visible global function definition for
     ‘par’
    fcontrib.dyntermstrc_param: no visible global function definition for
     ‘plot’
    fcontrib.dyntermstrc_param: no visible global function definition for
     ‘lines’
    fcontrib.dyntermstrc_param: no visible global function definition for
     ‘abline’
    fcontrib.dyntermstrc_param: no visible global function definition for
     ‘legend’
    fcontrib.dyntermstrc_param: no visible global function definition for
     ‘box’
    findstartparambonds: no visible global function definition for
     ‘constrOptim’
    findstartparamyields: no visible global function definition for
     ‘constrOptim’
    plot.dyntermstrc_param: no visible global function definition for ‘par’
    plot.dyntermstrc_param: no visible global function definition for
     ‘plot’
    plot.dyntermstrc_param: no visible global function definition for
     ‘grid’
    plot.dyntermstrc_param: no visible global function definition for ‘acf’
    plot.dyntermstrc_param: no visible global function definition for
     ‘pacf’
    plot.error: no visible global function definition for ‘par’
    plot.error: no visible global function definition for ‘plot’
    plot.error: no visible global function definition for ‘axis’
    plot.error: no visible global function definition for ‘mtext’
    plot.error: no visible global function definition for ‘lines’
    plot.error: no visible global function definition for ‘title’
    plot.ir_curve: no visible global function definition for ‘plot’
    plot.s_curves: no visible global function definition for ‘plot’
    plot.s_curves: no visible global function definition for ‘lines’
    plot.s_curves: no visible global function definition for ‘title’
    plot.s_curves: no visible global function definition for ‘legend’
    plot.spot_curves: no visible global function definition for ‘plot’
    plot.spot_curves: no visible global function definition for ‘lines’
    plot.spot_curves: no visible global function definition for ‘title’
    plot.spot_curves: no visible global function definition for ‘legend’
    plot.spot_curves: no visible global function definition for ‘par’
    plot.spsearch: no visible global function definition for ‘image’
    plot.spsearch: no visible global function definition for ‘contour’
    plot.spsearch: no visible global function definition for ‘points’
    plot.spsearch: no visible global function definition for ‘par’
    plot.spsearch: no visible global function definition for ‘persp’
    plot.spsearch: no visible global function definition for ‘plot’
    plot.termstrc_cs: no visible global function definition for ‘plot’
    plot.termstrc_cs: no visible global function definition for ‘par’
    plot.termstrc_cs: no visible global function definition for ‘title’
    plot.termstrc_cs: no visible global function definition for ‘points’
    plot.termstrc_cs: no visible global function definition for ‘lines’
    plot.termstrc_cs: no visible global function definition for ‘abline’
    plot.termstrc_cs: no visible global function definition for ‘legend’
    plot.termstrc_nss: no visible global function definition for ‘plot’
    plot.termstrc_nss: no visible global function definition for ‘par’
    plot.termstrc_nss: no visible global function definition for ‘title’
    plot.termstrc_nss: no visible global function definition for ‘points’
    plot.termstrc_nss: no visible global function definition for ‘legend’
    summary.dyntermstrc_param: no visible global function definition for
     ‘cor’
    Undefined global functions or variables:
     abline acf axis box coef constrOptim contour cor grid image legend
     lines lm mtext pacf par persp plot points qt title uniroot vcov
    Consider adding
     importFrom("graphics", "abline", "axis", "box", "contour", "grid",
     "image", "legend", "lines", "mtext", "par", "persp", "plot",
     "points", "title")
     importFrom("stats", "acf", "coef", "constrOptim", "cor", "lm", "pacf",
     "qt", "uniroot", "vcov")
    to your NAMESPACE file.
Flavors: r-devel-linux-x86_64-debian-gcc, r-devel-linux-x86_64-fedora-clang, r-devel-linux-x86_64-fedora-gcc, r-devel-osx-x86_64-clang, r-devel-windows-ix86+x86_64, r-patched-linux-x86_64, r-patched-solaris-sparc, r-patched-solaris-x86, r-release-linux-x86_64, r-release-windows-ix86+x86_64

Version: 1.3.7
Check: whether package can be installed
Result: WARN
    Found the following significant warnings:
     Warning: 'rgl_init' failed, running with rgl.useNULL = TRUE
Flavor: r-release-osx-x86_64-mavericks

Version: 1.3.7
Check: dependencies in R code
Result: NOTE
    Invalid MIT-MAGIC-COOKIE-1 key
Flavor: r-release-osx-x86_64-mavericks

Version: 1.3.7
Check: S3 generic/method consistency
Result: WARN
    Invalid MIT-MAGIC-COOKIE-1 key
    See section ‘Generic functions and methods’ in the ‘Writing R
    Extensions’ manual.
Flavor: r-release-osx-x86_64-mavericks

Version: 1.3.7
Check: replacement functions
Result: WARN
    Invalid MIT-MAGIC-COOKIE-1 key
    The argument of a replacement function which corresponds to the right
    hand side must be named ‘value’.
Flavor: r-release-osx-x86_64-mavericks

Version: 1.3.7
Check: foreign function calls
Result: NOTE
    Invalid MIT-MAGIC-COOKIE-1 key
    See chapter ‘System and foreign language interfaces’ in the ‘Writing R
    Extensions’ manual.
Flavor: r-release-osx-x86_64-mavericks

Version: 1.3.7
Check: R code for possible problems
Result: NOTE
    Invalid MIT-MAGIC-COOKIE-1 keybond_yields: no visible global function definition for ‘uniroot’
    estim_cs.couponbonds : <anonymous>: no visible global function
     definition for ‘lm’
    estim_cs.couponbonds: no visible binding for global variable ‘coef’
    estim_cs.couponbonds: no visible binding for global variable ‘vcov’
    estim_cs.couponbonds : <anonymous>: no visible global function
     definition for ‘qt’
    estimateyieldcurve: no visible global function definition for
     ‘constrOptim’
    estimatezcyieldcurve: no visible global function definition for
     ‘constrOptim’
    fcontrib.dyntermstrc_param: no visible global function definition for
     ‘par’
    fcontrib.dyntermstrc_param: no visible global function definition for
     ‘plot’
    fcontrib.dyntermstrc_param: no visible global function definition for
     ‘lines’
    fcontrib.dyntermstrc_param: no visible global function definition for
     ‘abline’
    fcontrib.dyntermstrc_param: no visible global function definition for
     ‘legend’
    fcontrib.dyntermstrc_param: no visible global function definition for
     ‘box’
    findstartparambonds: no visible global function definition for
     ‘constrOptim’
    findstartparamyields: no visible global function definition for
     ‘constrOptim’
    plot.dyntermstrc_param: no visible global function definition for ‘par’
    plot.dyntermstrc_param: no visible global function definition for
     ‘plot’
    plot.dyntermstrc_param: no visible global function definition for
     ‘grid’
    plot.dyntermstrc_param: no visible global function definition for ‘acf’
    plot.dyntermstrc_param: no visible global function definition for
     ‘pacf’
    plot.error: no visible global function definition for ‘par’
    plot.error: no visible global function definition for ‘plot’
    plot.error: no visible global function definition for ‘axis’
    plot.error: no visible global function definition for ‘mtext’
    plot.error: no visible global function definition for ‘lines’
    plot.error: no visible global function definition for ‘title’
    plot.ir_curve: no visible global function definition for ‘plot’
    plot.s_curves: no visible global function definition for ‘plot’
    plot.s_curves: no visible global function definition for ‘lines’
    plot.s_curves: no visible global function definition for ‘title’
    plot.s_curves: no visible global function definition for ‘legend’
    plot.spot_curves: no visible global function definition for ‘plot’
    plot.spot_curves: no visible global function definition for ‘lines’
    plot.spot_curves: no visible global function definition for ‘title’
    plot.spot_curves: no visible global function definition for ‘legend’
    plot.spot_curves: no visible global function definition for ‘par’
    plot.spsearch: no visible global function definition for ‘image’
    plot.spsearch: no visible global function definition for ‘contour’
    plot.spsearch: no visible global function definition for ‘points’
    plot.spsearch: no visible global function definition for ‘par’
    plot.spsearch: no visible global function definition for ‘persp’
    plot.spsearch: no visible global function definition for ‘plot’
    plot.termstrc_cs: no visible global function definition for ‘plot’
    plot.termstrc_cs: no visible global function definition for ‘par’
    plot.termstrc_cs: no visible global function definition for ‘title’
    plot.termstrc_cs: no visible global function definition for ‘points’
    plot.termstrc_cs: no visible global function definition for ‘lines’
    plot.termstrc_cs: no visible global function definition for ‘abline’
    plot.termstrc_cs: no visible global function definition for ‘legend’
    plot.termstrc_nss: no visible global function definition for ‘plot’
    plot.termstrc_nss: no visible global function definition for ‘par’
    plot.termstrc_nss: no visible global function definition for ‘title’
    plot.termstrc_nss: no visible global function definition for ‘points’
    plot.termstrc_nss: no visible global function definition for ‘legend’
    summary.dyntermstrc_param: no visible global function definition for
     ‘cor’
    Undefined global functions or variables:
     abline acf axis box coef constrOptim contour cor grid image legend
     lines lm mtext pacf par persp plot points qt title uniroot vcov
    Consider adding
     importFrom("graphics", "abline", "axis", "box", "contour", "grid",
     "image", "legend", "lines", "mtext", "par", "persp", "plot",
     "points", "title")
     importFrom("stats", "acf", "coef", "constrOptim", "cor", "lm", "pacf",
     "qt", "uniroot", "vcov")
    to your NAMESPACE file.
Flavor: r-release-osx-x86_64-mavericks

Version: 1.3.7
Check: for missing documentation entries
Result: WARN
    Invalid MIT-MAGIC-COOKIE-1 key
    All user-level objects in a package should have documentation entries.
    See chapter ‘Writing R documentation files’ in the ‘Writing R
    Extensions’ manual.
Flavor: r-release-osx-x86_64-mavericks

Version: 1.3.7
Check: for code/documentation mismatches
Result: WARN
    Invalid MIT-MAGIC-COOKIE-1 key
    Invalid MIT-MAGIC-COOKIE-1 key
    Invalid MIT-MAGIC-COOKIE-1 key
Flavor: r-release-osx-x86_64-mavericks

Version: 1.3.7
Check: Rd \usage sections
Result: NOTE
    Invalid MIT-MAGIC-COOKIE-1 key
    The \usage entries for S3 methods should use the \method markup and not
    their full name.
    See chapter ‘Writing R documentation files’ in the ‘Writing R
    Extensions’ manual.
Flavor: r-release-osx-x86_64-mavericks