CRAN Package Check Results for Package termstrc

Last updated on 2014-04-24 17:49:55.

Flavor Version Tinstall Tcheck Ttotal Status Flags
r-devel-linux-x86_64-debian-clang 1.3.7 6.03 36.43 42.46 OK
r-devel-linux-x86_64-debian-gcc 1.3.7 7.72 35.94 43.65 OK
r-devel-linux-x86_64-fedora-clang 1.3.7 82.80 OK
r-devel-linux-x86_64-fedora-gcc 1.3.7 78.44 OK
r-devel-osx-x86_64-clang 1.3.7 72.01 OK
r-devel-osx-x86_64-gcc 1.3.7 ERROR
r-devel-windows-ix86+x86_64 1.3.7 25.00 65.00 90.00 OK
r-patched-linux-x86_64 1.3.7 7.58 35.35 42.93 OK
r-patched-solaris-sparc 1.3.7 462.80 OK
r-patched-solaris-x86 1.3.7 108.50 OK
r-release-linux-ix86 1.3.7 11.00 61.00 72.00 OK
r-release-linux-x86_64 1.3.7 7.49 35.42 42.91 OK
r-release-osx-x86_64-mavericks 1.3.7 WARN
r-release-osx-x86_64-snowleopard 1.3.7 OK
r-release-windows-ix86+x86_64 1.3.7 23.00 68.00 91.00 OK
r-oldrel-windows-ix86+x86_64 1.3.7 21.00 70.00 91.00 OK

Check Details

Version: 1.3.7
Check: package dependencies
Result: ERROR
    Packages required but not available: ‘lmtest’ ‘sandwich’ ‘zoo’
    
    See the information on DESCRIPTION files in the chapter ‘Creating R
    packages’ of the ‘Writing R Extensions’ manual.
Flavor: r-devel-osx-x86_64-gcc

Version: 1.3.7
Check: PDF version of manual
Result: WARNING
    LaTeX errors when creating PDF version.
    This typically indicates Rd problems.
    LaTeX errors found:
    ! LaTeX Error: File `upquote.sty' not found.
    
    Type X to quit or <RETURN> to proceed,
    or enter new name. (Default extension: sty)
    
    5dbf663/Rd2.tex:8: ==> Fatal error occurred, no output PDF file produced!
Flavor: r-release-osx-x86_64-mavericks