CRAN Package Check Results for Package ternvis

Last updated on 2015-01-29 12:48:19.

Flavor Version Tinstall Tcheck Ttotal Status Flags
r-devel-linux-x86_64-debian-clang 1.1 1.41 49.45 50.86 NOTE
r-devel-linux-x86_64-debian-gcc 1.1 1.31 51.09 52.40 NOTE
r-devel-linux-x86_64-fedora-clang 1.1 115.60 NOTE
r-devel-linux-x86_64-fedora-gcc 1.1 106.26 NOTE
r-devel-osx-x86_64-clang 1.1 96.46 NOTE
r-devel-windows-ix86+x86_64 1.1 7.00 80.00 87.00 NOTE
r-patched-linux-x86_64 1.1 1.47 57.84 59.32 NOTE
r-patched-solaris-sparc 1.1 742.50 NOTE
r-patched-solaris-x86 1.1 141.60 NOTE
r-release-linux-ix86 1.1 1.86 85.63 87.49 NOTE
r-release-linux-x86_64 1.1 1.49 61.33 62.82 NOTE
r-release-osx-x86_64-mavericks 1.1 NOTE
r-release-osx-x86_64-snowleopard 1.1 NOTE
r-release-windows-ix86+x86_64 1.1 8.00 108.00 116.00 NOTE
r-oldrel-windows-ix86+x86_64 1.1 9.00 98.00 107.00 NOTE

Check Details

Version: 1.1
Check: package dependencies
Result: NOTE
    Depends: includes the non-default packages:
     ‘grid’ ‘quadprog’ ‘maps’ ‘maptools’ ‘mapdata’ ‘dichromat’
    Adding so many packages to the search path is excessive and importing
    selectively is preferable.
Flavors: r-devel-linux-x86_64-debian-clang, r-devel-linux-x86_64-debian-gcc, r-devel-linux-x86_64-fedora-clang, r-devel-linux-x86_64-fedora-gcc, r-devel-osx-x86_64-clang, r-devel-windows-ix86+x86_64, r-patched-linux-x86_64, r-patched-solaris-sparc, r-patched-solaris-x86, r-release-linux-ix86, r-release-linux-x86_64, r-release-osx-x86_64-mavericks, r-release-osx-x86_64-snowleopard, r-release-windows-ix86+x86_64

Version: 1.1
Check: dependencies in R code
Result: NOTE
    Packages in Depends field not imported from:
     ‘dichromat’ ‘grid’ ‘mapdata’ ‘maps’ ‘maptools’ ‘quadprog’
     These packages need to be imported from (in the NAMESPACE file)
     for when this namespace is loaded but not attached.
Flavors: r-devel-linux-x86_64-debian-clang, r-devel-linux-x86_64-debian-gcc, r-devel-linux-x86_64-fedora-clang, r-devel-linux-x86_64-fedora-gcc, r-devel-osx-x86_64-clang, r-devel-windows-ix86+x86_64

Version: 1.1
Check: S3 generic/method consistency
Result: NOTE
    Found the following apparent S3 methods exported but not registered:
     tverify.default plot.tverify
    See section ‘Registering S3 methods’ in the ‘Writing R Extensions’
    manual.
Flavors: r-devel-linux-x86_64-debian-clang, r-devel-linux-x86_64-debian-gcc, r-devel-linux-x86_64-fedora-clang, r-devel-linux-x86_64-fedora-gcc, r-devel-osx-x86_64-clang

Version: 1.1
Check: R code for possible problems
Result: NOTE
    plot.tverify : tsharp: no visible global function definition for
     ‘pushViewport’
    plot.tverify : tsharp: no visible global function definition for
     ‘viewport’
    plot.tverify : tsharp: no visible global function definition for
     ‘grid.polygon’
    plot.tverify : tsharp: no visible global function definition for ‘gpar’
    plot.tverify : tsharp: no visible global function definition for
     ‘grid.text’
    plot.tverify : tsharp: no visible global function definition for
     ‘popViewport’
    plot.tverify : tdecomp: no visible global function definition for
     ‘grid.polygon’
    plot.tverify : tdecomp: no visible global function definition for
     ‘gpar’
    plot.tverify : tdecomp: no visible global function definition for
     ‘grid.lines’
    plot.tverify : tdecomp: no visible global function definition for
     ‘grid.points’
    plot.tverify : tdecomp: no visible global function definition for
     ‘unit’
    plot.tverify : tdecomp: no visible global function definition for
     ‘grid.text’
    plot.tverify: no visible global function definition for ‘pushViewport’
    plot.tverify: no visible global function definition for ‘viewport’
    plot.tverify: no visible global function definition for ‘grid.points’
    plot.tverify: no visible global function definition for ‘unit’
    plot.tverify: no visible global function definition for ‘gpar’
    plot.tverify: no visible global function definition for ‘grid.lines’
    plot.tverify: no visible global function definition for ‘popViewport’
    tcolour: no visible global function definition for ‘dichromat’
    tgetcal : oldgetT: no visible global function definition for ‘solve.QP’
    tmap: no visible global function definition for ‘map’
    tmap: no visible global function definition for ‘pushViewport’
    tmap: no visible global function definition for ‘viewport’
    tmap: no visible global function definition for ‘unit’
    tmap: no visible global function definition for ‘popViewport’
    tpalette: no visible global function definition for ‘pushViewport’
    tpalette: no visible global function definition for ‘viewport’
    tpalette: no visible global function definition for ‘grid.polygon’
    tpalette: no visible global function definition for ‘gpar’
    tpalette: no visible global function definition for ‘popViewport’
    tplot: no visible global function definition for ‘grid.newpage’
    tplot: no visible global function definition for ‘pushViewport’
    tplot: no visible global function definition for ‘viewport’
    tplot: no visible global function definition for ‘unit’
    tplot: no visible global function definition for ‘grid.text’
    tplot: no visible global function definition for ‘gpar’
    tplot: no visible global function definition for ‘grid.polygon’
    tplot: no visible global function definition for ‘grid.lines’
    tplot: no visible global function definition for ‘grid.points’
    tplot: no visible global function definition for ‘popViewport’
    tplot: no visible global function definition for ‘upViewport’
Flavors: r-devel-linux-x86_64-debian-clang, r-devel-linux-x86_64-debian-gcc, r-devel-linux-x86_64-fedora-clang, r-devel-linux-x86_64-fedora-gcc, r-devel-osx-x86_64-clang, r-devel-windows-ix86+x86_64, r-patched-linux-x86_64, r-patched-solaris-sparc, r-patched-solaris-x86, r-release-linux-ix86, r-release-linux-x86_64, r-release-osx-x86_64-mavericks, r-release-windows-ix86+x86_64

Version: 1.1
Check: dependencies in R code
Result: NOTE
    Packages in Depends field not imported from:
     ‘dichromat’ ‘grid’ ‘mapdata’ ‘maps’ ‘maptools’ ‘quadprog’
     These packages need to be imported from (in the NAMESPACE file)
     for when this namespace is loaded but not attached.
    See the information on DESCRIPTION files in the chapter ‘Creating R
    packages’ of the ‘Writing R Extensions’ manual.
Flavors: r-patched-linux-x86_64, r-patched-solaris-sparc, r-patched-solaris-x86, r-release-linux-ix86, r-release-linux-x86_64, r-release-osx-x86_64-mavericks, r-release-windows-ix86+x86_64

Version: 1.1
Check: dependencies in R code
Result: NOTE
    Packages in Depends field not imported from:
     'dichromat' 'mapdata' 'maps' 'maptools' 'quadprog'
     These packages need to be imported from (in the NAMESPACE file)
     for when this namespace is loaded but not attached.
    See the information on DESCRIPTION files in the chapter 'Creating R
    packages' of the 'Writing R Extensions' manual.
Flavor: r-oldrel-windows-ix86+x86_64