CRAN Package Check Results for Package ternvis

Last updated on 2015-05-24 23:47:42.

Flavor Version Tinstall Tcheck Ttotal Status Flags
r-devel-linux-x86_64-debian-clang 1.1 1.28 48.94 50.22 NOTE
r-devel-linux-x86_64-debian-gcc 1.1 1.43 47.95 49.38 NOTE
r-devel-linux-x86_64-fedora-clang 1.1 103.00 NOTE
r-devel-linux-x86_64-fedora-gcc 1.1 97.91 NOTE
r-devel-osx-x86_64-clang 1.1 89.54 NOTE
r-devel-windows-ix86+x86_64 1.1 6.00 87.00 93.00 NOTE
r-patched-linux-x86_64 1.1 1.28 49.00 50.29 NOTE
r-patched-solaris-sparc 1.1 679.10 NOTE
r-patched-solaris-x86 1.1 125.10 NOTE
r-release-linux-x86_64 1.1 1.30 48.07 49.38 NOTE
r-release-osx-x86_64-mavericks 1.1 NOTE
r-release-osx-x86_64-snowleopard 1.1 NOTE
r-release-windows-ix86+x86_64 1.1 7.00 86.00 93.00 NOTE
r-oldrel-windows-ix86+x86_64 1.1 8.00 138.00 146.00 NOTE

Check Details

Version: 1.1
Check: package dependencies
Result: NOTE
    Depends: includes the non-default packages:
     ‘grid’ ‘quadprog’ ‘maps’ ‘maptools’ ‘mapdata’ ‘dichromat’
    Adding so many packages to the search path is excessive and importing
    selectively is preferable.
Flavors: r-devel-linux-x86_64-debian-clang, r-devel-linux-x86_64-debian-gcc, r-devel-linux-x86_64-fedora-clang, r-devel-linux-x86_64-fedora-gcc, r-devel-osx-x86_64-clang, r-devel-windows-ix86+x86_64, r-patched-linux-x86_64, r-patched-solaris-sparc, r-patched-solaris-x86, r-release-linux-x86_64, r-release-osx-x86_64-mavericks, r-release-osx-x86_64-snowleopard, r-release-windows-ix86+x86_64, r-oldrel-windows-ix86+x86_64

Version: 1.1
Check: dependencies in R code
Result: NOTE
    Packages in Depends field not imported from:
     ‘dichromat’ ‘grid’ ‘mapdata’ ‘maps’ ‘maptools’ ‘quadprog’
     These packages need to be imported from (in the NAMESPACE file)
     for when this namespace is loaded but not attached.
Flavors: r-devel-linux-x86_64-debian-clang, r-devel-linux-x86_64-debian-gcc, r-devel-linux-x86_64-fedora-clang, r-devel-linux-x86_64-fedora-gcc, r-devel-osx-x86_64-clang, r-devel-windows-ix86+x86_64, r-patched-linux-x86_64, r-patched-solaris-sparc, r-patched-solaris-x86, r-release-linux-x86_64, r-release-osx-x86_64-mavericks, r-release-osx-x86_64-snowleopard, r-release-windows-ix86+x86_64, r-oldrel-windows-ix86+x86_64

Version: 1.1
Check: S3 generic/method consistency
Result: NOTE
    Found the following apparent S3 methods exported but not registered:
     plot.tverify tverify.default
    See section ‘Registering S3 methods’ in the ‘Writing R Extensions’
    manual.
Flavors: r-devel-linux-x86_64-debian-clang, r-devel-linux-x86_64-debian-gcc, r-devel-linux-x86_64-fedora-clang, r-devel-linux-x86_64-fedora-gcc, r-devel-osx-x86_64-clang, r-patched-linux-x86_64, r-patched-solaris-sparc, r-patched-solaris-x86, r-release-linux-x86_64

Version: 1.1
Check: R code for possible problems
Result: NOTE
    plot.tverify : tsharp: no visible global function definition for
     ‘pushViewport’
    plot.tverify : tsharp: no visible global function definition for
     ‘viewport’
    plot.tverify : tsharp: no visible global function definition for
     ‘grid.polygon’
    plot.tverify : tsharp: no visible global function definition for ‘gpar’
    plot.tverify : tsharp: no visible global function definition for
     ‘grid.text’
    plot.tverify : tsharp: no visible global function definition for
     ‘popViewport’
    plot.tverify : tdecomp: no visible global function definition for
     ‘grid.polygon’
    plot.tverify : tdecomp: no visible global function definition for
     ‘gpar’
    plot.tverify : tdecomp: no visible global function definition for
     ‘grid.lines’
    plot.tverify : tdecomp: no visible global function definition for
     ‘grid.points’
    plot.tverify : tdecomp: no visible global function definition for
     ‘unit’
    plot.tverify : tdecomp: no visible global function definition for
     ‘grid.text’
    plot.tverify: no visible global function definition for ‘pushViewport’
    plot.tverify: no visible global function definition for ‘viewport’
    plot.tverify: no visible global function definition for ‘grid.points’
    plot.tverify: no visible global function definition for ‘unit’
    plot.tverify: no visible global function definition for ‘gpar’
    plot.tverify: no visible global function definition for ‘grid.lines’
    plot.tverify: no visible global function definition for ‘popViewport’
    tcolour: no visible global function definition for ‘dichromat’
    tgetcal : oldgetT: no visible global function definition for ‘solve.QP’
    tmap: no visible global function definition for ‘map’
    tmap: no visible global function definition for ‘pushViewport’
    tmap: no visible global function definition for ‘viewport’
    tmap: no visible global function definition for ‘unit’
    tmap: no visible global function definition for ‘popViewport’
    tpalette: no visible global function definition for ‘pushViewport’
    tpalette: no visible global function definition for ‘viewport’
    tpalette: no visible global function definition for ‘grid.polygon’
    tpalette: no visible global function definition for ‘gpar’
    tpalette: no visible global function definition for ‘popViewport’
    tplot: no visible global function definition for ‘grid.newpage’
    tplot: no visible global function definition for ‘pushViewport’
    tplot: no visible global function definition for ‘viewport’
    tplot: no visible global function definition for ‘unit’
    tplot: no visible global function definition for ‘grid.text’
    tplot: no visible global function definition for ‘gpar’
    tplot: no visible global function definition for ‘grid.polygon’
    tplot: no visible global function definition for ‘grid.lines’
    tplot: no visible global function definition for ‘grid.points’
    tplot: no visible global function definition for ‘popViewport’
    tplot: no visible global function definition for ‘upViewport’
Flavors: r-devel-linux-x86_64-debian-clang, r-devel-linux-x86_64-debian-gcc, r-devel-linux-x86_64-fedora-clang, r-devel-linux-x86_64-fedora-gcc, r-devel-osx-x86_64-clang, r-devel-windows-ix86+x86_64, r-patched-linux-x86_64, r-patched-solaris-sparc, r-patched-solaris-x86, r-release-linux-x86_64, r-release-osx-x86_64-mavericks, r-release-osx-x86_64-snowleopard, r-release-windows-ix86+x86_64, r-oldrel-windows-ix86+x86_64