CRAN Package Check Results for Package ternvis

Last updated on 2014-07-24 17:49:09.

Flavor Version Tinstall Tcheck Ttotal Status Flags
r-devel-linux-x86_64-debian-clang 1.1 1.57 55.92 57.49 NOTE
r-devel-linux-x86_64-debian-gcc 1.1 1.46 57.52 58.99 NOTE
r-devel-linux-x86_64-fedora-clang 1.1 126.11 NOTE
r-devel-linux-x86_64-fedora-gcc 1.1 122.32 NOTE
r-devel-osx-x86_64-clang 1.1 98.12 NOTE
r-devel-windows-ix86+x86_64 1.1 8.00 96.00 104.00 NOTE
r-patched-linux-x86_64 1.1 1.50 62.45 63.95 NOTE
r-patched-solaris-sparc 1.1 768.40 NOTE
r-patched-solaris-x86 1.1 146.50 NOTE
r-release-linux-ix86 1.1 2.02 73.18 75.20 NOTE
r-release-linux-x86_64 1.1 1.60 58.24 59.84 NOTE
r-release-osx-x86_64-mavericks 1.1 NOTE
r-release-osx-x86_64-snowleopard 1.1 NOTE
r-release-windows-ix86+x86_64 1.1 7.00 96.00 103.00 NOTE
r-oldrel-windows-ix86+x86_64 1.1 7.00 101.00 108.00 NOTE

Check Details

Version: 1.1
Check: package dependencies
Result: NOTE
    Depends: includes the non-default packages:
     ‘grid’ ‘quadprog’ ‘maps’ ‘maptools’ ‘mapdata’ ‘dichromat’
    Adding so many packages to the search path is excessive and importing
    selectively is preferable.
Flavors: r-devel-linux-x86_64-debian-clang, r-devel-linux-x86_64-debian-gcc, r-devel-linux-x86_64-fedora-clang, r-devel-linux-x86_64-fedora-gcc, r-devel-osx-x86_64-clang, r-devel-windows-ix86+x86_64, r-patched-linux-x86_64, r-patched-solaris-sparc, r-patched-solaris-x86, r-release-linux-ix86, r-release-linux-x86_64, r-release-osx-x86_64-mavericks, r-release-osx-x86_64-snowleopard, r-release-windows-ix86+x86_64

Version: 1.1
Check: dependencies in R code
Result: NOTE
    Packages in Depends field not imported from:
     ‘dichromat’ ‘mapdata’ ‘maps’ ‘maptools’ ‘quadprog’
     These packages need to be imported from (in the NAMESPACE file)
     for when this namespace is loaded but not attached.
    See the information on DESCRIPTION files in the chapter ‘Creating R
    packages’ of the ‘Writing R Extensions’ manual.
Flavors: r-devel-linux-x86_64-debian-clang, r-devel-linux-x86_64-debian-gcc, r-devel-linux-x86_64-fedora-clang, r-devel-linux-x86_64-fedora-gcc, r-devel-osx-x86_64-clang, r-devel-windows-ix86+x86_64, r-patched-linux-x86_64, r-patched-solaris-sparc, r-patched-solaris-x86, r-release-linux-ix86, r-release-linux-x86_64, r-release-osx-x86_64-mavericks, r-release-windows-ix86+x86_64, r-oldrel-windows-ix86+x86_64