CRAN Package Check Results for Package ternvis

Last updated on 2014-04-19 18:47:50.

Flavor Version Tinstall Tcheck Ttotal Status Flags
r-devel-linux-x86_64-debian-clang 1.1 1.54 60.90 62.45 NOTE
r-devel-linux-x86_64-debian-gcc 1.1 1.66 61.13 62.78 NOTE
r-devel-linux-x86_64-fedora-clang 1.1 130.16 NOTE
r-devel-linux-x86_64-fedora-gcc 1.1 125.61 NOTE
r-devel-macosx-x86_64-clang 1.1 103.64 NOTE
r-devel-macosx-x86_64-gcc 1.1 ERROR
r-devel-windows-ix86+x86_64 1.1 6.00 137.00 143.00 NOTE
r-patched-linux-x86_64 1.1 1.62 62.10 63.72 NOTE
r-patched-solaris-sparc 1.1 768.40 NOTE
r-patched-solaris-x86 1.1 148.60 NOTE
r-release-linux-ix86 NOTE
r-release-linux-x86_64 1.1 1.72 60.68 62.41 NOTE
r-release-macosx-x86_64 1.1 NOTE
r-release-windows-ix86+x86_64 1.1 9.00 97.00 106.00 NOTE
r-oldrel-windows-ix86+x86_64 1.1 7.00 105.00 112.00 NOTE

Check Details

Version: 1.1
Check: package dependencies
Result: NOTE
    Depends: includes the non-default packages:
     ‘grid’ ‘quadprog’ ‘maps’ ‘maptools’ ‘mapdata’ ‘dichromat’
    Adding so many packages to the search path is excessive and importing
    selectively is preferable.
Flavors: r-devel-linux-x86_64-debian-clang, r-devel-linux-x86_64-debian-gcc, r-devel-linux-x86_64-fedora-clang, r-devel-linux-x86_64-fedora-gcc, r-devel-macosx-x86_64-clang, r-devel-windows-ix86+x86_64, r-patched-linux-x86_64, r-patched-solaris-sparc, r-patched-solaris-x86, r-release-linux-ix86, r-release-linux-x86_64, r-release-macosx-x86_64, r-release-windows-ix86+x86_64

Version: 1.1
Check: dependencies in R code
Result: NOTE
    Packages in Depends field not imported from:
     ‘dichromat’ ‘mapdata’ ‘maps’ ‘maptools’ ‘quadprog’
     These packages need to be imported from (in the NAMESPACE file)
     for when this namespace is loaded but not attached.
    See the information on DESCRIPTION files in the chapter ‘Creating R
    packages’ of the ‘Writing R Extensions’ manual.
Flavors: r-devel-linux-x86_64-debian-clang, r-devel-linux-x86_64-debian-gcc, r-devel-linux-x86_64-fedora-clang, r-devel-linux-x86_64-fedora-gcc, r-devel-macosx-x86_64-clang, r-devel-windows-ix86+x86_64, r-patched-linux-x86_64, r-patched-solaris-sparc, r-patched-solaris-x86, r-release-linux-ix86, r-release-linux-x86_64, r-release-windows-ix86+x86_64, r-oldrel-windows-ix86+x86_64

Version: 1.1
Check: package dependencies
Result: ERROR
    Package required but not available: ‘maptools’
    
    Depends: includes the non-default packages:
     ‘grid’ ‘quadprog’ ‘maps’ ‘maptools’ ‘mapdata’ ‘dichromat’
    Adding so many packages to the search path is excessive and importing
    selectively is preferable.
    
    See the information on DESCRIPTION files in the chapter ‘Creating R
    packages’ of the ‘Writing R Extensions’ manual.
Flavor: r-devel-macosx-x86_64-gcc