CRAN Package Check Results for Package testforDEP

Last updated on 2024-02-24 09:50:43 CET.

Flavor Version Tinstall Tcheck Ttotal Status Flags
r-devel-linux-x86_64-debian-clang 0.2.0 60.54 79.04 139.58 OK
r-devel-linux-x86_64-debian-gcc 0.2.0 46.46 59.54 106.00 OK
r-devel-linux-x86_64-fedora-clang 0.2.0 200.33 NOTE
r-devel-linux-x86_64-fedora-gcc 0.2.0 187.11 NOTE
r-devel-windows-x86_64 0.2.0 51.00 96.00 147.00 OK
r-patched-linux-x86_64 0.2.0 50.37 75.95 126.32 OK
r-release-linux-x86_64 0.2.0 49.51 75.55 125.06 OK
r-release-macos-arm64 0.2.0 52.00 OK
r-release-macos-x86_64 0.2.0 80.00 OK
r-release-windows-x86_64 0.2.0 63.00 107.00 170.00 OK
r-oldrel-macos-arm64 0.2.0 64.00 OK
r-oldrel-windows-x86_64 0.2.0 58.00 111.00 169.00 OK

Check Details

Version: 0.2.0
Check: compiled code
Result: NOTE File ‘testforDEP/libs/testforDEP.so’: Found no calls to: ‘R_registerRoutines’, ‘R_useDynamicSymbols’ It is good practice to register native routines and to disable symbol search. See ‘Writing portable packages’ in the ‘Writing R Extensions’ manual. Flavors: r-devel-linux-x86_64-fedora-clang, r-devel-linux-x86_64-fedora-gcc