CRAN Package Check Results for Package testthat

Last updated on 2015-06-30 18:47:39.

Flavor Version Tinstall Tcheck Ttotal Status Flags
r-devel-linux-x86_64-debian-clang 0.10.0 1.62 17.36 18.98 NOTE
r-devel-linux-x86_64-debian-gcc 0.10.0 1.74 16.94 18.68 NOTE
r-devel-linux-x86_64-fedora-clang 0.10.0 36.21 NOTE
r-devel-linux-x86_64-fedora-gcc 0.10.0 33.20 OK
r-devel-osx-x86_64-clang 0.10.0 31.67 OK
r-devel-windows-ix86+x86_64 0.10.0 10.00 38.00 48.00 NOTE
r-patched-linux-x86_64 0.10.0 1.61 17.06 18.67 OK
r-patched-solaris-sparc 0.10.0 204.70 OK
r-patched-solaris-x86 0.10.0 49.80 OK
r-release-linux-x86_64 0.10.0 1.69 17.07 18.76 OK
r-release-osx-x86_64-mavericks 0.10.0 OK
r-release-windows-ix86+x86_64 0.10.0 11.00 35.00 46.00 OK
r-oldrel-windows-ix86+x86_64 0.10.0 8.00 58.00 66.00 OK

Check Details

Version: 0.10.0
Check: R code for possible problems
Result: NOTE
    CheckReporter: no visible global function definition for ‘new’
    ListReporter: no visible global function definition for ‘new’
    MinimalReporter: no visible global function definition for ‘new’
    MultiReporter: no visible global function definition for ‘new’
    Reporter: no visible global function definition for ‘new’
    RstudioReporter: no visible global function definition for ‘new’
    SilentReporter: no visible global function definition for ‘new’
    StopReporter: no visible global function definition for ‘new’
    SummaryReporter: no visible global function definition for ‘new’
    TapReporter: no visible global function definition for ‘new’
    TeamcityReporter: no visible global function definition for ‘new’
    dir_state: no visible global function definition for ‘setNames’
    extract_mocks: no visible global function definition for ‘setNames’
    print_out: no visible global function definition for ‘capture.output’
    test_check: no visible global function definition for ‘file_test’
    test_code : capture_calls: no visible global function definition for
     ‘head’
Flavors: r-devel-linux-x86_64-debian-clang, r-devel-linux-x86_64-debian-gcc, r-devel-linux-x86_64-fedora-clang, r-devel-windows-ix86+x86_64