CRAN Package Check Results for Package testthat

Last updated on 2017-02-28 03:48:04.

Flavor Version Tinstall Tcheck Ttotal Status Flags
r-devel-linux-x86_64-debian-clang 1.0.2 11.93 39.08 51.01 NOTE
r-devel-linux-x86_64-debian-gcc 1.0.2 13.22 38.48 51.70 NOTE
r-devel-linux-x86_64-fedora-clang 1.0.2 92.08 NOTE --no-stop-on-test-error
r-devel-linux-x86_64-fedora-gcc 1.0.2 92.38 NOTE --no-stop-on-test-error
r-devel-macos-x86_64-clang 1.0.2 68.67 NOTE --no-stop-on-test-error
r-devel-windows-ix86+x86_64 1.0.2 45.00 85.00 130.00 OK
r-patched-linux-x86_64 1.0.2 11.99 33.97 45.97 OK
r-patched-solaris-sparc 1.0.2 219.80 OK
r-patched-solaris-x86 1.0.2 44.80 OK
r-release-linux-x86_64 1.0.2 12.17 34.14 46.31 OK
r-release-osx-x86_64-mavericks 1.0.2 OK
r-release-windows-ix86+x86_64 1.0.2 46.00 75.00 121.00 OK
r-oldrel-windows-ix86+x86_64 1.0.2 35.00 72.00 107.00 OK

Memtest notes: clang-UBSAN

Check Details

Version: 1.0.2
Check: compiled code
Result: NOTE
    File ‘testthat/libs/testthat.so’:
     Found no calls to: ‘R_registerRoutines’, ‘R_useDynamicSymbols’
    
    It is good practice to register native routines and to disable symbol
    search.
    
    See ‘Writing portable packages’ in the ‘Writing R Extensions’ manual.
Flavors: r-devel-linux-x86_64-debian-clang, r-devel-linux-x86_64-debian-gcc

Version: 1.0.2
Flags: --no-stop-on-test-error
Check: compiled code
Result: NOTE
    File ‘testthat/libs/testthat.so’:
     Found no calls to: ‘R_registerRoutines’, ‘R_useDynamicSymbols’
    
    It is good practice to register native routines and to disable symbol
    search.
    
    See ‘Writing portable packages’ in the ‘Writing R Extensions’ manual.
Flavors: r-devel-linux-x86_64-fedora-clang, r-devel-linux-x86_64-fedora-gcc, r-devel-macos-x86_64-clang