CRAN Package Check Results for Package testthat

Last updated on 2015-04-01 23:49:29.

Flavor Version Tinstall Tcheck Ttotal Status Flags
r-devel-linux-x86_64-debian-clang 0.9.1 1.60 17.19 18.78 OK
r-devel-linux-x86_64-debian-gcc 0.9.1 1.65 17.29 18.94 OK
r-devel-linux-x86_64-fedora-clang 0.9.1 35.15 OK
r-devel-linux-x86_64-fedora-gcc 0.9.1 33.00 OK
r-devel-osx-x86_64-clang 0.9.1 38.48 OK
r-prerel-windows-ix86+x86_64 0.9.1 12.00 35.00 47.00 OK
r-prerel-linux-x86_64 0.9.1 1.70 17.28 18.98 OK
r-prerel-solaris-sparc 0.9.1 237.70 OK
r-prerel-solaris-x86 0.9.1 47.30 OK
r-release-linux-x86_64 0.9.1 1.66 19.46 21.12 OK
r-release-osx-x86_64-mavericks 0.9.1 OK
r-release-osx-x86_64-snowleopard 0.9.1 OK
r-release-windows-ix86+x86_64 0.9.1 7.00 35.00 42.00 OK
r-oldrel-windows-ix86+x86_64 0.9 7.00 24.00 31.00 ERROR

Check Details

Version: 0.9
Check: running examples for arch 'i386'
Result: ERROR
    Running examples in 'testthat-Ex.R' failed
    The error most likely occurred in:
    
    > ### Name: with_mock
    > ### Title: Mock functions in a package.
    > ### Aliases: with_mock
    >
    > ### ** Examples
    >
    > with_mock(
    + all.equal = function(x, y, ...) TRUE,
    + expect_equal(2 * 3, 4),
    + .env = "base"
    + )
    Error: 2 * 3 not equal to 4
    Mean relative difference: 0.5
    Execution halted
Flavor: r-oldrel-windows-ix86+x86_64

Version: 0.9
Check: running examples for arch 'x64'
Result: ERROR
    Running examples in 'testthat-Ex.R' failed
    The error most likely occurred in:
    
    > ### Name: with_mock
    > ### Title: Mock functions in a package.
    > ### Aliases: with_mock
    >
    > ### ** Examples
    >
    > with_mock(
    + all.equal = function(x, y, ...) TRUE,
    + expect_equal(2 * 3, 4),
    + .env = "base"
    + )
    Error: 2 * 3 not equal to 4
    Mean relative difference: 0.5
    Execution halted
Flavor: r-oldrel-windows-ix86+x86_64