CRAN Package Check Results for Package testthat

Last updated on 2014-12-20 21:47:04.

Flavor Version Tinstall Tcheck Ttotal Status Flags
r-devel-linux-x86_64-debian-clang 0.9.1 1.68 18.48 20.16 OK
r-devel-linux-x86_64-debian-gcc 0.9.1 1.67 18.12 19.79 OK
r-devel-linux-x86_64-fedora-clang 0.9.1 39.97 OK
r-devel-linux-x86_64-fedora-gcc 0.9.1 37.51 OK
r-devel-osx-x86_64-clang 0.9.1 39.29 OK
r-devel-windows-ix86+x86_64 0.9.1 7.00 35.00 42.00 OK
r-patched-linux-x86_64 0.9.1 1.66 18.03 19.69 OK
r-patched-solaris-sparc 0.9.1 204.10 OK
r-patched-solaris-x86 0.9.1 54.10 OK
r-release-linux-ix86 0.9.1 2.23 23.13 25.36 OK
r-release-linux-x86_64 0.9.1 1.70 19.71 21.42 OK
r-release-osx-x86_64-mavericks 0.9.1 OK
r-release-osx-x86_64-snowleopard 0.9.1 OK
r-release-windows-ix86+x86_64 0.9.1 8.00 37.00 45.00 OK
r-oldrel-windows-ix86+x86_64 0.9 7.00 24.00 31.00 ERROR

Check Details

Version: 0.9
Check: running examples for arch 'i386'
Result: ERROR
    Running examples in 'testthat-Ex.R' failed
    The error most likely occurred in:
    
    > ### Name: with_mock
    > ### Title: Mock functions in a package.
    > ### Aliases: with_mock
    >
    > ### ** Examples
    >
    > with_mock(
    + all.equal = function(x, y, ...) TRUE,
    + expect_equal(2 * 3, 4),
    + .env = "base"
    + )
    Error: 2 * 3 not equal to 4
    Mean relative difference: 0.5
    Execution halted
Flavor: r-oldrel-windows-ix86+x86_64

Version: 0.9
Check: running examples for arch 'x64'
Result: ERROR
    Running examples in 'testthat-Ex.R' failed
    The error most likely occurred in:
    
    > ### Name: with_mock
    > ### Title: Mock functions in a package.
    > ### Aliases: with_mock
    >
    > ### ** Examples
    >
    > with_mock(
    + all.equal = function(x, y, ...) TRUE,
    + expect_equal(2 * 3, 4),
    + .env = "base"
    + )
    Error: 2 * 3 not equal to 4
    Mean relative difference: 0.5
    Execution halted
Flavor: r-oldrel-windows-ix86+x86_64