CRAN Package Check Results for Package testthat

Last updated on 2014-04-25 09:52:25.

Flavor Version Tinstall Tcheck Ttotal Status Flags
r-devel-linux-x86_64-debian-clang 0.8.1 1.60 17.32 18.92 OK
r-devel-linux-x86_64-debian-gcc 0.8.1 1.65 17.13 18.78 OK
r-devel-linux-x86_64-fedora-clang 0.8.1 37.97 OK
r-devel-linux-x86_64-fedora-gcc 0.8.1 36.56 OK
r-devel-osx-x86_64-clang 0.8.1 36.25 OK
r-devel-osx-x86_64-gcc 0.8.1 NOTE
r-devel-windows-ix86+x86_64 0.8.1 4.00 27.00 31.00 OK
r-patched-linux-x86_64 0.8.1 1.50 17.49 18.98 OK
r-patched-solaris-sparc 0.8.1 212.10 OK
r-patched-solaris-x86 0.8.1 54.50 OK
r-release-linux-ix86 0.8.1 2.00 33.00 35.00 OK
r-release-linux-x86_64 0.8.1 1.56 17.36 18.92 OK
r-release-osx-x86_64-mavericks 0.8.1 OK
r-release-osx-x86_64-snowleopard 0.8.1 OK
r-release-windows-ix86+x86_64 0.8.1 6.00 28.00 34.00 OK
r-oldrel-windows-ix86+x86_64 0.8.1 4.00 30.00 34.00 OK

Check Details

Version: 0.8.1
Check: Rd cross-references
Result: NOTE
    Package unavailable to check Rd xrefs: ‘evaluate’
Flavor: r-devel-osx-x86_64-gcc