CRAN Package Check Results for Package testthat

Last updated on 2015-07-29 12:47:45.

Flavor Version Tinstall Tcheck Ttotal Status Flags
r-devel-linux-x86_64-debian-clang 0.10.0 1.66 17.34 19.00 NOTE
r-devel-linux-x86_64-debian-gcc 0.10.0 1.60 17.04 18.64 NOTE
r-devel-linux-x86_64-fedora-clang 0.10.0 36.51 NOTE
r-devel-linux-x86_64-fedora-gcc 0.10.0 36.13 NOTE
r-devel-osx-x86_64-clang 0.10.0 32.68 OK
r-devel-windows-ix86+x86_64 0.10.0 8.00 35.00 43.00 NOTE
r-patched-linux-x86_64 0.10.0 1.88 17.35 19.23 OK
r-patched-solaris-sparc 0.10.0 221.60 OK
r-patched-solaris-x86 0.10.0 50.10 OK
r-release-linux-x86_64 0.10.0 1.73 17.77 19.50 OK
r-release-osx-x86_64-mavericks 0.10.0 OK
r-release-windows-ix86+x86_64 0.10.0 9.00 34.00 43.00 OK
r-oldrel-windows-ix86+x86_64 0.10.0 14.00 45.00 59.00 OK

Check Details

Version: 0.10.0
Check: R code for possible problems
Result: NOTE
    CheckReporter: no visible global function definition for ‘new’
    ListReporter: no visible global function definition for ‘new’
    MinimalReporter: no visible global function definition for ‘new’
    MultiReporter: no visible global function definition for ‘new’
    Reporter: no visible global function definition for ‘new’
    RstudioReporter: no visible global function definition for ‘new’
    SilentReporter: no visible global function definition for ‘new’
    StopReporter: no visible global function definition for ‘new’
    SummaryReporter: no visible global function definition for ‘new’
    TapReporter: no visible global function definition for ‘new’
    TeamcityReporter: no visible global function definition for ‘new’
    dir_state: no visible global function definition for ‘setNames’
    extract_mocks: no visible global function definition for ‘setNames’
    print_out: no visible global function definition for ‘capture.output’
    test_check: no visible global function definition for ‘file_test’
    test_code : capture_calls: no visible global function definition for
     ‘head’
    Undefined global functions or variables:
     capture.output file_test head new setNames
    Consider adding
     importFrom("methods", "new")
     importFrom("stats", "setNames")
     importFrom("utils", "capture.output", "file_test", "head")
    to your NAMESPACE.
Flavors: r-devel-linux-x86_64-debian-clang, r-devel-linux-x86_64-debian-gcc, r-devel-linux-x86_64-fedora-clang, r-devel-linux-x86_64-fedora-gcc, r-devel-windows-ix86+x86_64