CRAN Package Check Results for Package testthat

Last updated on 2015-09-02 06:48:20.

Flavor Version Tinstall Tcheck Ttotal Status Flags
r-devel-linux-x86_64-debian-clang 0.10.0 1.62 17.55 19.17 NOTE
r-devel-linux-x86_64-debian-gcc 0.10.0 1.67 16.85 18.52 NOTE
r-devel-linux-x86_64-fedora-clang 0.10.0 36.41 NOTE
r-devel-linux-x86_64-fedora-gcc 0.10.0 34.02 NOTE
r-devel-osx-x86_64-clang 0.10.0 35.65 OK
r-devel-windows-ix86+x86_64 0.10.0 12.00 66.00 78.00 NOTE
r-patched-linux-x86_64 0.10.0 1.78 17.45 19.23 OK
r-patched-solaris-sparc 0.10.0 221.60 OK
r-patched-solaris-x86 0.10.0 51.40 OK
r-release-linux-x86_64 0.10.0 1.76 17.37 19.13 OK
r-release-osx-x86_64-mavericks 0.10.0 OK
r-release-windows-ix86+x86_64 0.10.0 9.00 64.00 73.00 OK
r-oldrel-windows-ix86+x86_64 0.10.0 13.00 48.00 61.00 OK

Check Details

Version: 0.10.0
Check: R code for possible problems
Result: NOTE
    CheckReporter: no visible global function definition for ‘new’
    ListReporter: no visible global function definition for ‘new’
    MinimalReporter: no visible global function definition for ‘new’
    MultiReporter: no visible global function definition for ‘new’
    Reporter: no visible global function definition for ‘new’
    RstudioReporter: no visible global function definition for ‘new’
    SilentReporter: no visible global function definition for ‘new’
    StopReporter: no visible global function definition for ‘new’
    SummaryReporter: no visible global function definition for ‘new’
    TapReporter: no visible global function definition for ‘new’
    TeamcityReporter: no visible global function definition for ‘new’
    dir_state: no visible global function definition for ‘setNames’
    extract_mocks: no visible global function definition for ‘setNames’
    print_out: no visible global function definition for ‘capture.output’
    test_check: no visible global function definition for ‘file_test’
    test_code : capture_calls: no visible global function definition for
     ‘head’
    Undefined global functions or variables:
     capture.output file_test head new setNames
    Consider adding
     importFrom("methods", "new")
     importFrom("stats", "setNames")
     importFrom("utils", "capture.output", "file_test", "head")
    to your NAMESPACE (and ensure that your DESCRIPTION Imports field
    contains 'methods').
Flavors: r-devel-linux-x86_64-debian-clang, r-devel-linux-x86_64-debian-gcc, r-devel-linux-x86_64-fedora-clang, r-devel-linux-x86_64-fedora-gcc, r-devel-windows-ix86+x86_64