CRAN Package Check Results for Package testthat

Last updated on 2014-09-01 11:49:08.

Flavor Version Tinstall Tcheck Ttotal Status Flags
r-devel-linux-x86_64-debian-clang 0.8.1 1.38 24.13 25.51 ERROR
r-devel-linux-x86_64-debian-gcc 0.8.1 1.39 24.56 25.94 ERROR
r-devel-linux-x86_64-fedora-clang 0.8.1 23.09 OK
r-devel-linux-x86_64-fedora-gcc 0.8.1 24.64 OK
r-devel-osx-x86_64-clang 0.8.1 34.12 OK
r-devel-windows-ix86+x86_64 0.8.1 4.00 28.00 32.00 OK
r-patched-linux-x86_64 0.8.1 1.40 16.88 18.28 OK
r-patched-solaris-sparc 0.8.1 213.80 OK
r-patched-solaris-x86 0.8.1 52.00 OK
r-release-linux-ix86 0.8.1 1.86 23.67 25.53 OK
r-release-linux-x86_64 0.8.1 1.39 17.37 18.76 OK
r-release-osx-x86_64-mavericks 0.8.1 OK
r-release-osx-x86_64-snowleopard 0.8.1 OK
r-release-windows-ix86+x86_64 0.8.1 6.00 36.00 42.00 OK
r-oldrel-windows-ix86+x86_64 0.8.1 4.00 30.00 34.00 OK

Check Details

Version: 0.8.1
Check: tests
Result: ERROR
    Running the tests in ‘tests/testthat.R’ failed.
    Last 13 lines of output:
     Testing test_that : ..........
    
    
     1. Error: can locate reporter from name ----------------------------------------
     node stack overflow
    
     Error: Test failures
     In addition: Warning messages:
     1: In getPackageName(where) :
     Created a package name, '2014-08-31 18:26:43', when none found
     2: In getPackageName(where) :
     Created a package name, '2014-08-31 18:26:43', when none found
     Execution halted
Flavor: r-devel-linux-x86_64-debian-clang

Version: 0.8.1
Check: tests
Result: ERROR
    Running the tests in ‘tests/testthat.R’ failed.
    Last 13 lines of output:
     Testing test_that : ..........
    
    
     1. Error: can locate reporter from name ----------------------------------------
     node stack overflow
    
     Error: Test failures
     In addition: Warning messages:
     1: In getPackageName(where) :
     Created a package name, '2014-09-01 02:26:56', when none found
     2: In getPackageName(where) :
     Created a package name, '2014-09-01 02:26:57', when none found
     Execution halted
Flavor: r-devel-linux-x86_64-debian-gcc