CRAN Package Check Results for Package testthat

Last updated on 2015-05-28 19:47:47.

Flavor Version Tinstall Tcheck Ttotal Status Flags
r-devel-linux-x86_64-debian-clang 0.10.0 1.65 17.87 19.52 OK
r-devel-linux-x86_64-debian-gcc 0.10.0 1.81 17.29 19.10 OK
r-devel-linux-x86_64-fedora-clang 0.10.0 37.33 OK
r-devel-linux-x86_64-fedora-gcc 0.10.0 19.96 OK
r-devel-osx-x86_64-clang 0.10.0 40.67 OK
r-devel-windows-ix86+x86_64 0.10.0 8.00 36.00 44.00 OK
r-patched-linux-x86_64 0.10.0 1.64 17.40 19.04 OK
r-patched-solaris-sparc 0.10.0 204.70 OK
r-patched-solaris-x86 0.10.0 50.70 OK
r-release-linux-x86_64 0.10.0 1.72 17.36 19.08 OK
r-release-osx-x86_64-mavericks 0.10.0 OK
r-release-osx-x86_64-snowleopard 0.9.1 ERROR
r-release-windows-ix86+x86_64 0.10.0 9.00 37.00 46.00 OK
r-oldrel-windows-ix86+x86_64 0.10.0 8.00 39.00 47.00 OK

Check Details

Version: 0.9.1
Check: package dependencies
Result: NOTE
    Package suggested but not available for checking: ‘devtools’
Flavor: r-release-osx-x86_64-snowleopard

Version: 0.9.1
Check: tests
Result: ERROR
    Running the tests in ‘tests/testthat.R’ failed.
    Last 13 lines of output:
     ".")
     mock(name = name, env = env, new = eval(new_values[[qual_name]]))
     })
     7: FUN(X[[i]], ...)
     8: asNamespace(pkg_name)
     9: getNamespace(ns)
     10: tryCatch(loadNamespace(name), error = function(e) stop(e))
     11: tryCatchList(expr, classes, parentenv, handlers)
     12: tryCatchOne(expr, names, parentenv, handlers[[1L]])
     13: value[[3L]](cond)
    
     Error: Test failures
     Execution halted
Flavor: r-release-osx-x86_64-snowleopard