CRAN Package Check Results for Package testthat

Last updated on 2017-12-17 23:53:31 CET.

Flavor Version Tinstall Tcheck Ttotal Status Flags
r-devel-linux-x86_64-debian-clang 2.0.0 18.53 68.29 86.82 NOTE
r-devel-linux-x86_64-debian-gcc NOTE
r-devel-linux-x86_64-fedora-clang 2.0.0 117.16 NOTE
r-devel-linux-x86_64-fedora-gcc 2.0.0 110.80 NOTE
r-devel-windows-ix86+x86_64 2.0.0 41.00 90.00 131.00 OK
r-patched-linux-x86_64 2.0.0 19.64 75.34 94.98 OK
r-patched-solaris-x86 2.0.0 66.10 OK
r-release-linux-x86_64 2.0.0 18.71 74.29 93.00 OK
r-release-windows-ix86+x86_64 2.0.0 38.00 75.00 113.00 OK
r-release-osx-x86_64 2.0.0 NOTE
r-oldrel-windows-ix86+x86_64 2.0.0 57.00 94.00 151.00 OK
r-oldrel-osx-x86_64 2.0.0 OK

Check Details

Version: 2.0.0
Check: pragmas in C/C++ headers and code
Result: NOTE
    File which contains pragma(s) suppressing diagnostics:
     ‘inst/include/testthat/vendor/catch.h’
Flavors: r-devel-linux-x86_64-debian-clang, r-devel-linux-x86_64-debian-gcc, r-devel-linux-x86_64-fedora-clang, r-devel-linux-x86_64-fedora-gcc

Version: 2.0.0
Check: installed package size
Result: NOTE
     installed size is 5.2Mb
     sub-directories of 1Mb or more:
     libs 4.3Mb
Flavors: r-devel-linux-x86_64-fedora-clang, r-release-osx-x86_64