CRAN Package Check Results for Package testthat

Last updated on 2017-10-17 01:48:21.

Flavor Version Tinstall Tcheck Ttotal Status Flags
r-devel-linux-x86_64-debian-clang 1.0.2 12.75 40.57 53.33 NOTE
r-devel-linux-x86_64-debian-gcc 1.0.2 13.33 43.59 56.92 NOTE
r-devel-linux-x86_64-fedora-clang 1.0.2 106.54 NOTE
r-devel-linux-x86_64-fedora-gcc 1.0.2 97.74 NOTE
r-devel-windows-ix86+x86_64 1.0.2 44.00 109.00 153.00 OK
r-patched-linux-x86_64 1.0.2 13.17 39.75 52.92 NOTE
r-patched-solaris-x86 1.0.2 56.40 OK
r-release-linux-x86_64 1.0.2 13.53 39.19 52.73 NOTE
r-release-windows-ix86+x86_64 1.0.2 57.00 63.00 120.00 OK
r-release-osx-x86_64 1.0.2 NOTE
r-oldrel-windows-ix86+x86_64 1.0.2 55.00 78.00 133.00 OK
r-oldrel-osx-x86_64 1.0.2 OK

Additional issues

clang-UBSAN gcc-UBSAN

Check Details

Version: 1.0.2
Check: compiled code
Result: NOTE
    File ‘testthat/libs/testthat.so’:
     Found no calls to: ‘R_registerRoutines’, ‘R_useDynamicSymbols’
    
    It is good practice to register native routines and to disable symbol
    search.
    
    See ‘Writing portable packages’ in the ‘Writing R Extensions’ manual.
Flavors: r-devel-linux-x86_64-debian-clang, r-devel-linux-x86_64-debian-gcc, r-devel-linux-x86_64-fedora-clang, r-devel-linux-x86_64-fedora-gcc, r-patched-linux-x86_64, r-release-linux-x86_64

Version: 1.0.2
Check: package dependencies
Result: NOTE
    Package suggested but not available for checking: ‘devtools’
Flavor: r-release-osx-x86_64

Version: 1.0.2
Check: installed package size
Result: NOTE
     installed size is 5.0Mb
     sub-directories of 1Mb or more:
     libs 4.4Mb
Flavor: r-release-osx-x86_64