CRAN Package Check Results for Package testthat

Last updated on 2018-11-21 20:54:12 CET.

Flavor Version Tinstall Tcheck Ttotal Status Flags
r-devel-linux-x86_64-debian-clang 2.0.1 33.60 80.64 114.24 OK
r-devel-linux-x86_64-debian-gcc 2.0.1 29.19 64.39 93.58 OK
r-devel-linux-x86_64-fedora-clang 2.0.1 145.90 NOTE
r-devel-linux-x86_64-fedora-gcc 2.0.1 135.41 OK
r-devel-windows-ix86+x86_64 2.0.1 77.00 86.00 163.00 OK
r-patched-linux-x86_64 2.0.1 33.17 79.13 112.30 OK
r-patched-solaris-x86 2.0.1 92.50 OK
r-release-linux-x86_64 2.0.1 35.16 80.27 115.43 OK
r-release-windows-ix86+x86_64 2.0.1 60.00 113.00 173.00 OK
r-release-osx-x86_64 2.0.1 NOTE
r-oldrel-windows-ix86+x86_64 2.0.1 44.00 129.00 173.00 OK
r-oldrel-osx-x86_64 2.0.1 NOTE

Check Details

Version: 2.0.1
Check: installed package size
Result: NOTE
     installed size is 6.0Mb
     sub-directories of 1Mb or more:
     libs 4.7Mb
Flavors: r-devel-linux-x86_64-fedora-clang, r-release-osx-x86_64, r-oldrel-osx-x86_64