CRAN Package Check Results for Package testthat

Last updated on 2017-04-26 21:47:44.

Flavor Version Tinstall Tcheck Ttotal Status Flags
r-devel-linux-x86_64-debian-clang 1.0.2 12.44 39.21 51.65 NOTE
r-devel-linux-x86_64-debian-gcc 1.0.2 13.14 38.49 51.62 NOTE
r-devel-linux-x86_64-fedora-clang 1.0.2 100.91 NOTE --no-stop-on-test-error
r-devel-linux-x86_64-fedora-gcc 1.0.2 93.48 NOTE --no-stop-on-test-error
r-devel-windows-ix86+x86_64 1.0.2 62.00 67.00 129.00 OK
r-patched-linux-x86_64 1.0.2 12.35 38.67 51.01 NOTE
r-patched-solaris-sparc 1.0.2 256.30 OK
r-patched-solaris-x86 1.0.2 54.80 OK
r-release-linux-x86_64 1.0.2 12.01 38.23 50.24 NOTE
r-release-windows-ix86+x86_64 1.0.2 45.00 59.00 104.00 OK
r-release-osx-x86_64 1.0.2 NOTE
r-oldrel-windows-ix86+x86_64 1.0.2 42.00 75.00 117.00 OK
r-oldrel-osx-x86_64 1.0.2 OK

Memtest notes: clang-UBSAN

Check Details

Version: 1.0.2
Check: compiled code
Result: NOTE
    File ‘testthat/libs/testthat.so’:
     Found no calls to: ‘R_registerRoutines’, ‘R_useDynamicSymbols’
    
    It is good practice to register native routines and to disable symbol
    search.
    
    See ‘Writing portable packages’ in the ‘Writing R Extensions’ manual.
Flavors: r-devel-linux-x86_64-debian-clang, r-devel-linux-x86_64-debian-gcc, r-patched-linux-x86_64, r-release-linux-x86_64

Version: 1.0.2
Flags: --no-stop-on-test-error
Check: compiled code
Result: NOTE
    File ‘testthat/libs/testthat.so’:
     Found no calls to: ‘R_registerRoutines’, ‘R_useDynamicSymbols’
    
    It is good practice to register native routines and to disable symbol
    search.
    
    See ‘Writing portable packages’ in the ‘Writing R Extensions’ manual.
Flavors: r-devel-linux-x86_64-fedora-clang, r-devel-linux-x86_64-fedora-gcc

Version: 1.0.2
Check: package dependencies
Result: NOTE
    Package suggested but not available for checking: ‘devtools’
Flavor: r-release-osx-x86_64

Version: 1.0.2
Check: installed package size
Result: NOTE
     installed size is 5.0Mb
     sub-directories of 1Mb or more:
     libs 4.4Mb
Flavor: r-release-osx-x86_64