Last updated on 2022-05-29 03:52:23 CEST.
Flavor | Version | Tinstall | Tcheck | Ttotal | Status | Flags |
---|---|---|---|---|---|---|
r-devel-linux-x86_64-debian-clang | 0.1.21 | 6.99 | 75.57 | 82.56 | NOTE | |
r-devel-linux-x86_64-debian-gcc | 0.1.21 | 5.79 | 56.77 | 62.56 | NOTE | |
r-devel-linux-x86_64-fedora-clang | 0.1.21 | 96.99 | NOTE | |||
r-devel-linux-x86_64-fedora-gcc | 0.1.21 | 84.39 | NOTE | |||
r-devel-windows-x86_64 | 0.1.21 | 17.00 | 93.00 | 110.00 | NOTE | |
r-patched-linux-x86_64 | 0.1.21 | 5.85 | 70.46 | 76.31 | NOTE | |
r-release-linux-x86_64 | 0.1.21 | 5.74 | 71.32 | 77.06 | NOTE | |
r-release-macos-arm64 | 0.1.21 | 29.00 | NOTE | |||
r-release-macos-x86_64 | 0.1.21 | 50.00 | NOTE | |||
r-release-windows-x86_64 | 0.1.21 | 30.00 | 96.00 | 126.00 | NOTE | |
r-oldrel-macos-arm64 | 0.1.21 | 29.00 | NOTE | |||
r-oldrel-macos-x86_64 | 0.1.21 | 51.00 | NOTE | |||
r-oldrel-windows-ix86+x86_64 | 0.1.21 | 19.00 | 92.00 | 111.00 | NOTE |
Version: 0.1.21
Check: LazyData
Result: NOTE
'LazyData' is specified without a 'data' directory
Flavors: r-devel-linux-x86_64-debian-clang, r-devel-linux-x86_64-debian-gcc, r-devel-linux-x86_64-fedora-clang, r-devel-linux-x86_64-fedora-gcc, r-devel-windows-x86_64, r-patched-linux-x86_64, r-release-linux-x86_64, r-release-macos-arm64, r-release-macos-x86_64, r-release-windows-x86_64, r-oldrel-macos-arm64, r-oldrel-macos-x86_64, r-oldrel-windows-ix86+x86_64