CRAN Package Check Results for Package tetraclasse

Last updated on 2023-06-01 06:58:48 CEST.

Flavor Version Tinstall Tcheck Ttotal Status Flags
r-devel-linux-x86_64-debian-clang 0.1.21 6.53 110.76 117.29 NOTE
r-devel-linux-x86_64-debian-gcc 0.1.21 5.76 82.49 88.25 NOTE
r-devel-linux-x86_64-fedora-clang 0.1.21 155.54 NOTE
r-devel-linux-x86_64-fedora-gcc 0.1.21 138.90 NOTE
r-devel-windows-x86_64 0.1.21 11.00 100.00 111.00 NOTE
r-patched-linux-x86_64 0.1.21 NOTE
r-release-linux-x86_64 0.1.21 5.75 103.24 108.99 NOTE
r-release-macos-arm64 0.1.21 49.00 NOTE
r-release-macos-x86_64 0.1.21 76.00 NOTE
r-release-windows-x86_64 0.1.21 13.00 117.00 130.00 NOTE
r-oldrel-macos-arm64 0.1.21 29.00 NOTE
r-oldrel-macos-x86_64 0.1.21 50.00 NOTE
r-oldrel-windows-x86_64 0.1.21 14.00 115.00 129.00 NOTE

Check Details

Version: 0.1.21
Check: LazyData
Result: NOTE
     'LazyData' is specified without a 'data' directory
Flavors: r-devel-linux-x86_64-debian-clang, r-devel-linux-x86_64-debian-gcc, r-devel-linux-x86_64-fedora-clang, r-devel-linux-x86_64-fedora-gcc, r-devel-windows-x86_64, r-patched-linux-x86_64, r-release-linux-x86_64, r-release-macos-arm64, r-release-macos-x86_64, r-release-windows-x86_64, r-oldrel-macos-arm64, r-oldrel-macos-x86_64, r-oldrel-windows-x86_64