CRAN Package Check Results for Package texmex

Last updated on 2015-08-02 19:47:46.

Flavor Version Tinstall Tcheck Ttotal Status Flags
r-devel-linux-x86_64-debian-clang 2.1 1.49 49.41 50.90 NOTE
r-devel-linux-x86_64-debian-gcc 2.1 1.53 48.89 50.42 NOTE
r-devel-linux-x86_64-fedora-clang 2.1 98.04 NOTE
r-devel-linux-x86_64-fedora-gcc 2.1 93.84 NOTE
r-devel-osx-x86_64-clang 2.1 59.00 NOTE
r-devel-windows-ix86+x86_64 2.1 7.00 83.00 90.00 NOTE
r-patched-linux-x86_64 2.1 1.52 48.52 50.04 NOTE
r-patched-solaris-sparc 2.1 455.60 NOTE
r-patched-solaris-x86 2.1 87.90 NOTE
r-release-linux-x86_64 2.1 1.51 49.14 50.65 NOTE
r-release-osx-x86_64-mavericks 2.1 OK
r-release-windows-ix86+x86_64 2.1 11.00 86.00 97.00 OK
r-oldrel-windows-ix86+x86_64 2.1 12.00 89.00 101.00 OK

Check Details

Version: 2.1
Check: S3 generic/method consistency
Result: NOTE
    Found the following apparent S3 methods exported but not registered:
     AIC.evmOpt coef.evmBoot coef.evmOpt coef.evmSim coef.mex coef.migpd
     declust.default declust.extremalIndex endPoint.evmBoot
     endPoint.evmOpt endPoint.evmSim evm.declustered evm.default
     hist.evmOpt linearPredictors.evmBoot linearPredictors.evmOpt
     linearPredictors.evmSim plot.MCS plot.bootMCS plot.bootmex plot.chi
     plot.copula plot.declustered plot.evmBoot plot.evmOpt plot.evmSim
     plot.extremalIndex plot.gpdRangeFit plot.hist.evmOpt plot.lp.evmBoot
     plot.lp.evmOpt plot.lp.evmSim plot.mex plot.mexRangeFit plot.migpd
     plot.mrl plot.ppevm plot.predict.mex plot.qqevm plot.rl.evmBoot
     plot.rl.evmOpt plot.rl.evmSim predict.evmBoot predict.evmOpt
     predict.evmSim predict.mex print.MCS print.bootMCS print.bootmex
     print.chi print.copula print.declustered print.evmBoot print.evmOpt
     print.evmSim print.extremalIndex print.gpdRangeFit print.hist.evmOpt
     print.lp.evmBoot print.lp.evmOpt print.lp.evmSim print.mex
     print.mexDependence print.migpd print.mrl print.ppevm
     print.predict.mex print.rl.evmBoot print.rl.evmOpt print.rl.evmSim
     print.summary.evmBoot print.summary.evmOpt print.summary.evmSim
     print.summary.predict.mex print.texmexFamily rl.evmBoot rl.evmOpt
     rl.evmSim summary.MCS summary.bootMCS summary.chi summary.copula
     summary.evmBoot summary.evmOpt summary.evmSim summary.gpdRangeFit
     summary.lp.evmBoot summary.lp.evmOpt summary.lp.evmSim summary.mex
     summary.migpd summary.mrl summary.predict.mex summary.rl.evmBoot
     summary.rl.evmOpt summary.rl.evmSim summary.texmexFamily
     thinAndBurn.evmSim
    See section ‘Registering S3 methods’ in the ‘Writing R Extensions’
    manual.
Flavors: r-devel-linux-x86_64-debian-clang, r-devel-linux-x86_64-debian-gcc, r-devel-linux-x86_64-fedora-clang, r-devel-linux-x86_64-fedora-gcc, r-devel-osx-x86_64-clang, r-patched-linux-x86_64, r-patched-solaris-sparc, r-patched-solaris-x86, r-release-linux-x86_64

Version: 2.1
Check: R code for possible problems
Result: NOTE
    .random.spd.matrix: no visible global function definition for ‘rexp’
    .rmvcauchy: no visible global function definition for ‘rcauchy’
    AIC.evmOpt: no visible global function definition for ‘coef’
    PosGumb.Laplace.negProfileLogLik: no visible global function definition
     for ‘sd’
    bootmex: no visible global function definition for ‘coef’
    bootmex : innerFun: no visible global function definition for ‘runif’
    bootmex : innerFun: no visible global function definition for ‘coef’
    chi: no visible global function definition for ‘na.omit’
    chi: no visible global function definition for ‘qnorm’
    coef.mex: no visible global function definition for ‘coef’
    coefficients.mex: no visible global function definition for ‘coef’
    declust: no visible global function definition for ‘formula’
    declust: no visible global function definition for ‘model.response’
    declust: no visible global function definition for ‘model.frame’
    endPoint.evmOpt: no visible global function definition for ‘coef’
    evm: no visible global function definition for ‘formula’
    evm: no visible global function definition for ‘model.response’
    evm: no visible global function definition for ‘model.frame’
    evm.default: no visible global function definition for ‘quantile’
    evmBoot: no visible global function definition for ‘coef’
    evmBoot: no visible binding for global variable ‘sd’
    evmFit: no visible global function definition for ‘runif’
    evmFit: no visible global function definition for ‘optim’
    extremalIndex: no visible global function definition for ‘formula’
    extremalIndex: no visible global function definition for
     ‘model.response’
    extremalIndex: no visible global function definition for ‘model.frame’
    extremalIndexRangeFit: no visible global function definition for
     ‘quantile’
    extremalIndexRangeFit: no visible global function definition for
     ‘formula’
    extremalIndexRangeFit: no visible global function definition for
     ‘model.response’
    extremalIndexRangeFit: no visible global function definition for
     ‘model.frame’
    extremalIndexRangeFit: no visible global function definition for ‘coef’
    extremalIndexRangeFit: no visible binding for global variable
     ‘quantile’
    extremalIndexRangeFit : plots: no visible global function definition
     for ‘plot’
    extremalIndexRangeFit : plots: no visible global function definition
     for ‘lines’
    extremalIndexRangeFit : plots: no visible global function definition
     for ‘axis’
    extremalIndexRangeFit : plots: no visible global function definition
     for ‘axTicks’
    extremalIndexRangeFit : plots: no visible global function definition
     for ‘mtext’
    gpd.info: no visible global function definition for ‘coef’
    gpdRangeFit: no visible global function definition for ‘quantile’
    gpdRangeFit: no visible global function definition for ‘qnorm’
    hist.evmOpt: no visible global function definition for ‘hist’
    hist.evmOpt: no visible global function definition for ‘nclass.Sturges’
    initRNG: no visible global function definition for ‘runif’
    linearPredictors.evmOpt: no visible global function definition for
     ‘coef’
    mex : <anonymous>: no visible global function definition for ‘quantile’
    mexDependence: no visible global function definition for ‘quantile’
    mexDependence : qfun: no visible global function definition for ‘optim’
    mexDependence : qfun: no visible global function definition for
     ‘filled.contour’
    mexDependence : qfun: no visible binding for global variable
     ‘terrain.colors’
    mexDependence : qfun: no visible global function definition for ‘axis’
    mexDependence : qfun: no visible global function definition for
     ‘points’
    mexDependence : qfun: no visible global function definition for ‘sd’
    migpd : <anonymous>: no visible global function definition for
     ‘quantile’
    mrl: no visible global function definition for ‘qnorm’
    mrl: no visible global function definition for ‘var’
    pgev: no visible global function definition for ‘pexp’
    pgpd: no visible global function definition for ‘pexp’
    plot.MCS: no visible global function definition for ‘plot’
    plot.bootMCS: no visible binding for global variable ‘quantile’
    plot.bootMCS: no visible global function definition for ‘plot’
    plot.bootMCS: no visible global function definition for ‘lines’
    plot.bootmex : fun: no visible global function definition for ‘hist’
    plot.bootmex : fun: no visible global function definition for ‘lines’
    plot.bootmex : fun: no visible global function definition for ‘density’
    plot.bootmex : fun: no visible global function definition for ‘plot’
    plot.bootmex : fun: no visible global function definition for ‘points’
    plot.chi: no visible global function definition for ‘par’
    plot.chi: no visible global function definition for ‘dev.interactive’
    plot.chi: no visible global function definition for ‘tail’
    plot.chi: no visible global function definition for ‘matplot’
    plot.chi: no visible global function definition for ‘segments’
    plot.chi: no visible global function definition for ‘box’
    plot.chi: no visible global function definition for ‘axis’
    plot.chi: no visible global function definition for ‘lines’
    plot.copula: no visible global function definition for ‘pairs’
    plot.declustered: no visible global function definition for ‘plot’
    plot.declustered: no visible global function definition for ‘abline’
    plot.declustered: no visible global function definition for ‘points’
    plot.evmBoot : pfun: no visible global function definition for
     ‘density’
    plot.evmBoot : pfun: no visible global function definition for ‘hist’
    plot.evmBoot : pfun: no visible global function definition for ‘lines’
    plot.evmBoot : pfun: no visible global function definition for ‘rug’
    plot.evmBoot: no visible global function definition for ‘abline’
    plot.evmBoot: no visible global function definition for ‘coef’
    plot.evmOpt: no visible global function definition for ‘plot’
    plot.evmOpt: no visible global function definition for ‘predict’
    plot.evmOpt: no visible binding for global variable ‘var’
    plot.evmOpt: no visible global function definition for ‘resid’
    plot.evmOpt: no visible global function definition for ‘panel.smooth’
    plot.evmSim: no visible global function definition for ‘coef’
    plot.evmSim: no visible global function definition for ‘density’
    plot.evmSim: no visible global function definition for ‘plot’
    plot.evmSim: no visible global function definition for ‘polygon’
    plot.evmSim: no visible global function definition for ‘segments’
    plot.evmSim: no visible global function definition for ‘title’
    plot.evmSim: no visible global function definition for ‘lines’
    plot.evmSim: no visible global function definition for ‘axis’
    plot.evmSim: no visible global function definition for ‘abline’
    plot.evmSim: no visible global function definition for ‘acf’
    plot.extremalIndex: no visible global function definition for ‘qexp’
    plot.extremalIndex: no visible global function definition for ‘ppoints’
    plot.extremalIndex: no visible global function definition for ‘plot’
    plot.extremalIndex: no visible global function definition for ‘abline’
    plot.extremalIndex: no visible global function definition for ‘title’
    plot.gpdRangeFit: no visible global function definition for ‘plot’
    plot.gpdRangeFit: no visible global function definition for ‘lines’
    plot.gpdRangeFit: no visible global function definition for ‘axis’
    plot.gpdRangeFit: no visible global function definition for ‘axTicks’
    plot.gpdRangeFit: no visible global function definition for ‘mtext’
    plot.hist.evmOpt: no visible global function definition for ‘hist’
    plot.hist.evmOpt: no visible global function definition for ‘lines’
    plot.hist.evmOpt: no visible global function definition for ‘rug’
    plot.lp.evmOpt: no visible global function definition for ‘plot’
    plot.lp.evmOpt: no visible global function definition for ‘polygon’
    plot.lp.evmOpt: no visible global function definition for ‘lines’
    plot.mex: no visible global function definition for ‘coef’
    plot.mex: no visible global function definition for ‘plot’
    plot.mex: no visible global function definition for ‘lines’
    plot.mex: no visible global function definition for ‘lowess’
    plot.mex: no visible global function definition for ‘quantile’
    plot.mex: no visible global function definition for ‘abline’
    plot.mexRangeFit : <anonymous>: no visible global function definition
     for ‘coef’
    plot.mexRangeFit: no visible global function definition for ‘coef’
    plot.mexRangeFit: no visible global function definition for ‘plot’
    plot.mexRangeFit: no visible global function definition for ‘points’
    plot.mexRangeFit: no visible global function definition for ‘axis’
    plot.mexRangeFit: no visible global function definition for ‘axTicks’
    plot.mexRangeFit : <anonymous>: no visible global function definition
     for ‘quantile’
    plot.mexRangeFit: no visible global function definition for ‘mtext’
    plot.migpd: no visible global function definition for ‘plot’
    plot.mrl: no visible global function definition for ‘plot’
    plot.mrl: no visible global function definition for ‘lines’
    plot.mrl: no visible global function definition for ‘rug’
    plot.ppevm: no visible global function definition for ‘par’
    plot.ppevm: no visible global function definition for ‘plot’
    plot.ppevm: no visible global function definition for ‘polygon’
    plot.ppevm: no visible global function definition for ‘lines’
    plot.ppevm: no visible global function definition for ‘abline’
    plot.ppevm: no visible global function definition for ‘points’
    plot.ppevm: no visible global function definition for ‘box’
    plot.predict.mex: no visible global function definition for ‘par’
    plot.predict.mex: no visible global function definition for ‘plot’
    plot.predict.mex: no visible global function definition for ‘points’
    plot.predict.mex: no visible global function definition for ‘abline’
    plot.predict.mex: no visible global function definition for ‘lines’
    plot.qqevm: no visible global function definition for ‘par’
    plot.qqevm: no visible global function definition for ‘polygon’
    plot.qqevm: no visible global function definition for ‘lines’
    plot.qqevm: no visible global function definition for ‘abline’
    plot.qqevm: no visible global function definition for ‘points’
    plot.qqevm: no visible global function definition for ‘box’
    plotRLevm: no visible global function definition for ‘plot’
    plotRLevm: no visible global function definition for ‘spline’
    plotRLevm: no visible global function definition for ‘polygon’
    plotRLevm: no visible global function definition for ‘lines’
    plotRLevm: no visible global function definition for ‘points’
    plotRLevm: no visible global function definition for ‘box’
    ppevm: no visible global function definition for ‘ppoints’
    ppevm: no visible binding for global variable ‘quantile’
    predict.mex : MakeThrowData: no visible global function definition for
     ‘runif’
    predict.mex: no visible global function definition for ‘coef’
    print.bootmex : <anonymous>: no visible global function definition for
     ‘na.omit’
    print.evmBoot: no visible binding for global variable ‘median’
    print.evmBoot: no visible binding for global variable ‘sd’
    print.evmOpt: no visible global function definition for ‘AIC’
    print.evmOpt: no visible global function definition for ‘coef’
    print.evmSim: no visible global function definition for ‘coef’
    print.hist.evmOpt: no visible global function definition for ‘hist’
    print.hist.evmOpt: no visible global function definition for ‘lines’
    print.hist.evmOpt: no visible global function definition for ‘rug’
    print.ppevm: no visible global function definition for ‘par’
    print.ppevm: no visible global function definition for ‘plot’
    print.ppevm: no visible global function definition for ‘polygon’
    print.ppevm: no visible global function definition for ‘lines’
    print.ppevm: no visible global function definition for ‘abline’
    print.ppevm: no visible global function definition for ‘points’
    print.ppevm: no visible global function definition for ‘box’
    print.predict.mex : stdev: no visible global function definition for
     ‘var’
    print.summary.evmBoot: no visible global function definition for
     ‘cov2cor’
    print.summary.evmOpt: no visible global function definition for ‘coef’
    print.summary.evmOpt: no visible global function definition for ‘AIC’
    qgev: no visible global function definition for ‘qexp’
    qgpd: no visible global function definition for ‘qexp’
    qqevm: no visible global function definition for ‘ppoints’
    qqevm: no visible binding for global variable ‘quantile’
    rFrechet: no visible global function definition for ‘runif’
    rgev: no visible global function definition for ‘rexp’
    rgpd: no visible global function definition for ‘rexp’
    rl.evmOpt : getse : <anonymous>: no visible global function definition
     for ‘mahalanobis’
    rl.evmOpt : ci.fun: no visible global function definition for ‘qnorm’
    summary.bootMCS: no visible binding for global variable ‘quantile’
    summary.chi: no visible global function definition for ‘quantile’
    summary.evmBoot: no visible binding for global variable ‘median’
    summary.evmBoot: no visible binding for global variable ‘sd’
    summary.evmBoot: no visible global function definition for ‘coef’
    summary.evmBoot: no visible global function definition for ‘var’
    summary.evmOpt: no visible global function definition for ‘coef’
    summary.evmSim: no visible global function definition for ‘coef’
    summary.evmSim: no visible binding for global variable ‘sd’
    summary.mex: no visible global function definition for ‘coef’
    summary.predict.mex : stdev: no visible global function definition for
     ‘var’
    summary.predict.mex : <anonymous>: no visible global function
     definition for ‘quantile’
    texmexGetXlevels : getVars: no visible global function definition for
     ‘update’
    texmexMakeCI: no visible global function definition for ‘qnorm’
    texmexMakeCISim : sumfun: no visible global function definition for
     ‘quantile’
    texmexMakeCovariance: no visible binding for global variable ‘D’
    texmexMakeNewdataD : xl: no visible global function definition for
     ‘model.matrix’
    texmexMetropolis: no visible global function definition for ‘runif’
    texmexPrepareData: no visible global function definition for ‘formula’
    texmexPrepareData: no visible global function definition for
     ‘model.response’
    texmexPrepareData: no visible global function definition for
     ‘model.frame’
    texmexPrepareData: no visible global function definition for
     ‘model.matrix’
    Undefined global functions or variables:
     AIC D abline acf axTicks axis box coef cov2cor density
     dev.interactive filled.contour formula hist lines lowess mahalanobis
     matplot median model.frame model.matrix model.response mtext na.omit
     nclass.Sturges optim pairs panel.smooth par pexp plot points polygon
     ppoints predict qexp qnorm quantile rcauchy resid rexp rug runif sd
     segments spline tail terrain.colors title update var
    Consider adding
     importFrom("grDevices", "dev.interactive", "nclass.Sturges",
     "terrain.colors")
     importFrom("graphics", "abline", "axTicks", "axis", "box",
     "filled.contour", "hist", "lines", "matplot", "mtext",
     "pairs", "panel.smooth", "par", "plot", "points", "polygon",
     "rug", "segments", "title")
     importFrom("stats", "AIC", "D", "acf", "coef", "cov2cor", "density",
     "formula", "lowess", "mahalanobis", "median", "model.frame",
     "model.matrix", "model.response", "na.omit", "optim",
     "pexp", "ppoints", "predict", "qexp", "qnorm", "quantile",
     "rcauchy", "resid", "rexp", "runif", "sd", "spline",
     "update", "var")
     importFrom("utils", "tail")
    to your NAMESPACE.
Flavors: r-devel-linux-x86_64-debian-clang, r-devel-linux-x86_64-debian-gcc, r-devel-linux-x86_64-fedora-clang, r-devel-linux-x86_64-fedora-gcc, r-devel-windows-ix86+x86_64