CRAN Package Check Results for Package texmex

Last updated on 2017-02-24 11:48:44.

Flavor Version Tinstall Tcheck Ttotal Status Flags
r-devel-linux-x86_64-debian-clang 2.3 2.48 62.96 65.44 NOTE
r-devel-linux-x86_64-debian-gcc 2.3 2.67 60.88 63.55 NOTE
r-devel-linux-x86_64-fedora-clang 2.3 121.84 NOTE --no-stop-on-test-error
r-devel-linux-x86_64-fedora-gcc 2.3 117.30 NOTE --no-stop-on-test-error
r-devel-macos-x86_64-clang 2.3 87.26 NOTE --no-stop-on-test-error
r-devel-windows-ix86+x86_64 2.3 30.00 174.00 204.00 OK
r-patched-linux-x86_64 2.3 2.45 57.23 59.68 OK
r-patched-solaris-sparc 2.3 651.50 OK
r-patched-solaris-x86 2.3 123.10 OK
r-release-linux-x86_64 2.3 2.36 56.67 59.03 OK
r-release-osx-x86_64-mavericks 2.3 OK
r-release-windows-ix86+x86_64 2.3 25.00 165.00 190.00 OK
r-oldrel-windows-ix86+x86_64 2.3 14.00 168.00 182.00 OK

Check Details

Version: 2.3
Check: compiled code
Result: NOTE
    File ‘texmex/libs/texmex.so’:
     Found no call to: ‘R_useDynamicSymbols’
    
    It is good practice to register native routines and to disable symbol
    search.
    
    See ‘Writing portable packages’ in the ‘Writing R Extensions’ manual.
Flavors: r-devel-linux-x86_64-debian-clang, r-devel-linux-x86_64-debian-gcc

Version: 2.3
Flags: --no-stop-on-test-error
Check: compiled code
Result: NOTE
    File ‘texmex/libs/texmex.so’:
     Found no call to: ‘R_useDynamicSymbols’
    
    It is good practice to register native routines and to disable symbol
    search.
    
    See ‘Writing portable packages’ in the ‘Writing R Extensions’ manual.
Flavors: r-devel-linux-x86_64-fedora-clang, r-devel-linux-x86_64-fedora-gcc, r-devel-macos-x86_64-clang