CRAN Package Check Results for Package texmex

Last updated on 2014-04-23 12:48:29.

Flavor Version Tinstall Tcheck Ttotal Status Flags
r-devel-linux-x86_64-debian-clang 2.1 1.66 40.18 41.83 OK
r-devel-linux-x86_64-debian-gcc 2.1 1.74 41.50 43.23 OK
r-devel-linux-x86_64-fedora-clang 2.1 122.97 OK
r-devel-linux-x86_64-fedora-gcc 2.1 118.01 OK
r-devel-osx-x86_64-clang 2.1 66.65 OK
r-devel-osx-x86_64-gcc 2.1 NOTE
r-devel-windows-ix86+x86_64 2.1 6.00 82.00 88.00 OK
r-patched-linux-x86_64 2.1 1.85 43.05 44.90 OK
r-patched-solaris-sparc 2.1 456.30 OK
r-patched-solaris-x86 2.1 140.10 OK
r-release-linux-ix86 2.1 3.00 64.00 67.00 OK
r-release-linux-x86_64 2.1 1.68 41.38 43.06 OK
r-release-osx-x86_64-mavericks 2.1 WARN
r-release-osx-x86_64-snowleopard 2.1 OK
r-release-windows-ix86+x86_64 2.1 6.00 88.00 94.00 OK
r-oldrel-windows-ix86+x86_64 2.1 7.00 81.00 88.00 OK

Check Details

Version: 2.1
Check: package dependencies
Result: NOTE
    Package suggested but not available for checking: ‘knitr’
Flavor: r-devel-osx-x86_64-gcc

Version: 2.1
Check: PDF version of manual
Result: WARNING
    LaTeX errors when creating PDF version.
    This typically indicates Rd problems.
    LaTeX errors found:
    ! LaTeX Error: File `upquote.sty' not found.
    
    Type X to quit or <RETURN> to proceed,
    or enter new name. (Default extension: sty)
    
    07a8088/Rd2.tex:8: ==> Fatal error occurred, no output PDF file produced!
Flavor: r-release-osx-x86_64-mavericks