CRAN Package Check Results for Package texmex

Last updated on 2017-05-24 07:50:14.

Flavor Version Tinstall Tcheck Ttotal Status Flags
r-devel-linux-x86_64-debian-clang 2.3 2.55 65.78 68.33 NOTE
r-devel-linux-x86_64-debian-gcc 2.3 2.42 61.78 64.20 NOTE
r-devel-linux-x86_64-fedora-clang 2.3 128.02 NOTE --no-stop-on-test-error
r-devel-linux-x86_64-fedora-gcc 2.3 117.72 NOTE --no-stop-on-test-error
r-devel-windows-ix86+x86_64 2.3 11.00 137.00 148.00 OK
r-patched-linux-x86_64 2.3 2.38 62.53 64.91 NOTE
r-patched-solaris-sparc 2.3 693.00 OK
r-patched-solaris-x86 2.3 132.30 OK
r-release-linux-x86_64 2.3 2.32 61.03 63.35 NOTE
r-release-windows-ix86+x86_64 2.3 10.00 185.00 195.00 OK
r-release-osx-x86_64 2.3 NOTE
r-oldrel-windows-ix86+x86_64 2.3 14.00 160.00 174.00 OK
r-oldrel-osx-x86_64 2.3 OK

Check Details

Version: 2.3
Check: compiled code
Result: NOTE
    File ‘texmex/libs/texmex.so’:
     Found no call to: ‘R_useDynamicSymbols’
    
    It is good practice to register native routines and to disable symbol
    search.
    
    See ‘Writing portable packages’ in the ‘Writing R Extensions’ manual.
Flavors: r-devel-linux-x86_64-debian-clang, r-devel-linux-x86_64-debian-gcc, r-patched-linux-x86_64, r-release-linux-x86_64

Version: 2.3
Flags: --no-stop-on-test-error
Check: compiled code
Result: NOTE
    File ‘texmex/libs/texmex.so’:
     Found no call to: ‘R_useDynamicSymbols’
    
    It is good practice to register native routines and to disable symbol
    search.
    
    See ‘Writing portable packages’ in the ‘Writing R Extensions’ manual.
Flavors: r-devel-linux-x86_64-fedora-clang, r-devel-linux-x86_64-fedora-gcc

Version: 2.3
Check: package dependencies
Result: NOTE
    Package suggested but not available for checking: ‘devtools’
Flavor: r-release-osx-x86_64