CRAN Package Check Results for Package texmex

Last updated on 2018-02-21 01:47:57 CET.

Flavor Version Tinstall Tcheck Ttotal Status Flags
r-devel-linux-x86_64-debian-clang 2.4 11.18 99.33 110.51 OK
r-devel-linux-x86_64-debian-gcc 2.4 9.32 73.83 83.15 OK
r-devel-linux-x86_64-fedora-clang 2.4 131.51 OK
r-devel-linux-x86_64-fedora-gcc 2.4 126.82 OK
r-devel-windows-ix86+x86_64 2.4 17.00 137.00 154.00 OK
r-patched-linux-x86_64 2.4 3.97 105.89 109.86 OK
r-patched-solaris-x86 2.4 142.60 OK
r-release-linux-x86_64 2.4 3.88 105.05 108.93 ERROR
r-release-windows-ix86+x86_64 2.4 18.00 196.00 214.00 OK
r-release-osx-x86_64 2.4 OK
r-oldrel-windows-ix86+x86_64 2.4 17.00 167.00 184.00 OK
r-oldrel-osx-x86_64 2.4 OK

Check Details

Version: 2.4
Check: tests
Result: ERROR
     Running ‘testthat.R’ [3s/4s]
    Running the tests in ‘tests/testthat.R’ failed.
    Complete output:
     > library(testthat)
     > library(texmex)
     Loading required package: mvtnorm
     Loading required package: ggplot2
     > test_check("texmex")
     ── 1. Failure: log1prel behaves as it should (@test-log1prel.R#26) ────────────
     log1prel: exprel inversion not equal to `y`.
     1/10 mismatches
     [7] 4.96 - 4.96 == 4.8e-07
    
     ══ testthat results ═══════════════════════════════════════════════════════════
     OK: 206 SKIPPED: 45 FAILED: 1
     1. Failure: log1prel behaves as it should (@test-log1prel.R#26)
    
     Error: testthat unit tests failed
     Execution halted
Flavor: r-release-linux-x86_64