CRAN Package Check Results for Package texmex

Last updated on 2017-10-19 11:47:55.

Flavor Version Tinstall Tcheck Ttotal Status Flags
r-devel-linux-x86_64-debian-clang 2.3 2.59 64.86 67.44 NOTE
r-devel-linux-x86_64-debian-gcc 2.3 3.26 64.08 67.34 NOTE
r-devel-linux-x86_64-fedora-clang 2.3 126.38 NOTE
r-devel-linux-x86_64-fedora-gcc 2.3 122.71 NOTE
r-devel-windows-ix86+x86_64 2.3 9.00 134.00 143.00 OK
r-patched-linux-x86_64 2.3 2.67 61.35 64.02 NOTE
r-patched-solaris-x86 2.3 135.40 OK
r-release-linux-x86_64 2.3 2.58 61.07 63.65 NOTE
r-release-windows-ix86+x86_64 2.3 19.00 171.00 190.00 OK
r-release-osx-x86_64 2.3 NOTE
r-oldrel-windows-ix86+x86_64 2.3 15.00 179.00 194.00 OK
r-oldrel-osx-x86_64 2.3 OK

Check Details

Version: 2.3
Check: compiled code
Result: NOTE
    File ‘texmex/libs/texmex.so’:
     Found no call to: ‘R_useDynamicSymbols’
    
    It is good practice to register native routines and to disable symbol
    search.
    
    See ‘Writing portable packages’ in the ‘Writing R Extensions’ manual.
Flavors: r-devel-linux-x86_64-debian-clang, r-devel-linux-x86_64-debian-gcc, r-devel-linux-x86_64-fedora-clang, r-devel-linux-x86_64-fedora-gcc, r-patched-linux-x86_64, r-release-linux-x86_64

Version: 2.3
Check: package dependencies
Result: NOTE
    Package suggested but not available for checking: ‘devtools’
Flavor: r-release-osx-x86_64