CRAN Package Check Results for Package texmex

Last updated on 2017-08-16 20:48:34.

Flavor Version Tinstall Tcheck Ttotal Status Flags
r-devel-linux-x86_64-debian-clang 2.3 2.48 63.69 66.17 NOTE
r-devel-linux-x86_64-debian-gcc 2.3 2.36 61.98 64.33 NOTE
r-devel-linux-x86_64-fedora-clang 2.3 122.30 NOTE
r-devel-linux-x86_64-fedora-gcc 2.3 119.13 NOTE
r-devel-windows-ix86+x86_64 2.3 9.00 128.00 137.00 OK
r-patched-linux-x86_64 2.3 2.33 60.82 63.15 NOTE
r-patched-solaris-x86 2.3 136.60 OK
r-release-linux-x86_64 2.3 2.40 62.69 65.08 NOTE
r-release-windows-ix86+x86_64 2.3 10.00 159.00 169.00 OK
r-release-osx-x86_64 2.3 NOTE
r-oldrel-windows-ix86+x86_64 2.3 8.00 114.00 122.00 OK
r-oldrel-osx-x86_64 2.3 OK

Check Details

Version: 2.3
Check: compiled code
Result: NOTE
    File ‘texmex/libs/texmex.so’:
     Found no call to: ‘R_useDynamicSymbols’
    
    It is good practice to register native routines and to disable symbol
    search.
    
    See ‘Writing portable packages’ in the ‘Writing R Extensions’ manual.
Flavors: r-devel-linux-x86_64-debian-clang, r-devel-linux-x86_64-debian-gcc, r-devel-linux-x86_64-fedora-clang, r-devel-linux-x86_64-fedora-gcc, r-patched-linux-x86_64, r-release-linux-x86_64

Version: 2.3
Check: package dependencies
Result: NOTE
    Package suggested but not available for checking: ‘devtools’
Flavor: r-release-osx-x86_64