CRAN Package Check Results for Package texmex

Last updated on 2017-03-24 23:56:15.

Flavor Version Tinstall Tcheck Ttotal Status Flags
r-devel-linux-x86_64-debian-clang 2.3 2.52 64.16 66.68 NOTE
r-devel-linux-x86_64-debian-gcc 2.3 2.34 60.52 62.86 NOTE
r-devel-linux-x86_64-fedora-clang 2.3 121.28 NOTE --no-stop-on-test-error
r-devel-linux-x86_64-fedora-gcc 2.3 116.14 NOTE --no-stop-on-test-error
r-devel-macos-x86_64-clang 2.3 86.27 NOTE --no-stop-on-test-error
r-patched-linux-x86_64 2.3 2.19 56.94 59.13 OK
r-patched-solaris-sparc 2.3 693.00 OK
r-patched-solaris-x86 2.3 135.70 OK
r-release-linux-x86_64 2.3 2.49 58.02 60.52 OK
r-release-osx-x86_64-mavericks 2.3 OK
r-release-windows-ix86+x86_64 2.3 14.00 129.00 143.00 OK
r-oldrel-windows-ix86+x86_64 2.3 12.00 177.00 189.00 OK

Check Details

Version: 2.3
Check: compiled code
Result: NOTE
    File ‘texmex/libs/texmex.so’:
     Found no call to: ‘R_useDynamicSymbols’
    
    It is good practice to register native routines and to disable symbol
    search.
    
    See ‘Writing portable packages’ in the ‘Writing R Extensions’ manual.
Flavors: r-devel-linux-x86_64-debian-clang, r-devel-linux-x86_64-debian-gcc

Version: 2.3
Flags: --no-stop-on-test-error
Check: compiled code
Result: NOTE
    File ‘texmex/libs/texmex.so’:
     Found no call to: ‘R_useDynamicSymbols’
    
    It is good practice to register native routines and to disable symbol
    search.
    
    See ‘Writing portable packages’ in the ‘Writing R Extensions’ manual.
Flavors: r-devel-linux-x86_64-fedora-clang, r-devel-linux-x86_64-fedora-gcc, r-devel-macos-x86_64-clang