CRAN Package Check Results for Package texmex

Last updated on 2015-01-26 19:48:36.

Flavor Version Tinstall Tcheck Ttotal Status Flags
r-devel-linux-x86_64-debian-clang 2.1 1.50 52.58 54.08 OK
r-devel-linux-x86_64-debian-gcc 2.1 1.47 49.12 50.59 OK
r-devel-linux-x86_64-fedora-clang 2.1 102.20 NOTE
r-devel-linux-x86_64-fedora-gcc 2.1 96.35 NOTE
r-devel-osx-x86_64-clang 2.1 68.23 NOTE
r-devel-windows-ix86+x86_64 2.1 11.00 94.00 105.00 OK
r-patched-linux-x86_64 2.1 1.78 52.43 54.21 OK
r-patched-solaris-sparc 2.1 451.60 OK
r-patched-solaris-x86 2.1 92.40 OK
r-release-linux-ix86 2.1 2.30 47.66 49.96 OK
r-release-linux-x86_64 2.1 1.60 53.37 54.98 OK
r-release-osx-x86_64-mavericks 2.1 OK
r-release-osx-x86_64-snowleopard 2.1 OK
r-release-windows-ix86+x86_64 2.1 7.00 81.00 88.00 OK
r-oldrel-windows-ix86+x86_64 2.1 14.00 108.00 122.00 OK

Check Details

Version: 2.1
Check: S3 generic/method consistency
Result: NOTE
    Found the following apparent S3 methods exported but not registered:
     declust.default declust.extremalIndex endPoint.evmBoot
     endPoint.evmOpt endPoint.evmSim evm.declustered evm.default
     linearPredictors.evmBoot linearPredictors.evmOpt
     linearPredictors.evmSim rl.evmBoot rl.evmOpt rl.evmSim
     thinAndBurn.evmSim print.MCS print.bootMCS print.bootmex print.chi
     print.copula print.declustered print.evmBoot print.evmOpt
     print.evmSim print.extremalIndex print.gpdRangeFit print.hist.evmOpt
     print.lp.evmBoot print.lp.evmOpt print.lp.evmSim print.mex
     print.mexDependence print.migpd print.mrl print.ppevm
     print.predict.mex print.rl.evmBoot print.rl.evmOpt print.rl.evmSim
     print.summary.evmBoot print.summary.evmOpt print.summary.evmSim
     print.summary.predict.mex print.texmexFamily summary.MCS
     summary.bootMCS summary.chi summary.copula summary.evmBoot
     summary.evmOpt summary.evmSim summary.gpdRangeFit summary.lp.evmBoot
     summary.lp.evmOpt summary.lp.evmSim summary.mex summary.migpd
     summary.mrl summary.predict.mex summary.rl.evmBoot summary.rl.evmOpt
     summary.rl.evmSim summary.texmexFamily hist.evmOpt plot.MCS
     plot.bootMCS plot.bootmex plot.chi plot.copula plot.declustered
     plot.evmBoot plot.evmOpt plot.evmSim plot.extremalIndex
     plot.gpdRangeFit plot.hist.evmOpt plot.lp.evmBoot plot.lp.evmOpt
     plot.lp.evmSim plot.mex plot.mexRangeFit plot.migpd plot.mrl
     plot.ppevm plot.predict.mex plot.qqevm plot.rl.evmBoot plot.rl.evmOpt
     plot.rl.evmSim AIC.evmOpt coef.evmBoot coef.evmOpt coef.evmSim
     coef.mex coef.migpd predict.evmBoot predict.evmOpt predict.evmSim
     predict.mex
    See section ‘Registering S3 methods’ in the ‘Writing R Extensions’
    manual.
Flavors: r-devel-linux-x86_64-fedora-clang, r-devel-linux-x86_64-fedora-gcc, r-devel-osx-x86_64-clang