CRAN Package Check Results for Package texmex

Last updated on 2017-12-13 20:49:02 CET.

Flavor Version Tinstall Tcheck Ttotal Status Flags
r-devel-linux-x86_64-debian-clang 2.4 3.09 106.79 109.88 OK
r-devel-linux-x86_64-debian-gcc 2.4 2.58 42.87 45.45 FAIL
r-devel-linux-x86_64-fedora-clang 2.4 122.22 OK
r-devel-linux-x86_64-fedora-gcc 2.4 122.75 OK
r-devel-windows-ix86+x86_64 2.4 14.00 204.00 218.00 OK
r-patched-linux-x86_64 2.4 3.20 109.83 113.03 OK
r-patched-solaris-x86 2.4 144.10 OK
r-release-linux-x86_64 2.4 3.49 108.71 112.20 OK
r-release-windows-ix86+x86_64 2.4 8.00 154.00 162.00 OK
r-release-osx-x86_64 2.4 OK
r-oldrel-windows-ix86+x86_64 2.4 8.00 186.00 194.00 OK
r-oldrel-osx-x86_64 2.4 OK

Check Details

Version: 2.4
Check: pragmas in C/C++ headers and code
Result: FAIL
    
Flavor: r-devel-linux-x86_64-debian-gcc