CRAN Package Check Results for Package texmex

Last updated on 2015-03-01 19:48:20.

Flavor Version Tinstall Tcheck Ttotal Status Flags
r-devel-linux-x86_64-debian-clang 2.1 1.48 52.70 54.18 NOTE
r-devel-linux-x86_64-debian-gcc 2.1 1.42 48.52 49.94 NOTE
r-devel-linux-x86_64-fedora-clang 2.1 97.11 NOTE
r-devel-linux-x86_64-fedora-gcc 2.1 92.22 NOTE
r-devel-osx-x86_64-clang 2.1 65.03 NOTE
r-devel-windows-ix86+x86_64 2.1 7.00 102.00 109.00 OK
r-patched-linux-x86_64 2.1 1.65 53.67 55.32 OK
r-patched-solaris-sparc 2.1 451.60 OK
r-patched-solaris-x86 2.1 92.90 OK
r-release-linux-ix86 2.1 2.96 68.99 71.95 OK
r-release-linux-x86_64 2.1 1.60 52.10 53.70 OK
r-release-osx-x86_64-mavericks 2.1 OK
r-release-osx-x86_64-snowleopard 2.1 OK
r-release-windows-ix86+x86_64 2.1 7.00 89.00 96.00 OK
r-oldrel-windows-ix86+x86_64 2.1 8.00 92.00 100.00 OK

Check Details

Version: 2.1
Check: S3 generic/method consistency
Result: NOTE
    Found the following apparent S3 methods exported but not registered:
     AIC.evmOpt coef.evmBoot coef.evmOpt coef.evmSim coef.mex coef.migpd
     declust.default declust.extremalIndex endPoint.evmBoot
     endPoint.evmOpt endPoint.evmSim evm.declustered evm.default
     hist.evmOpt linearPredictors.evmBoot linearPredictors.evmOpt
     linearPredictors.evmSim plot.MCS plot.bootMCS plot.bootmex plot.chi
     plot.copula plot.declustered plot.evmBoot plot.evmOpt plot.evmSim
     plot.extremalIndex plot.gpdRangeFit plot.hist.evmOpt plot.lp.evmBoot
     plot.lp.evmOpt plot.lp.evmSim plot.mex plot.mexRangeFit plot.migpd
     plot.mrl plot.ppevm plot.predict.mex plot.qqevm plot.rl.evmBoot
     plot.rl.evmOpt plot.rl.evmSim predict.evmBoot predict.evmOpt
     predict.evmSim predict.mex print.MCS print.bootMCS print.bootmex
     print.chi print.copula print.declustered print.evmBoot print.evmOpt
     print.evmSim print.extremalIndex print.gpdRangeFit print.hist.evmOpt
     print.lp.evmBoot print.lp.evmOpt print.lp.evmSim print.mex
     print.mexDependence print.migpd print.mrl print.ppevm
     print.predict.mex print.rl.evmBoot print.rl.evmOpt print.rl.evmSim
     print.summary.evmBoot print.summary.evmOpt print.summary.evmSim
     print.summary.predict.mex print.texmexFamily rl.evmBoot rl.evmOpt
     rl.evmSim summary.MCS summary.bootMCS summary.chi summary.copula
     summary.evmBoot summary.evmOpt summary.evmSim summary.gpdRangeFit
     summary.lp.evmBoot summary.lp.evmOpt summary.lp.evmSim summary.mex
     summary.migpd summary.mrl summary.predict.mex summary.rl.evmBoot
     summary.rl.evmOpt summary.rl.evmSim summary.texmexFamily
     thinAndBurn.evmSim
    See section ‘Registering S3 methods’ in the ‘Writing R Extensions’
    manual.
Flavors: r-devel-linux-x86_64-debian-clang, r-devel-linux-x86_64-debian-gcc, r-devel-linux-x86_64-fedora-clang, r-devel-linux-x86_64-fedora-gcc, r-devel-osx-x86_64-clang