CRAN Package Check Results for Package texreg

Last updated on 2014-09-18 14:47:07.

Flavor Version Tinstall Tcheck Ttotal Status Flags
r-devel-linux-x86_64-debian-clang 1.33 1.19 34.69 35.88 NOTE
r-devel-linux-x86_64-debian-gcc 1.33 1.04 34.84 35.88 NOTE
r-devel-linux-x86_64-fedora-clang 1.33 78.55 NOTE
r-devel-linux-x86_64-fedora-gcc 1.33 74.81 NOTE
r-devel-osx-x86_64-clang 1.33 70.48 NOTE
r-devel-windows-ix86+x86_64 1.33 3.00 45.00 48.00 NOTE
r-patched-linux-x86_64 1.33 1.09 38.32 39.40 OK
r-patched-solaris-sparc 1.33 464.30 OK
r-patched-solaris-x86 1.33 100.10 OK
r-release-linux-ix86 1.33 1.49 49.76 51.26 OK
r-release-linux-x86_64 1.33 1.13 38.14 39.26 OK
r-release-osx-x86_64-mavericks 1.33 OK
r-release-osx-x86_64-snowleopard 1.33 OK
r-release-windows-ix86+x86_64 1.33 3.00 50.00 53.00 OK
r-oldrel-windows-ix86+x86_64 1.33 3.00 53.00 56.00 OK

Check Details

Version: 1.33
Check: R code for possible problems
Result: NOTE
    extract.coxph: no visible global function definition for ‘cox.zph’
    extract.coxph.penal: no visible global function definition for
     ‘cox.zph’
    extract.glmmadmb: no visible global function definition for ‘VarCorr’
    extract.lme: no visible global function definition for ‘VarCorr’
    extract.nlme: no visible global function definition for ‘VarCorr’
Flavors: r-devel-linux-x86_64-debian-clang, r-devel-linux-x86_64-debian-gcc, r-devel-linux-x86_64-fedora-clang, r-devel-linux-x86_64-fedora-gcc, r-devel-osx-x86_64-clang, r-devel-windows-ix86+x86_64