CRAN Package Check Results for Package texreg

Last updated on 2019-05-21 18:56:47 CEST.

Flavor Version Tinstall Tcheck Ttotal Status Flags
r-devel-linux-x86_64-debian-clang 1.36.23 11.14 83.70 94.84 NOTE
r-devel-linux-x86_64-debian-gcc 1.36.23 9.07 65.43 74.50 NOTE
r-devel-linux-x86_64-fedora-clang 1.36.23 113.92 NOTE
r-devel-linux-x86_64-fedora-gcc 1.36.23 106.27 NOTE
r-devel-windows-ix86+x86_64 1.36.23 15.00 132.00 147.00 OK
r-patched-linux-x86_64 1.36.23 11.05 85.93 96.98 NOTE
r-patched-solaris-x86 1.36.23 152.50 NOTE
r-release-linux-x86_64 1.36.23 11.55 83.98 95.53 NOTE
r-release-windows-ix86+x86_64 1.36.23 17.00 125.00 142.00 OK
r-release-osx-x86_64 1.36.23 NOTE
r-oldrel-windows-ix86+x86_64 1.36.23 12.00 92.00 104.00 OK
r-oldrel-osx-x86_64 1.36.23 OK

Check Details

Version: 1.36.23
Check: package dependencies
Result: NOTE
    Package which this enhances but not available for checking: 'mnlogit'
Flavors: r-devel-linux-x86_64-debian-clang, r-devel-linux-x86_64-debian-gcc, r-devel-linux-x86_64-fedora-clang, r-devel-linux-x86_64-fedora-gcc, r-patched-linux-x86_64, r-patched-solaris-x86, r-release-linux-x86_64, r-release-osx-x86_64