CRAN Package Check Results for Package texreg

Last updated on 2022-06-25 03:51:11 CEST.

Flavor Version Tinstall Tcheck Ttotal Status Flags
r-devel-linux-x86_64-debian-clang 1.38.6 20.06 146.93 166.99 NOTE
r-devel-linux-x86_64-debian-gcc 1.38.6 14.60 108.91 123.51 NOTE
r-devel-linux-x86_64-fedora-clang 1.38.6 210.90 NOTE
r-devel-linux-x86_64-fedora-gcc 1.38.6 236.61 NOTE
r-devel-windows-x86_64 1.38.6 71.00 198.00 269.00 NOTE
r-patched-linux-x86_64 1.38.6 18.61 139.43 158.04 NOTE
r-release-linux-x86_64 1.38.6 18.14 141.34 159.48 NOTE
r-release-macos-arm64 1.38.6 55.00 NOTE
r-release-macos-x86_64 1.38.6 81.00 NOTE
r-release-windows-x86_64 1.38.6 86.00 198.00 284.00 NOTE
r-oldrel-macos-arm64 1.38.6 61.00 OK
r-oldrel-macos-x86_64 1.38.6 86.00 OK
r-oldrel-windows-ix86+x86_64 1.38.6 33.00 173.00 206.00 OK

Check Details

Version: 1.38.6
Check: package dependencies
Result: NOTE
    Packages which this enhances but not available for checking:
     'mnlogit', 'Zelig'
Flavors: r-devel-linux-x86_64-debian-clang, r-devel-linux-x86_64-debian-gcc, r-devel-linux-x86_64-fedora-clang, r-devel-linux-x86_64-fedora-gcc, r-patched-linux-x86_64, r-release-linux-x86_64, r-release-macos-x86_64

Version: 1.38.6
Check: package dependencies
Result: NOTE
    Package which this enhances but not available for checking: 'mnlogit'
Flavors: r-devel-windows-x86_64, r-release-macos-arm64, r-release-windows-x86_64