CRAN Package Check Results for Package texreg

Last updated on 2021-10-21 19:51:31 CEST.

Flavor Version Tinstall Tcheck Ttotal Status Flags
r-devel-linux-x86_64-debian-clang 1.37.5 15.65 141.94 157.59 NOTE
r-devel-linux-x86_64-debian-gcc 1.37.5 15.19 105.57 120.76 NOTE
r-devel-linux-x86_64-fedora-clang 1.37.5 207.75 NOTE
r-devel-linux-x86_64-fedora-gcc 1.37.5 214.98 NOTE
r-devel-windows-x86_64 1.37.5 29.00 134.00 163.00 OK
r-devel-windows-x86_64-gcc10-UCRT 1.37.5 NOTE
r-patched-linux-x86_64 1.37.5 19.22 139.39 158.61 NOTE
r-patched-solaris-x86 1.37.5 240.60 NOTE
r-release-linux-x86_64 1.37.5 17.58 139.73 157.31 NOTE
r-release-macos-arm64 1.37.5 OK
r-release-macos-x86_64 1.37.5 OK
r-release-windows-ix86+x86_64 1.37.5 23.00 162.00 185.00 OK
r-oldrel-macos-x86_64 1.37.5 NOTE
r-oldrel-windows-ix86+x86_64 1.37.5 32.00 161.00 193.00 OK

Check Details

Version: 1.37.5
Check: package dependencies
Result: NOTE
    Package which this enhances but not available for checking: 'mnlogit'
Flavors: r-devel-linux-x86_64-debian-clang, r-devel-linux-x86_64-debian-gcc, r-devel-linux-x86_64-fedora-clang, r-devel-linux-x86_64-fedora-gcc, r-patched-linux-x86_64, r-release-linux-x86_64

Version: 1.37.5
Check: Rd cross-references
Result: NOTE
    Unknown package 'mnlogit' in Rd xrefs
Flavors: r-devel-linux-x86_64-debian-clang, r-devel-linux-x86_64-debian-gcc, r-devel-linux-x86_64-fedora-gcc, r-patched-linux-x86_64, r-patched-solaris-x86, r-release-linux-x86_64

Version: 1.37.5
Check: Rd cross-references
Result: NOTE
    Undeclared packages ‘h2o’, ‘eha’, ‘mfx’, ‘betareg’, ‘brglm’, ‘censReg’, ‘ergm’, ‘latentnet’, ‘fGarch’, ‘gee’, ‘geepack’, ‘gmm’, ‘robustbase’, ‘gnm’, ‘pscl’, ‘robust’, ‘sna’, ‘lqmm’, ‘rms’, ‘erer’, ‘mhurdle’, ‘oglmx’, ‘panelAR’, ‘pglm’, ‘relevent’, ‘quantreg’, ‘spatialreg’, ‘sampleSelection’, ‘RSiena’, ‘simex’, ‘tergm’, ‘survey’, ‘systemfit’, ‘metaSEM’ in Rd xrefs
    Unknown package ‘mnlogit’ in Rd xrefs
Flavor: r-devel-linux-x86_64-fedora-clang

Version: 1.37.5
Check: package dependencies
Result: NOTE
    Packages which this enhances but not available for checking:
     'brms', 'btergm', 'mnlogit'
Flavor: r-devel-windows-x86_64-gcc10-UCRT

Version: 1.37.5
Check: Rd cross-references
Result: NOTE
    Packages unavailable to check Rd xrefs: 'brms', 'btergm', 'robust'
    Unknown package 'mnlogit' in Rd xrefs
Flavor: r-devel-windows-x86_64-gcc10-UCRT

Version: 1.37.5
Check: package dependencies
Result: NOTE
    Packages which this enhances but not available for checking:
     'glmmTMB', 'mnlogit'
Flavor: r-patched-solaris-x86

Version: 1.37.5
Check: package dependencies
Result: NOTE
    Package which this enhances but not available for checking: ‘Zelig’
Flavor: r-oldrel-macos-x86_64

Version: 1.37.5
Check: Rd cross-references
Result: NOTE
    Unknown package ‘Zelig’ in Rd xrefs
Flavor: r-oldrel-macos-x86_64