CRAN Package Check Results for Package texreg

Last updated on 2014-08-23 13:48:10.

Flavor Version Tinstall Tcheck Ttotal Status Flags
r-devel-linux-x86_64-debian-clang 1.33 1.08 32.51 33.59 NOTE
r-devel-linux-x86_64-debian-gcc 1.33 1.06 33.06 34.12 NOTE
r-devel-linux-x86_64-fedora-clang 1.33 80.29 NOTE
r-devel-linux-x86_64-fedora-gcc 1.33 74.87 NOTE
r-devel-osx-x86_64-clang 1.33 69.47 NOTE
r-devel-windows-ix86+x86_64 1.33 3.00 45.00 48.00 OK
r-patched-linux-x86_64 1.33 1.24 35.43 36.67 OK
r-patched-solaris-sparc 1.33 464.30 OK
r-patched-solaris-x86 1.33 109.20 OK
r-release-linux-ix86 1.33 1.50 49.37 50.87 OK
r-release-linux-x86_64 1.33 1.16 36.89 38.05 OK
r-release-osx-x86_64-mavericks 1.33 OK
r-release-osx-x86_64-snowleopard 1.33 OK
r-release-windows-ix86+x86_64 1.33 4.00 49.00 53.00 OK
r-oldrel-windows-ix86+x86_64 1.33 3.00 53.00 56.00 OK

Check Details

Version: 1.33
Check: R code for possible problems
Result: NOTE
    extract.coxph: no visible global function definition for ‘cox.zph’
    extract.coxph.penal: no visible global function definition for
     ‘cox.zph’
    extract.glmmadmb: no visible global function definition for ‘VarCorr’
    extract.lme: no visible global function definition for ‘VarCorr’
    extract.nlme: no visible global function definition for ‘VarCorr’
Flavors: r-devel-linux-x86_64-debian-clang, r-devel-linux-x86_64-debian-gcc, r-devel-linux-x86_64-fedora-clang, r-devel-linux-x86_64-fedora-gcc, r-devel-osx-x86_64-clang