CRAN Package Check Results for Package texreg

Last updated on 2015-09-04 23:56:33.

Flavor Version Tinstall Tcheck Ttotal Status Flags
r-devel-linux-x86_64-debian-clang 1.35 0.94 38.72 39.66 NOTE
r-devel-linux-x86_64-debian-gcc 1.35 0.92 38.22 39.13 NOTE
r-devel-linux-x86_64-fedora-clang 1.35 77.09 NOTE
r-devel-linux-x86_64-fedora-gcc 1.35 72.97 NOTE
r-devel-osx-x86_64-clang 1.35 68.14 OK
r-devel-windows-ix86+x86_64 1.35 4.00 54.00 58.00 NOTE
r-patched-linux-x86_64 1.35 1.20 39.54 40.74 OK
r-patched-solaris-sparc 1.35 504.80 OK
r-patched-solaris-x86 1.35 93.00 OK
r-release-linux-x86_64 1.35 1.08 39.39 40.48 OK
r-release-osx-x86_64-mavericks 1.35 NOTE
r-release-windows-ix86+x86_64 1.35 4.00 62.00 66.00 OK
r-oldrel-windows-ix86+x86_64 1.35 6.00 60.00 66.00 OK

Check Details

Version: 1.35
Check: R code for possible problems
Result: NOTE
    ciforce: no visible global function definition for ‘qnorm’
    coefplot: no visible global function definition for ‘par’
    coefplot: no visible global function definition for ‘strwidth’
    coefplot: no visible global function definition for ‘plot’
    coefplot: no visible global function definition for ‘axis’
    coefplot: no visible global function definition for ‘mtext’
    coefplot: no visible global function definition for ‘segments’
    coefplot: no visible global function definition for ‘points’
    extract.Arima: no visible global function definition for ‘pnorm’
    extract.Arima: no visible global function definition for ‘AIC’
    extract.aftreg: no visible global function definition for ‘pchisq’
    extract.aftreg: no visible global function definition for ‘nobs’
    extract.averaging: no visible global function definition for ‘pnorm’
    extract.betareg: no visible global function definition for ‘nobs’
    extract.brglm: no visible global function definition for ‘AIC’
    extract.brglm: no visible global function definition for ‘BIC’
    extract.brglm: no visible global function definition for ‘logLik’
    extract.brglm: no visible global function definition for ‘deviance’
    extract.brglm: no visible global function definition for ‘nobs’
    extract.btergm: no visible global function definition for ‘confint’
    extract.censReg: no visible global function definition for ‘AIC’
    extract.censReg: no visible global function definition for ‘BIC’
    extract.censReg: no visible global function definition for ‘logLik’
    extract.clm: no visible global function definition for ‘nobs’
    extract.clm: no visible global function definition for ‘logLik’
    extract.clm: no visible global function definition for ‘AIC’
    extract.clm: no visible global function definition for ‘BIC’
    extract.clogit: no visible global function definition for ‘extractAIC’
    extract.coxph: no visible global function definition for ‘extractAIC’
    extract.coxph.penal: no visible global function definition for ‘coef’
    extract.coxph.penal: no visible global function definition for ‘pchisq’
    extract.coxph.penal: no visible global function definition for
     ‘extractAIC’
    extract.dynlm: no visible global function definition for ‘nobs’
    extract.gam: no visible global function definition for ‘AIC’
    extract.gam: no visible global function definition for ‘BIC’
    extract.gam: no visible global function definition for ‘logLik’
    extract.gam: no visible global function definition for ‘deviance’
    extract.gam: no visible global function definition for ‘nobs’
    extract.gamlss: no visible global function definition for ‘pt’
    extract.gamlss: no visible global function definition for ‘nobs’
    extract.gee: no visible global function definition for ‘coef’
    extract.gee: no visible global function definition for ‘pnorm’
    extract.gee: no visible global function definition for ‘nobs’
    extract.glm: no visible global function definition for ‘AIC’
    extract.glm: no visible global function definition for ‘BIC’
    extract.glm: no visible global function definition for ‘logLik’
    extract.glm: no visible global function definition for ‘deviance’
    extract.glm: no visible global function definition for ‘nobs’
    extract.glmerMod: no visible global function definition for ‘AIC’
    extract.glmerMod: no visible global function definition for ‘BIC’
    extract.glmerMod: no visible global function definition for ‘logLik’
    extract.glmerMod: no visible global function definition for ‘deviance’
    extract.glmerMod: no visible global function definition for
     ‘model.frame’
    extract.glmerMod: no visible global function definition for ‘confint’
    extract.glmerMod: no visible global function definition for ‘vcov’
    extract.glmerMod: no visible global function definition for ‘pnorm’
    extract.glmmadmb: no visible global function definition for ‘pnorm’
    extract.glmmadmb: no visible global function definition for ‘AIC’
    extract.glmmadmb: no visible global function definition for ‘BIC’
    extract.glmmadmb: no visible global function definition for ‘nobs’
    extract.gls: no visible global function definition for ‘nobs’
    extract.hurdle: no visible global function definition for ‘AIC’
    extract.hurdle: no visible global function definition for ‘logLik’
    extract.ivreg: no visible global function definition for ‘nobs’
    extract.lm: no visible global function definition for ‘nobs’
    extract.lme: no visible global function definition for ‘nobs’
    extract.lme: no visible global function definition for ‘coef’
    extract.lme4: no visible global function definition for ‘AIC’
    extract.lme4: no visible global function definition for ‘BIC’
    extract.lme4: no visible global function definition for ‘logLik’
    extract.lme4: no visible global function definition for ‘deviance’
    extract.lme4: no visible global function definition for ‘model.frame’
    extract.lme4: no visible global function definition for ‘confint’
    extract.lme4: no visible global function definition for ‘vcov’
    extract.lme4: no visible global function definition for ‘pnorm’
    extract.lmerMod: no visible global function definition for ‘AIC’
    extract.lmerMod: no visible global function definition for ‘BIC’
    extract.lmerMod: no visible global function definition for ‘logLik’
    extract.lmerMod: no visible global function definition for ‘deviance’
    extract.lmerMod: no visible global function definition for
     ‘model.frame’
    extract.lmerMod: no visible global function definition for ‘confint’
    extract.lmerMod: no visible global function definition for ‘vcov’
    extract.lmerMod: no visible global function definition for ‘pnorm’
    extract.lnam: no visible global function definition for ‘coef’
    extract.lnam: no visible global function definition for ‘pnorm’
    extract.lrm: no visible global function definition for ‘pnorm’
    extract.mer: no visible global function definition for ‘AIC’
    extract.mer: no visible global function definition for ‘BIC’
    extract.mer: no visible global function definition for ‘logLik’
    extract.mer: no visible global function definition for ‘deviance’
    extract.mer: no visible global function definition for ‘model.frame’
    extract.mer: no visible global function definition for ‘confint’
    extract.mer: no visible global function definition for ‘vcov’
    extract.mer: no visible global function definition for ‘pnorm’
    extract.mlogit: no visible global function definition for ‘AIC’
    extract.mlogit: no visible global function definition for ‘logLik’
    extract.model.selection: no visible global function definition for
     ‘pnorm’
    extract.multinom: no visible global function definition for ‘pnorm’
    extract.multinom: no visible global function definition for ‘AIC’
    extract.multinom: no visible global function definition for ‘BIC’
    extract.multinom: no visible global function definition for ‘logLik’
    extract.multinom: no visible global function definition for ‘deviance’
    extract.negbin: no visible global function definition for ‘AIC’
    extract.negbin: no visible global function definition for ‘BIC’
    extract.negbin: no visible global function definition for ‘logLik’
    extract.negbin: no visible global function definition for ‘deviance’
    extract.negbin: no visible global function definition for ‘nobs’
    extract.nlme: no visible global function definition for ‘nobs’
    extract.nlme: no visible global function definition for ‘coef’
    extract.nlmerMod: no visible global function definition for ‘AIC’
    extract.nlmerMod: no visible global function definition for ‘BIC’
    extract.nlmerMod: no visible global function definition for ‘logLik’
    extract.nlmerMod: no visible global function definition for ‘deviance’
    extract.nlmerMod: no visible global function definition for
     ‘model.frame’
    extract.nlmerMod: no visible global function definition for ‘confint’
    extract.nlmerMod: no visible global function definition for ‘vcov’
    extract.nlmerMod: no visible global function definition for ‘pnorm’
    extract.ols: no visible global function definition for ‘pnorm’
    extract.ols: no visible global function definition for ‘nobs’
    extract.ols: no visible global function definition for ‘summary.lm’
    extract.phreg: no visible global function definition for ‘pchisq’
    extract.phreg: no visible global function definition for ‘nobs’
    extract.pmg: no visible global function definition for ‘pt’
    extract.polr: no visible global function definition for ‘pnorm’
    extract.polr: no visible global function definition for ‘nobs’
    extract.polr: no visible global function definition for ‘logLik’
    extract.polr: no visible global function definition for ‘AIC’
    extract.polr: no visible global function definition for ‘BIC’
    extract.polr: no visible global function definition for ‘deviance’
    extract.rem.dyad: no visible global function definition for ‘pnorm’
    extract.rlm: no visible global function definition for ‘nobs’
    extract.sarlm: no visible global function definition for ‘AIC’
    extract.sclm: no visible global function definition for ‘nobs’
    extract.sclm: no visible global function definition for ‘logLik’
    extract.sclm: no visible global function definition for ‘AIC’
    extract.sclm: no visible global function definition for ‘BIC’
    extract.selection: no visible global function definition for ‘coef’
    extract.selection: no visible global function definition for ‘AIC’
    extract.selection: no visible global function definition for ‘BIC’
    extract.selection: no visible global function definition for ‘logLik’
    extract.sienaFit: no visible global function definition for ‘pnorm’
    extract.stergm: no visible global function definition for ‘logLik’
    extract.survreg: no visible global function definition for ‘AIC’
    extract.survreg: no visible global function definition for ‘BIC’
    extract.survreg: no visible global function definition for ‘logLik’
    extract.survreg: no visible global function definition for ‘deviance’
    extract.survreg: no visible global function definition for ‘nobs’
    extract.survreg.penal: no visible global function definition for ‘AIC’
    extract.survreg.penal: no visible global function definition for ‘BIC’
    extract.survreg.penal: no visible global function definition for
     ‘logLik’
    extract.survreg.penal: no visible global function definition for
     ‘deviance’
    extract.survreg.penal: no visible global function definition for ‘nobs’
    extract.svyglm: no visible global function definition for ‘coef’
    extract.svyglm: no visible global function definition for ‘AIC’
    extract.svyglm: no visible global function definition for ‘BIC’
    extract.svyglm: no visible global function definition for ‘logLik’
    extract.svyglm: no visible global function definition for ‘deviance’
    extract.svyglm: no visible global function definition for ‘nobs’
    extract.systemfit: no visible global function definition for ‘coef’
    extract.systemfit: no visible global function definition for ‘nobs’
    extract.tobit: no visible global function definition for ‘AIC’
    extract.tobit: no visible global function definition for ‘BIC’
    extract.tobit: no visible global function definition for ‘logLik’
    extract.tobit: no visible global function definition for ‘deviance’
    extract.tobit: no visible global function definition for ‘nobs’
    extract.weibreg: no visible global function definition for ‘pchisq’
    extract.weibreg: no visible global function definition for ‘nobs’
    extract.zelig: no visible global function definition for ‘pt’
    extract.zelig: no visible global function definition for ‘AIC’
    extract.zelig: no visible global function definition for ‘BIC’
    extract.zelig: no visible global function definition for ‘logLik’
    extract.zelig: no visible global function definition for ‘pnorm’
    extract.zelig: no visible global function definition for ‘deviance’
    extract.zeroinfl: no visible global function definition for ‘AIC’
    extract.zeroinfl: no visible global function definition for ‘logLik’
    plotreg: no visible global function definition for ‘pdf’
    plotreg: no visible global function definition for ‘jpeg’
    plotreg: no visible global function definition for ‘png’
    plotreg: no visible global function definition for ‘bmp’
    plotreg: no visible global function definition for ‘tiff’
    plotreg: no visible global function definition for ‘postscript’
    plotreg: no visible global function definition for ‘par’
    plotreg: no visible global function definition for ‘qnorm’
    plotreg: no visible global function definition for ‘dev.off’
    extract,Arima: no visible global function definition for ‘pnorm’
    extract,Arima: no visible global function definition for ‘AIC’
    extract,aftreg: no visible global function definition for ‘pchisq’
    extract,aftreg: no visible global function definition for ‘nobs’
    extract,averaging: no visible global function definition for ‘pnorm’
    extract,betareg: no visible global function definition for ‘nobs’
    extract,brglm: no visible global function definition for ‘AIC’
    extract,brglm: no visible global function definition for ‘BIC’
    extract,brglm: no visible global function definition for ‘logLik’
    extract,brglm: no visible global function definition for ‘deviance’
    extract,brglm: no visible global function definition for ‘nobs’
    extract,btergm: no visible global function definition for ‘confint’
    extract,censReg: no visible global function definition for ‘AIC’
    extract,censReg: no visible global function definition for ‘BIC’
    extract,censReg: no visible global function definition for ‘logLik’
    extract,clm: no visible global function definition for ‘nobs’
    extract,clm: no visible global function definition for ‘logLik’
    extract,clm: no visible global function definition for ‘AIC’
    extract,clm: no visible global function definition for ‘BIC’
    extract,clogit: no visible global function definition for ‘extractAIC’
    extract,coxph: no visible global function definition for ‘extractAIC’
    extract,coxph.penal: no visible global function definition for ‘coef’
    extract,coxph.penal: no visible global function definition for ‘pchisq’
    extract,coxph.penal: no visible global function definition for
     ‘extractAIC’
    extract,dynlm: no visible global function definition for ‘nobs’
    extract,gam: no visible global function definition for ‘AIC’
    extract,gam: no visible global function definition for ‘BIC’
    extract,gam: no visible global function definition for ‘logLik’
    extract,gam: no visible global function definition for ‘deviance’
    extract,gam: no visible global function definition for ‘nobs’
    extract,gamlss: no visible global function definition for ‘pt’
    extract,gamlss: no visible global function definition for ‘nobs’
    extract,gee: no visible global function definition for ‘coef’
    extract,gee: no visible global function definition for ‘pnorm’
    extract,gee: no visible global function definition for ‘nobs’
    extract,glm: no visible global function definition for ‘AIC’
    extract,glm: no visible global function definition for ‘BIC’
    extract,glm: no visible global function definition for ‘logLik’
    extract,glm: no visible global function definition for ‘deviance’
    extract,glm: no visible global function definition for ‘nobs’
    extract,glmerMod: no visible global function definition for ‘AIC’
    extract,glmerMod: no visible global function definition for ‘BIC’
    extract,glmerMod: no visible global function definition for ‘logLik’
    extract,glmerMod: no visible global function definition for ‘deviance’
    extract,glmerMod: no visible global function definition for
     ‘model.frame’
    extract,glmerMod: no visible global function definition for ‘confint’
    extract,glmerMod: no visible global function definition for ‘vcov’
    extract,glmerMod: no visible global function definition for ‘pnorm’
    extract,glmmadmb: no visible global function definition for ‘pnorm’
    extract,glmmadmb: no visible global function definition for ‘AIC’
    extract,glmmadmb: no visible global function definition for ‘BIC’
    extract,glmmadmb: no visible global function definition for ‘nobs’
    extract,gls: no visible global function definition for ‘nobs’
    extract,hurdle: no visible global function definition for ‘AIC’
    extract,hurdle: no visible global function definition for ‘logLik’
    extract,ivreg: no visible global function definition for ‘nobs’
    extract,lm: no visible global function definition for ‘nobs’
    extract,lme: no visible global function definition for ‘nobs’
    extract,lme: no visible global function definition for ‘coef’
    extract,lme4: no visible global function definition for ‘AIC’
    extract,lme4: no visible global function definition for ‘BIC’
    extract,lme4: no visible global function definition for ‘logLik’
    extract,lme4: no visible global function definition for ‘deviance’
    extract,lme4: no visible global function definition for ‘model.frame’
    extract,lme4: no visible global function definition for ‘confint’
    extract,lme4: no visible global function definition for ‘vcov’
    extract,lme4: no visible global function definition for ‘pnorm’
    extract,lmerMod: no visible global function definition for ‘AIC’
    extract,lmerMod: no visible global function definition for ‘BIC’
    extract,lmerMod: no visible global function definition for ‘logLik’
    extract,lmerMod: no visible global function definition for ‘deviance’
    extract,lmerMod: no visible global function definition for
     ‘model.frame’
    extract,lmerMod: no visible global function definition for ‘confint’
    extract,lmerMod: no visible global function definition for ‘vcov’
    extract,lmerMod: no visible global function definition for ‘pnorm’
    extract,lnam: no visible global function definition for ‘coef’
    extract,lnam: no visible global function definition for ‘pnorm’
    extract,lrm: no visible global function definition for ‘pnorm’
    extract,mer: no visible global function definition for ‘AIC’
    extract,mer: no visible global function definition for ‘BIC’
    extract,mer: no visible global function definition for ‘logLik’
    extract,mer: no visible global function definition for ‘deviance’
    extract,mer: no visible global function definition for ‘model.frame’
    extract,mer: no visible global function definition for ‘confint’
    extract,mer: no visible global function definition for ‘vcov’
    extract,mer: no visible global function definition for ‘pnorm’
    extract,mlogit: no visible global function definition for ‘AIC’
    extract,mlogit: no visible global function definition for ‘logLik’
    extract,model.selection: no visible global function definition for
     ‘pnorm’
    extract,multinom: no visible global function definition for ‘pnorm’
    extract,multinom: no visible global function definition for ‘AIC’
    extract,multinom: no visible global function definition for ‘BIC’
    extract,multinom: no visible global function definition for ‘logLik’
    extract,multinom: no visible global function definition for ‘deviance’
    extract,negbin: no visible global function definition for ‘AIC’
    extract,negbin: no visible global function definition for ‘BIC’
    extract,negbin: no visible global function definition for ‘logLik’
    extract,negbin: no visible global function definition for ‘deviance’
    extract,negbin: no visible global function definition for ‘nobs’
    extract,nlme: no visible global function definition for ‘nobs’
    extract,nlme: no visible global function definition for ‘coef’
    extract,nlmerMod: no visible global function definition for ‘AIC’
    extract,nlmerMod: no visible global function definition for ‘BIC’
    extract,nlmerMod: no visible global function definition for ‘logLik’
    extract,nlmerMod: no visible global function definition for ‘deviance’
    extract,nlmerMod: no visible global function definition for
     ‘model.frame’
    extract,nlmerMod: no visible global function definition for ‘confint’
    extract,nlmerMod: no visible global function definition for ‘vcov’
    extract,nlmerMod: no visible global function definition for ‘pnorm’
    extract,ols: no visible global function definition for ‘pnorm’
    extract,ols: no visible global function definition for ‘nobs’
    extract,ols: no visible global function definition for ‘summary.lm’
    extract,phreg: no visible global function definition for ‘pchisq’
    extract,phreg: no visible global function definition for ‘nobs’
    extract,pmg: no visible global function definition for ‘pt’
    extract,polr: no visible global function definition for ‘pnorm’
    extract,polr: no visible global function definition for ‘nobs’
    extract,polr: no visible global function definition for ‘logLik’
    extract,polr: no visible global function definition for ‘AIC’
    extract,polr: no visible global function definition for ‘BIC’
    extract,polr: no visible global function definition for ‘deviance’
    extract,rem.dyad: no visible global function definition for ‘pnorm’
    extract,rlm: no visible global function definition for ‘nobs’
    extract,sarlm: no visible global function definition for ‘AIC’
    extract,sclm: no visible global function definition for ‘nobs’
    extract,sclm: no visible global function definition for ‘logLik’
    extract,sclm: no visible global function definition for ‘AIC’
    extract,sclm: no visible global function definition for ‘BIC’
    extract,selection: no visible global function definition for ‘coef’
    extract,selection: no visible global function definition for ‘AIC’
    extract,selection: no visible global function definition for ‘BIC’
    extract,selection: no visible global function definition for ‘logLik’
    extract,sienaFit: no visible global function definition for ‘pnorm’
    extract,stergm: no visible global function definition for ‘logLik’
    extract,survreg: no visible global function definition for ‘AIC’
    extract,survreg: no visible global function definition for ‘BIC’
    extract,survreg: no visible global function definition for ‘logLik’
    extract,survreg: no visible global function definition for ‘deviance’
    extract,survreg: no visible global function definition for ‘nobs’
    extract,survreg.penal: no visible global function definition for ‘AIC’
    extract,survreg.penal: no visible global function definition for ‘BIC’
    extract,survreg.penal: no visible global function definition for
     ‘logLik’
    extract,survreg.penal: no visible global function definition for
     ‘deviance’
    extract,survreg.penal: no visible global function definition for ‘nobs’
    extract,svyglm: no visible global function definition for ‘coef’
    extract,svyglm: no visible global function definition for ‘AIC’
    extract,svyglm: no visible global function definition for ‘BIC’
    extract,svyglm: no visible global function definition for ‘logLik’
    extract,svyglm: no visible global function definition for ‘deviance’
    extract,svyglm: no visible global function definition for ‘nobs’
    extract,systemfit: no visible global function definition for ‘coef’
    extract,systemfit: no visible global function definition for ‘nobs’
    extract,tobit: no visible global function definition for ‘AIC’
    extract,tobit: no visible global function definition for ‘BIC’
    extract,tobit: no visible global function definition for ‘logLik’
    extract,tobit: no visible global function definition for ‘deviance’
    extract,tobit: no visible global function definition for ‘nobs’
    extract,weibreg: no visible global function definition for ‘pchisq’
    extract,weibreg: no visible global function definition for ‘nobs’
    extract,zelig: no visible global function definition for ‘pt’
    extract,zelig: no visible global function definition for ‘AIC’
    extract,zelig: no visible global function definition for ‘BIC’
    extract,zelig: no visible global function definition for ‘logLik’
    extract,zelig: no visible global function definition for ‘pnorm’
    extract,zelig: no visible global function definition for ‘deviance’
    extract,zeroinfl: no visible global function definition for ‘AIC’
    extract,zeroinfl: no visible global function definition for ‘logLik’
    Undefined global functions or variables:
     AIC BIC axis bmp coef confint dev.off deviance extractAIC jpeg logLik
     model.frame mtext nobs par pchisq pdf plot png pnorm points
     postscript pt qnorm segments strwidth summary.lm tiff vcov
    Consider adding
     importFrom("grDevices", "bmp", "dev.off", "jpeg", "pdf", "png",
     "postscript", "tiff")
     importFrom("graphics", "axis", "mtext", "par", "plot", "points",
     "segments", "strwidth")
     importFrom("stats", "AIC", "BIC", "coef", "confint", "deviance",
     "extractAIC", "logLik", "model.frame", "nobs", "pchisq",
     "pnorm", "pt", "qnorm", "summary.lm", "vcov")
    to your NAMESPACE.
Flavors: r-devel-linux-x86_64-debian-clang, r-devel-linux-x86_64-debian-gcc, r-devel-linux-x86_64-fedora-clang, r-devel-linux-x86_64-fedora-gcc, r-devel-windows-ix86+x86_64

Version: 1.35
Check: package dependencies
Result: NOTE
    Packages which this enhances but not available for checking:
     ‘erer’ ‘latentnet’ ‘xergm’
Flavor: r-release-osx-x86_64-mavericks