CRAN Package Check Results for Package texreg

Last updated on 2018-02-25 19:49:22 CET.

Flavor Version Tinstall Tcheck Ttotal Status Flags
r-devel-linux-x86_64-debian-clang 1.36.23 8.71 77.90 86.61 OK
r-devel-linux-x86_64-debian-gcc 1.36.23 8.77 59.96 68.73 OK
r-devel-linux-x86_64-fedora-clang 1.36.23 109.61 OK
r-devel-linux-x86_64-fedora-gcc 1.36.23 106.59 OK
r-devel-windows-ix86+x86_64 1.36.23 19.00 119.00 138.00 OK
r-patched-linux-x86_64 1.36.23 2.05 84.36 86.41 OK
r-patched-solaris-x86 1.36.23 109.50 NOTE
r-release-linux-x86_64 1.36.23 1.58 85.53 87.11 OK
r-release-windows-ix86+x86_64 1.36.23 4.00 112.00 116.00 OK
r-release-osx-x86_64 1.36.23 OK
r-oldrel-windows-ix86+x86_64 1.36.23 4.00 114.00 118.00 OK
r-oldrel-osx-x86_64 1.36.23 NOTE

Check Details

Version: 1.36.23
Check: package dependencies
Result: NOTE
    Package suggested but not available for checking: ‘btergm’
    
    Packages which this enhances but not available for checking:
     ‘RSiena’ ‘xergm’
Flavor: r-patched-solaris-x86

Version: 1.36.23
Check: re-building of vignette outputs
Result: NOTE
    Error in re-building vignettes:
     ...
     input string 398 is invalid in this locale
    Error in texi2dvi(file = file, pdf = TRUE, clean = clean, quiet = quiet, :
     Running 'texi2dvi' on 'texreg.tex' failed.
    LaTeX errors:
    ! Undefined control sequence.
    l.15 x<9c><ed>\<cd>
     k^^[<d7>^^V?<95><f2><d1>!A<d2>}-AQQ,.^^D<c3>Kp^^D^^C<85>^^Z<8a>C0Y4P^^J
    The control sequence at the end of the top line
    of your error message was never \def'ed. If you have
    ! LaTeX Error: Missing \begin{document}.
    
    See the LaTeX manual or LaTeX Companion for explanation.
    Type H <return> for immediate help.
     ...
    ! Missing $ inserted.
    <inserted text>
     $
    l.18 RJ<a5><94>^^P^^BS<e7><f3>y)<a5><e3>8B^^H<c3>0<94>R/^
     <bc>8s<e6><cc>ݻw<0b><85><82>^^P<c2>4M)<e5><ec>쬮<eb><85>B<81><88><a4><94>RJ<d3>4<85>^^PJ<a9><d5><d5><d5>...
    ! Please use \mathaccent for accents in math mode.
    \add@accent ...@spacefactor \spacefactor }\accent
     #1 #2\egroup \spacefactor ...
    l.21 ...<8b>MMM^^]dÃa<ce>a<db>VG<86><c3>1<a7><94>ҶmP <e4><c2>/3-^^X<8c>y<
    Calls: buildVignettes -> texi2pdf -> texi2dvi
    Execution halted
Flavor: r-oldrel-osx-x86_64