CRAN Package Check Results for Package texreg

Last updated on 2019-10-18 18:48:07 CEST.

Flavor Version Tinstall Tcheck Ttotal Status Flags
r-devel-linux-x86_64-debian-clang 1.36.23 10.69 83.50 94.19 OK
r-devel-linux-x86_64-debian-gcc 1.36.23 9.42 64.32 73.74 OK
r-devel-linux-x86_64-fedora-clang 1.36.23 123.70 OK
r-devel-linux-x86_64-fedora-gcc 1.36.23 115.95 OK
r-devel-windows-ix86+x86_64 1.36.23 23.00 122.00 145.00 OK
r-patched-linux-x86_64 1.36.23 9.47 85.14 94.61 OK
r-patched-solaris-x86 1.36.23 141.20 OK
r-release-linux-x86_64 1.36.23 11.09 84.94 96.03 OK
r-release-windows-ix86+x86_64 1.36.23 17.00 123.00 140.00 OK
r-release-osx-x86_64 1.36.23 NOTE
r-oldrel-windows-ix86+x86_64 1.36.23 13.00 86.00 99.00 OK
r-oldrel-osx-x86_64 1.36.23 OK

Check Details

Version: 1.36.23
Check: package dependencies
Result: NOTE
    Package which this enhances but not available for checking: ‘mnlogit’
Flavor: r-release-osx-x86_64