CRAN Package Check Results for Package texreg

Last updated on 2016-05-30 13:47:50.

Flavor Version Tinstall Tcheck Ttotal Status Flags
r-devel-linux-x86_64-debian-gcc 1.36.4 1.03 44.26 45.29 OK
r-devel-linux-x86_64-fedora-clang 1.36.4 82.74 OK
r-devel-linux-x86_64-fedora-gcc 1.36.4 76.99 OK
r-devel-osx-x86_64-clang 1.36.4 90.22 OK
r-devel-windows-ix86+x86_64 1.36.4 4.00 78.00 82.00 OK
r-patched-linux-x86_64 1.36.4 0.98 45.11 46.10 OK
r-patched-solaris-sparc 1.36.4 488.90 OK
r-patched-solaris-x86 1.36.4 88.10 OK
r-release-linux-x86_64 1.36.4 1.01 44.77 45.78 OK
r-release-osx-x86_64-mavericks 1.36.4 NOTE
r-release-windows-ix86+x86_64 1.36.4 5.00 82.00 87.00 OK
r-oldrel-windows-ix86+x86_64 1.36.4 4.00 91.00 95.00 OK

Check Details

Version: 1.36.4
Check: re-building of vignette outputs
Result: NOTE
    Error in re-building vignettes:
     ...
    Warning in grepl("(Rerun to get|biblatex.*\\(re\\)run)", readLines(log, :
     input string 393 is invalid in this locale
    Error in texi2dvi(file = file, pdf = TRUE, clean = clean, quiet = quiet, :
     Running 'texi2dvi' on 'v55i08.tex' failed.
    LaTeX errors:
    ! Undefined control sequence.
    l.15 x<9c><ed>\<cd>
     k^^[<d7>^^V?<95><f2><d1>!A<a3><fb>R<82><a2>"K\^^H<86>&8<82><81>@^^L<c5>!<98>,<9a>M<a1>h׵v]<f4>?ȦtW<ba>+<d5>6<bb>̢<d4>x<e7><a1>H^^...
    The control sequence at the end of the top line
    of your error message was never \def'ed. If you have
    ! Undefined control sequence.
    l.15 x<9c><ed>\<cd>k^^[<d7>^^V?<95><f2><d1>!A<a3><fb>R<82><a2>"K\^^H
     <86>&8<82><81>@^^L<c5>!<98>,<9a>M<a1>h׵v]<f4>?ȦtW<ba>+<d5>6<bb>̢<d4>x<e7><a1>H^^...
    The control sequence at the end of the top line
    of your error message was never \def'ed. If you have
    ! Undefined control sequence.
    l.17 <82> ^^V<8b><81>\R
    
    The control sequence at the end of the top line
    of your error message was never \def'ed. If you have
    ! Undefined control sequence.
    l.21 ...^G<b0>ZJ<a5>^^Rc^^Lg<c9>9<9f><9d><9d>u]^^W<e2><fb><e9>ӧD<94>J<a5>@^^V<f4>G\Ln
    
    Calls: buildVignettes -> texi2pdf -> texi2dvi
    Execution halted
Flavor: r-release-osx-x86_64-mavericks