CRAN Package Check Results for Package texreg

Last updated on 2019-07-17 18:48:14 CEST.

Flavor Version Tinstall Tcheck Ttotal Status Flags
r-devel-linux-x86_64-debian-clang 1.36.23 10.96 84.05 95.01 OK
r-devel-linux-x86_64-debian-gcc 1.36.23 9.45 65.62 75.07 OK
r-devel-linux-x86_64-fedora-clang 1.36.23 109.42 OK
r-devel-linux-x86_64-fedora-gcc 1.36.23 113.46 OK
r-devel-windows-ix86+x86_64 1.36.23 20.00 89.00 109.00 OK
r-patched-linux-x86_64 1.36.23 10.08 84.52 94.60 OK
r-patched-solaris-x86 1.36.23 146.20 OK
r-release-linux-x86_64 1.36.23 10.75 85.49 96.24 OK
r-release-windows-ix86+x86_64 1.36.23 14.00 131.00 145.00 OK
r-release-osx-x86_64 1.36.23 NOTE
r-oldrel-windows-ix86+x86_64 1.36.23 19.00 129.00 148.00 OK
r-oldrel-osx-x86_64 1.36.23 OK

Check Details

Version: 1.36.23
Check: package dependencies
Result: NOTE
    Package which this enhances but not available for checking: ‘mnlogit’
Flavor: r-release-osx-x86_64