CRAN Package Check Results for Package texreg

Last updated on 2015-01-25 16:49:26.

Flavor Version Tinstall Tcheck Ttotal Status Flags
r-devel-linux-x86_64-debian-clang 1.34 1.06 36.12 37.18 OK
r-devel-linux-x86_64-debian-gcc 1.34 1.00 35.99 36.99 OK
r-devel-linux-x86_64-fedora-clang 1.34 72.40 NOTE
r-devel-linux-x86_64-fedora-gcc 1.34 70.15 NOTE
r-devel-osx-x86_64-clang 1.34 72.51 NOTE
r-devel-windows-ix86+x86_64 1.34 4.00 46.00 50.00 OK
r-patched-linux-x86_64 1.34 1.08 35.22 36.30 OK
r-patched-solaris-sparc 1.34 430.30 OK
r-patched-solaris-x86 1.34 92.80 OK
r-release-linux-ix86 1.34 1.51 44.30 45.80 OK
r-release-linux-x86_64 1.34 1.07 35.67 36.74 OK
r-release-osx-x86_64-mavericks 1.34 NOTE
r-release-osx-x86_64-snowleopard 1.34 OK
r-release-windows-ix86+x86_64 1.34 4.00 49.00 53.00 OK
r-oldrel-windows-ix86+x86_64 1.34 4.00 52.00 56.00 OK

Check Details

Version: 1.34
Check: S3 generic/method consistency
Result: NOTE
    Found the following apparent S3 methods exported but not registered:
     print.texregTable
    See section ‘Registering S3 methods’ in the ‘Writing R Extensions’
    manual.
Flavors: r-devel-linux-x86_64-fedora-clang, r-devel-linux-x86_64-fedora-gcc, r-devel-osx-x86_64-clang

Version: 1.34
Check: re-building of vignette outputs
Result: NOTE
    Error in re-building vignettes:
     ...
    Error in texi2dvi(file = file, pdf = TRUE, clean = clean, quiet = quiet, :
     Running 'texi2dvi' on 'v55i08.tex' failed.
    LaTeX errors:
    ! Undefined control sequence.
    l.15 x<9c><ed>\<cd>
     k^^[<d7>^^V?<95><f2><d1>!A<d2>}-AQ<91>%.^^DC^^S^^\<c1>@ <86><e2>^^PL^^VͦP<b4><eb>Z<bb>.<fa>^^_dS<ba>+ݕj<9b>]g...
    The control sequence at the end of the top line
    of your error message was never \def'ed. If you have
    ! LaTeX Error: Missing \begin{document}.
    
    See the LaTeX manual or LaTeX Companion for explanation.
    Type H <return> for immediate help.
     ...
    ! Extra }, or forgotten \endgroup.
    l.16 <8e><e3>@<a8><fe><f9><e7><9f>K<97>.<81>^^^<c3>0 x<b8>E<db><e2><8a>v)eXD<f1><c0>w<df>}
     w<ef>޽|>^^?ĉ
    I've deleted a group-closing symbol because it seems to be
    spurious, as in `$x}$'. But perhaps the } is legitimate and
    ! Missing $ inserted.
    <inserted text>
     $
    l.17 ...Z<f6>F<b1>X<d4>u]JY<ad>V<ef>ܹ^^Ccx<eb>֭Ǐ^^_^^SQ<a1>P8<be><a1>ϸj9^
    
    Calls: buildVignettes -> texi2pdf -> texi2dvi
    Execution halted
Flavor: r-release-osx-x86_64-mavericks