CRAN Package Check Results for Package texreg

Last updated on 2016-07-26 07:47:25.

Flavor Version Tinstall Tcheck Ttotal Status Flags
r-devel-linux-x86_64-debian-clang 1.36.7 1.50 52.33 53.83 OK
r-devel-linux-x86_64-debian-gcc 1.36.7 1.26 52.12 53.37 OK
r-devel-linux-x86_64-fedora-clang 1.36.7 80.48 OK
r-devel-linux-x86_64-fedora-gcc 1.36.7 78.28 OK
r-devel-osx-x86_64-clang 1.36.7 67.63 OK
r-devel-windows-ix86+x86_64 1.36.7 5.00 97.00 102.00 OK
r-patched-linux-x86_64 1.36.7 1.39 51.32 52.70 OK
r-patched-solaris-sparc 1.36.7 439.20 OK
r-patched-solaris-x86 1.36.7 86.00 OK
r-release-linux-x86_64 1.36.7 1.26 53.04 54.30 OK
r-release-osx-x86_64-mavericks 1.36.7 NOTE
r-release-windows-ix86+x86_64 1.36.7 5.00 93.00 98.00 OK
r-oldrel-windows-ix86+x86_64 1.36.7 6.00 95.00 101.00 OK

Check Details

Version: 1.36.7
Check: re-building of vignette outputs
Result: NOTE
    Error in re-building vignettes:
     ...
     input string 398 is invalid in this locale
    Error in texi2dvi(file = file, pdf = TRUE, clean = clean, quiet = quiet, :
     Running 'texi2dvi' on 'texreg.tex' failed.
    LaTeX errors:
    ! Undefined control sequence.
    l.15 x<9c><ed>\<cd>
     k^^[<d7>^^V?<95><f2><d1>!A<d2>}-AQQ,.^^D<c3>Kp^^D^^C<85>^^Z<8a>C0Y4P^^J
    The control sequence at the end of the top line
    of your error message was never \def'ed. If you have
    ! LaTeX Error: Missing \begin{document}.
    
    See the LaTeX manual or LaTeX Companion for explanation.
    Type H <return> for immediate help.
     ...
    ! Missing $ inserted.
    <inserted text>
     $
    l.18 RJ<a5><94>^^P^^BS<e7><f3>y)<a5><e3>8B^^H<c3>0<94>R/^
     <bc>8s<e6><cc>ݻw<0b><85><82>^^P<c2>4M)<e5><ec>쬮<eb><85>B<81><88><a4><94>RJ<d3>4<85>^^PJ<a9><d5><d5><d5>...
    ! Please use \mathaccent for accents in math mode.
    \add@accent ...@spacefactor \spacefactor }\accent
     #1 #2\egroup \spacefactor ...
    l.21 ...<8b>MMM^^]dÃa<ce>a<db>VG<86><c3>1<a7><94>ҶmP <e4><c2>/3-^^X<8c>y<
    Calls: buildVignettes -> texi2pdf -> texi2dvi
    Execution halted
Flavor: r-release-osx-x86_64-mavericks