CRAN Package Check Results for Package texreg

Last updated on 2015-05-06 03:47:32.

Flavor Version Tinstall Tcheck Ttotal Status Flags
r-devel-linux-x86_64-debian-clang 1.35 1.11 35.02 36.13 OK
r-devel-linux-x86_64-debian-gcc 1.35 1.15 34.66 35.81 OK
r-devel-linux-x86_64-fedora-clang 1.35 38.76 OK
r-devel-linux-x86_64-fedora-gcc 1.35 37.37 OK
r-devel-osx-x86_64-clang 1.35 52.45 OK
r-devel-windows-ix86+x86_64 1.35 4.00 45.00 49.00 OK
r-patched-linux-x86_64 1.35 0.99 33.63 34.62 OK
r-patched-solaris-sparc 1.35 398.70 OK
r-patched-solaris-x86 1.35 75.70 OK
r-release-linux-x86_64 1.35 1.02 33.97 34.99 OK
r-release-osx-x86_64-mavericks 1.35 NOTE
r-release-osx-x86_64-snowleopard 1.35 NOTE
r-release-windows-ix86+x86_64 1.35 4.00 63.00 67.00 OK
r-oldrel-windows-ix86+x86_64 1.35 4.00 67.00 71.00 OK

Check Details

Version: 1.35
Check: package dependencies
Result: NOTE
    Packages which this enhances but not available for checking:
     ‘erer’ ‘latentnet’ ‘xergm’
Flavor: r-release-osx-x86_64-mavericks

Version: 1.35
Check: package dependencies
Result: NOTE
    Packages which this enhances but not available for checking:
     ‘AER’ ‘betareg’ ‘censReg’ ‘dynlm’ ‘erer’ ‘gmm’ ‘lmtest’ ‘mlogit’
     ‘plm’ ‘quantreg’ ‘rms’ ‘sampleSelection’ ‘spdep’ ‘survey’ ‘systemfit’
     ‘Zelig’
Flavor: r-release-osx-x86_64-snowleopard