CRAN Package Check Results for Package texreg

Last updated on 2014-10-25 19:47:51.

Flavor Version Tinstall Tcheck Ttotal Status Flags
r-devel-linux-x86_64-debian-clang 1.33 1.06 34.70 35.76 NOTE
r-devel-linux-x86_64-debian-gcc 1.33 1.04 34.94 35.98 NOTE
r-devel-linux-x86_64-fedora-clang 1.33 79.41 NOTE
r-devel-linux-x86_64-fedora-gcc 1.33 75.28 NOTE
r-devel-osx-x86_64-clang 1.33 72.23 NOTE
r-devel-windows-ix86+x86_64 1.33 3.00 42.00 45.00 NOTE
r-patched-linux-x86_64 1.33 1.49 35.47 36.96 NOTE
r-patched-solaris-sparc 1.33 470.20 NOTE
r-patched-solaris-x86 1.33 92.90 NOTE
r-release-linux-ix86 1.33 1.62 49.77 51.39 OK
r-release-linux-x86_64 1.33 1.26 38.66 39.91 OK
r-release-osx-x86_64-mavericks 1.33 OK
r-release-osx-x86_64-snowleopard 1.33 OK
r-release-windows-ix86+x86_64 1.33 3.00 54.00 57.00 OK
r-oldrel-windows-ix86+x86_64 1.33 3.00 47.00 50.00 OK

Check Details

Version: 1.33
Check: R code for possible problems
Result: NOTE
    extract.coxph: no visible global function definition for ‘cox.zph’
    extract.coxph.penal: no visible global function definition for
     ‘cox.zph’
    extract.glmmadmb: no visible global function definition for ‘VarCorr’
    extract.lme: no visible global function definition for ‘VarCorr’
    extract.nlme: no visible global function definition for ‘VarCorr’
Flavors: r-devel-linux-x86_64-debian-clang, r-devel-linux-x86_64-debian-gcc, r-devel-linux-x86_64-fedora-clang, r-devel-linux-x86_64-fedora-gcc, r-devel-osx-x86_64-clang, r-devel-windows-ix86+x86_64, r-patched-linux-x86_64, r-patched-solaris-sparc, r-patched-solaris-x86