CRAN Package Check Results for Package texreg

Last updated on 2014-04-18 09:49:28.

Flavor Version Tinstall Tcheck Ttotal Status Flags
r-devel-linux-x86_64-debian-clang 1.31 1.09 35.76 36.85 NOTE
r-devel-linux-x86_64-debian-gcc NOTE
r-devel-linux-x86_64-fedora-clang 1.31 88.66 NOTE
r-devel-linux-x86_64-fedora-gcc 1.31 84.67 NOTE
r-devel-macosx-x86_64-clang 1.31 76.30 NOTE
r-devel-macosx-x86_64-gcc 1.31 NOTE
r-devel-windows-ix86+x86_64 1.31 3.00 47.00 50.00 NOTE
r-patched-linux-x86_64 1.31 1.22 38.06 39.29 NOTE
r-patched-solaris-sparc 1.31 417.50 NOTE
r-patched-solaris-x86 1.31 99.40 NOTE
r-release-linux-ix86 1.31 3.00 63.00 66.00 NOTE
r-release-linux-x86_64 1.31 1.17 36.65 37.82 NOTE
r-release-macosx-x86_64 1.31 NOTE
r-release-windows-ix86+x86_64 1.31 3.00 47.00 50.00 NOTE
r-oldrel-windows-ix86+x86_64 1.31 4.00 45.00 49.00 NOTE

Check Details

Version: 1.31
Check: package dependencies
Result: NOTE
    Package suggested but not available for checking: ‘btergm’
Flavors: r-devel-linux-x86_64-debian-clang, r-devel-linux-x86_64-debian-gcc, r-devel-linux-x86_64-fedora-clang, r-devel-linux-x86_64-fedora-gcc, r-devel-macosx-x86_64-clang, r-devel-windows-ix86+x86_64, r-patched-linux-x86_64, r-patched-solaris-sparc, r-patched-solaris-x86, r-release-linux-ix86, r-release-linux-x86_64, r-release-macosx-x86_64, r-release-windows-ix86+x86_64, r-oldrel-windows-ix86+x86_64

Version: 1.31
Check: package dependencies
Result: NOTE
    Packages suggested but not available for checking: ‘ergm’ ‘lme4’ ‘btergm’
Flavor: r-devel-macosx-x86_64-gcc