CRAN Package Check Results for Package texreg

Last updated on 2018-04-26 10:47:31 CEST.

Flavor Version Tinstall Tcheck Ttotal Status Flags
r-devel-linux-x86_64-debian-clang 1.36.23 10.04 72.01 82.05 OK
r-devel-linux-x86_64-debian-gcc 1.36.23 7.32 63.78 71.10 OK
r-devel-linux-x86_64-fedora-clang 1.36.23 113.01 OK
r-devel-linux-x86_64-fedora-gcc 1.36.23 107.07 OK
r-devel-windows-ix86+x86_64 1.36.23 19.00 86.00 105.00 OK
r-patched-linux-x86_64 1.36.23 8.55 79.59 88.14 OK
r-patched-solaris-x86 1.36.23 131.40 NOTE
r-release-linux-x86_64 1.36.23 9.53 78.25 87.78 OK
r-release-windows-ix86+x86_64 1.36.23 19.00 86.00 105.00 OK
r-release-osx-x86_64 1.36.23 OK
r-oldrel-windows-ix86+x86_64 1.36.23 4.00 117.00 121.00 OK
r-oldrel-osx-x86_64 1.36.23 OK

Check Details

Version: 1.36.23
Check: package dependencies
Result: NOTE
    Package suggested but not available for checking: ‘btergm’
    
    Packages which this enhances but not available for checking:
     ‘RSiena’ ‘xergm’
Flavor: r-patched-solaris-x86