CRAN Package Check Results for Package text2speech

Last updated on 2023-02-08 07:54:45 CET.

Flavor Version Tinstall Tcheck Ttotal Status Flags
r-devel-linux-x86_64-debian-clang 0.2.13 2.33 39.63 41.96 NOTE
r-devel-linux-x86_64-debian-gcc 0.2.13 2.20 29.08 31.28 NOTE
r-devel-linux-x86_64-fedora-clang 0.2.13 51.75 NOTE
r-devel-linux-x86_64-fedora-gcc 0.2.13 62.85 NOTE
r-devel-windows-x86_64 0.2.13 31.00 76.00 107.00 NOTE
r-patched-linux-x86_64 0.2.13 6.58 37.86 44.44 NOTE
r-release-linux-x86_64 0.2.13 2.71 40.67 43.38 NOTE
r-release-macos-arm64 0.2.13 25.00 NOTE
r-release-macos-x86_64 0.2.13 42.00 NOTE
r-release-windows-x86_64 0.2.13 20.00 96.00 116.00 NOTE
r-oldrel-macos-arm64 0.2.13 30.00 NOTE
r-oldrel-macos-x86_64 0.2.13 41.00 NOTE
r-oldrel-windows-ix86+x86_64 0.2.13 8.00 68.00 76.00 NOTE

Check Details

Version: 0.2.13
Check: LazyData
Result: NOTE
     'LazyData' is specified without a 'data' directory
Flavors: r-devel-linux-x86_64-debian-clang, r-devel-linux-x86_64-debian-gcc, r-devel-linux-x86_64-fedora-clang, r-devel-linux-x86_64-fedora-gcc, r-devel-windows-x86_64, r-patched-linux-x86_64, r-release-linux-x86_64, r-release-macos-arm64, r-release-macos-x86_64, r-release-windows-x86_64, r-oldrel-macos-arm64, r-oldrel-macos-x86_64, r-oldrel-windows-ix86+x86_64