CRAN Package Check Results for Package text2vec

Last updated on 2024-07-20 14:48:45 CEST.

Flavor Version Tinstall Tcheck Ttotal Status Flags
r-devel-linux-x86_64-debian-clang 0.6.4 77.50 186.19 263.69 OK
r-devel-linux-x86_64-debian-gcc 0.6.4 54.65 151.79 206.44 OK
r-devel-linux-x86_64-fedora-clang 0.6.4 323.73 NOTE
r-devel-linux-x86_64-fedora-gcc 0.6.4 424.69 OK
r-devel-windows-x86_64 0.6.4 65.00 167.00 232.00 NOTE
r-patched-linux-x86_64 0.6.4 72.11 179.93 252.04 OK
r-release-linux-x86_64 0.6.4 72.18 180.30 252.48 OK
r-release-macos-arm64 0.6.4 107.00 NOTE
r-release-macos-x86_64 0.6.4 162.00 NOTE
r-release-windows-x86_64 0.6.4 63.00 174.00 237.00 OK
r-oldrel-macos-arm64 0.6.4 121.00 NOTE
r-oldrel-macos-x86_64 0.6.4 218.00 NOTE
r-oldrel-windows-x86_64 0.6.4 78.00 237.00 315.00 OK

Check Details

Version: 0.6.4
Check: whether startup messages can be suppressed
Result: NOTE OMP: Warning #96: Cannot form a team with 24 threads, using 2 instead. OMP: Hint Consider unsetting KMP_DEVICE_THREAD_LIMIT (KMP_ALL_THREADS), KMP_TEAMS_THREAD_LIMIT, and OMP_THREAD_LIMIT (if any are set). It looks like this package (or a package it requires) has a startup message which cannot be suppressed: see ?packageStartupMessage. Flavor: r-devel-linux-x86_64-fedora-clang

Version: 0.6.4
Check: Rd cross-references
Result: NOTE Found the following Rd file(s) with Rd \link{} targets missing package anchors: BNS.Rd: R6Class Collocations.Rd: R6Class LatentDirichletAllocation.Rd: R6Class LatentSemanticAnalysis.Rd: R6Class RelaxedWordMoversDistance.Rd: R6Class TfIdf.Rd: R6Class Please provide package anchors for all Rd \link{} targets not in the package itself and the base packages. Flavor: r-devel-windows-x86_64

Version: 0.6.4
Check: installed package size
Result: NOTE installed size is 7.6Mb sub-directories of 1Mb or more: data 2.7Mb libs 4.0Mb Flavors: r-release-macos-arm64, r-release-macos-x86_64, r-oldrel-macos-arm64, r-oldrel-macos-x86_64