Last updated on 2022-05-17 19:54:44 CEST.
Flavor | Version | Tinstall | Tcheck | Ttotal | Status | Flags |
---|---|---|---|---|---|---|
r-devel-linux-x86_64-debian-clang | 1.1.7 | 139.73 | 160.28 | 300.01 | OK | |
r-devel-linux-x86_64-debian-gcc | 1.1.7 | 116.40 | 129.86 | 246.26 | OK | |
r-devel-linux-x86_64-fedora-clang | 1.1.7 | 419.85 | NOTE | |||
r-devel-linux-x86_64-fedora-gcc | 1.1.7 | 388.27 | OK | |||
r-devel-windows-x86_64 | 1.1.7 | 153.00 | 202.00 | 355.00 | OK | |
r-patched-linux-x86_64 | 1.1.7 | 110.85 | 156.31 | 267.16 | OK | |
r-release-linux-x86_64 | 1.1.7 | 119.73 | 156.97 | 276.70 | OK | |
r-release-macos-arm64 | 1.1.7 | 121.00 | NOTE | |||
r-release-macos-x86_64 | 1.1.7 | 131.00 | NOTE | |||
r-release-windows-x86_64 | 1.1.7 | 155.00 | 195.00 | 350.00 | OK | |
r-oldrel-macos-arm64 | 1.1.7 | 104.00 | NOTE | |||
r-oldrel-macos-x86_64 | 1.1.7 | 132.00 | NOTE | |||
r-oldrel-windows-ix86+x86_64 | 1.1.7 | 292.00 | 242.00 | 534.00 | NOTE |
Version: 1.1.7
Check: installed package size
Result: NOTE
installed size is 11.8Mb
sub-directories of 1Mb or more:
libs 10.2Mb
Flavors: r-devel-linux-x86_64-fedora-clang, r-release-macos-arm64, r-release-macos-x86_64, r-oldrel-macos-arm64, r-oldrel-macos-x86_64, r-oldrel-windows-ix86+x86_64