CRAN Package Check Results for Package textcat

Last updated on 2015-01-29 10:48:27.

Flavor Version Tinstall Tcheck Ttotal Status Flags
r-devel-linux-x86_64-debian-clang 1.0-2 1.09 11.08 12.17 NOTE
r-devel-linux-x86_64-debian-gcc 1.0-2 0.93 10.34 11.27 NOTE
r-devel-linux-x86_64-fedora-clang 1.0-2 27.11 NOTE
r-devel-linux-x86_64-fedora-gcc 1.0-2 24.87 NOTE
r-devel-osx-x86_64-clang 1.0-2 28.33 NOTE
r-devel-windows-ix86+x86_64 1.0-2 5.00 29.00 34.00 NOTE
r-patched-linux-x86_64 1.0-2 1.03 11.46 12.49 NOTE
r-patched-solaris-sparc 1.0-2 140.10 NOTE
r-patched-solaris-x86 1.0-2 35.40 NOTE
r-release-linux-ix86 1.0-2 1.63 17.28 18.91 NOTE
r-release-linux-x86_64 1.0-2 1.02 11.63 12.65 NOTE
r-release-osx-x86_64-mavericks 1.0-2 NOTE
r-release-osx-x86_64-snowleopard 1.0-2 NOTE
r-release-windows-ix86+x86_64 1.0-2 4.00 23.00 27.00 NOTE
r-oldrel-windows-ix86+x86_64 1.0-2 5.00 22.00 27.00 NOTE

Check Details

Version: 1.0-2
Check: data for non-ASCII characters
Result: NOTE
     Note: found 10051 marked UTF-8 strings
     Note: found 10523 strings marked as "bytes"
Flavors: r-devel-linux-x86_64-debian-clang, r-devel-linux-x86_64-debian-gcc, r-devel-linux-x86_64-fedora-clang, r-devel-linux-x86_64-fedora-gcc, r-devel-osx-x86_64-clang, r-devel-windows-ix86+x86_64, r-patched-linux-x86_64, r-patched-solaris-sparc, r-patched-solaris-x86, r-release-linux-ix86, r-release-linux-x86_64, r-release-osx-x86_64-mavericks, r-release-osx-x86_64-snowleopard, r-release-windows-ix86+x86_64, r-oldrel-windows-ix86+x86_64