CRAN Package Check Results for Package textcat

Last updated on 2016-09-28 04:49:01.

Flavor Version Tinstall Tcheck Ttotal Status Flags
r-devel-linux-x86_64-debian-clang 1.0-4 0.95 10.50 11.45 OK
r-devel-linux-x86_64-debian-gcc 1.0-4 1.04 10.45 11.49 OK
r-devel-linux-x86_64-fedora-clang 1.0-4 19.97 NOTE
r-devel-linux-x86_64-fedora-gcc 1.0-4 18.79 NOTE
r-devel-macos-x86_64-clang 1.0-4 17.69 NOTE
r-devel-windows-ix86+x86_64 1.0-4 6.00 63.00 69.00 OK
r-patched-linux-x86_64 1.0-4 0.89 11.56 12.45 OK
r-patched-solaris-sparc 1.0-4 114.10 NOTE
r-patched-solaris-x86 1.0-4 25.90 NOTE
r-release-linux-x86_64 1.0-4 0.92 10.41 11.33 OK
r-release-osx-x86_64-mavericks 1.0-4 NOTE
r-release-windows-ix86+x86_64 1.0-4 3.00 24.00 27.00 OK
r-oldrel-windows-ix86+x86_64 1.0-4 5.00 31.00 36.00 NOTE

Check Details

Version: 1.0-4
Check: data for non-ASCII characters
Result: NOTE
     Note: found 10051 marked UTF-8 strings
     Note: found 10523 strings marked as "bytes"
Flavors: r-devel-linux-x86_64-fedora-clang, r-devel-linux-x86_64-fedora-gcc, r-devel-macos-x86_64-clang, r-patched-solaris-sparc, r-patched-solaris-x86, r-release-osx-x86_64-mavericks, r-oldrel-windows-ix86+x86_64