CRAN Package Check Results for Package textcat

Last updated on 2014-11-27 05:47:54.

Flavor Version Tinstall Tcheck Ttotal Status Flags
r-devel-linux-x86_64-debian-clang 1.0-2 1.06 11.65 12.71 NOTE
r-devel-linux-x86_64-debian-gcc 1.0-2 0.98 11.95 12.93 NOTE
r-devel-linux-x86_64-fedora-clang 1.0-2 26.46 NOTE
r-devel-linux-x86_64-fedora-gcc 1.0-2 24.92 NOTE
r-devel-osx-x86_64-clang 1.0-2 27.47 NOTE
r-devel-windows-ix86+x86_64 1.0-2 3.00 19.00 22.00 NOTE
r-patched-linux-x86_64 1.0-2 1.02 12.31 13.33 NOTE
r-patched-solaris-sparc 1.0-2 144.50 NOTE
r-patched-solaris-x86 1.0-2 37.00 NOTE
r-release-linux-ix86 1.0-2 1.59 17.17 18.76 NOTE
r-release-linux-x86_64 1.0-2 1.04 12.89 13.93 NOTE
r-release-osx-x86_64-mavericks 1.0-2 NOTE
r-release-osx-x86_64-snowleopard 1.0-2 NOTE
r-release-windows-ix86+x86_64 1.0-2 4.00 28.00 32.00 NOTE
r-oldrel-windows-ix86+x86_64 1.0-2 4.00 21.00 25.00 NOTE

Check Details

Version: 1.0-2
Check: data for non-ASCII characters
Result: NOTE
     Note: found 10051 marked UTF-8 strings
     Note: found 10523 strings marked as "bytes"
Flavors: r-devel-linux-x86_64-debian-clang, r-devel-linux-x86_64-debian-gcc, r-devel-linux-x86_64-fedora-clang, r-devel-linux-x86_64-fedora-gcc, r-devel-osx-x86_64-clang, r-devel-windows-ix86+x86_64, r-patched-linux-x86_64, r-patched-solaris-sparc, r-patched-solaris-x86, r-release-linux-ix86, r-release-linux-x86_64, r-release-osx-x86_64-mavericks, r-release-osx-x86_64-snowleopard, r-release-windows-ix86+x86_64, r-oldrel-windows-ix86+x86_64