CRAN Package Check Results for Package textcat

Last updated on 2017-01-19 02:48:39.

Flavor Version Tinstall Tcheck Ttotal Status Flags
r-devel-linux-x86_64-debian-clang 1.0-4 0.98 12.69 13.68 OK
r-devel-linux-x86_64-debian-gcc 1.0-4 1.06 12.63 13.69 OK
r-devel-linux-x86_64-fedora-clang 1.0-4 22.62 NOTE --no-stop-on-test-error
r-devel-linux-x86_64-fedora-gcc 1.0-4 23.51 NOTE --no-stop-on-test-error
r-devel-macos-x86_64-clang 1.0-4 19.92 NOTE --no-stop-on-test-error
r-devel-windows-ix86+x86_64 1.0-4 5.00 41.00 46.00 OK
r-patched-linux-x86_64 1.0-4 0.95 10.45 11.40 OK
r-patched-solaris-sparc 1.0-4 117.10 NOTE
r-patched-solaris-x86 1.0-4 26.40 NOTE
r-release-linux-x86_64 1.0-4 0.94 11.18 12.12 OK
r-release-osx-x86_64-mavericks 1.0-4 NOTE
r-release-windows-ix86+x86_64 1.0-4 5.00 35.00 40.00 OK
r-oldrel-windows-ix86+x86_64 1.0-4 5.00 85.00 90.00 NOTE

Check Details

Version: 1.0-4
Flags: --no-stop-on-test-error
Check: data for non-ASCII characters
Result: NOTE
     Note: found 10051 marked UTF-8 strings
     Note: found 10523 strings marked as "bytes"
Flavors: r-devel-linux-x86_64-fedora-clang, r-devel-linux-x86_64-fedora-gcc, r-devel-macos-x86_64-clang

Version: 1.0-4
Check: data for non-ASCII characters
Result: NOTE
     Note: found 10051 marked UTF-8 strings
     Note: found 10523 strings marked as "bytes"
Flavors: r-patched-solaris-sparc, r-patched-solaris-x86, r-release-osx-x86_64-mavericks, r-oldrel-windows-ix86+x86_64