CRAN Package Check Results for Package textcat

Last updated on 2014-07-26 03:50:15.

Flavor Version Tinstall Tcheck Ttotal Status Flags
r-devel-linux-x86_64-debian-clang 1.0-2 1.05 11.04 12.09 NOTE
r-devel-linux-x86_64-debian-gcc 1.0-2 0.99 11.54 12.53 NOTE
r-devel-linux-x86_64-fedora-clang 1.0-2 26.09 NOTE
r-devel-linux-x86_64-fedora-gcc 1.0-2 23.25 NOTE
r-devel-osx-x86_64-clang 1.0-2 25.89 NOTE
r-devel-windows-ix86+x86_64 1.0-2 3.00 19.00 22.00 NOTE
r-patched-linux-x86_64 1.0-2 1.06 11.17 12.23 NOTE
r-patched-solaris-sparc 1.0-2 139.50 NOTE
r-patched-solaris-x86 1.0-2 35.70 NOTE
r-release-linux-ix86 1.0-2 1.62 17.35 18.97 NOTE
r-release-linux-x86_64 1.0-2 1.02 11.66 12.68 NOTE
r-release-osx-x86_64-mavericks 1.0-2 NOTE
r-release-osx-x86_64-snowleopard 1.0-2 NOTE
r-release-windows-ix86+x86_64 1.0-2 5.00 29.00 34.00 NOTE
r-oldrel-windows-ix86+x86_64 1.0-2 3.00 23.00 26.00 NOTE

Check Details

Version: 1.0-2
Check: data for non-ASCII characters
Result: NOTE
     Note: found 10051 marked UTF-8 strings
     Note: found 10523 strings marked as "bytes"
Flavors: r-devel-linux-x86_64-debian-clang, r-devel-linux-x86_64-debian-gcc, r-devel-linux-x86_64-fedora-clang, r-devel-linux-x86_64-fedora-gcc, r-devel-osx-x86_64-clang, r-devel-windows-ix86+x86_64, r-patched-linux-x86_64, r-patched-solaris-sparc, r-patched-solaris-x86, r-release-linux-ix86, r-release-linux-x86_64, r-release-osx-x86_64-mavericks, r-release-osx-x86_64-snowleopard, r-release-windows-ix86+x86_64, r-oldrel-windows-ix86+x86_64