CRAN Package Check Results for Package textcat

Last updated on 2014-09-15 08:49:50.

Flavor Version Tinstall Tcheck Ttotal Status Flags
r-devel-linux-x86_64-debian-clang 1.0-2 0.96 11.25 12.21 NOTE
r-devel-linux-x86_64-debian-gcc 1.0-2 0.93 11.88 12.81 NOTE
r-devel-linux-x86_64-fedora-clang 1.0-2 24.54 NOTE
r-devel-linux-x86_64-fedora-gcc 1.0-2 22.08 NOTE
r-devel-osx-x86_64-clang 1.0-2 25.99 NOTE
r-devel-windows-ix86+x86_64 1.0-2 4.00 27.00 31.00 NOTE
r-patched-linux-x86_64 1.0-2 1.01 12.59 13.60 NOTE
r-patched-solaris-sparc 1.0-2 144.50 NOTE
r-patched-solaris-x86 1.0-2 35.90 NOTE
r-release-linux-ix86 1.0-2 1.64 17.71 19.36 NOTE
r-release-linux-x86_64 1.0-2 1.08 11.46 12.54 NOTE
r-release-osx-x86_64-mavericks 1.0-2 NOTE
r-release-osx-x86_64-snowleopard 1.0-2 NOTE
r-release-windows-ix86+x86_64 1.0-2 3.00 21.00 24.00 NOTE
r-oldrel-windows-ix86+x86_64 1.0-2 4.00 21.00 25.00 NOTE

Check Details

Version: 1.0-2
Check: data for non-ASCII characters
Result: NOTE
     Note: found 10051 marked UTF-8 strings
     Note: found 10523 strings marked as "bytes"
Flavors: r-devel-linux-x86_64-debian-clang, r-devel-linux-x86_64-debian-gcc, r-devel-linux-x86_64-fedora-clang, r-devel-linux-x86_64-fedora-gcc, r-devel-osx-x86_64-clang, r-devel-windows-ix86+x86_64, r-patched-linux-x86_64, r-patched-solaris-sparc, r-patched-solaris-x86, r-release-linux-ix86, r-release-linux-x86_64, r-release-osx-x86_64-mavericks, r-release-osx-x86_64-snowleopard, r-release-windows-ix86+x86_64, r-oldrel-windows-ix86+x86_64