CRAN Package Check Results for Package textcat

Last updated on 2016-04-30 21:47:17.

Flavor Version Tinstall Tcheck Ttotal Status Flags
r-devel-linux-x86_64-debian-gcc 1.0-4 0.95 10.44 11.39 OK
r-devel-linux-x86_64-fedora-clang 1.0-4 19.25 NOTE
r-devel-linux-x86_64-fedora-gcc 1.0-4 18.40 NOTE
r-devel-osx-x86_64-clang 1.0-4 23.06 NOTE
r-devel-windows-ix86+x86_64 1.0-4 4.00 27.00 31.00 OK
r-patched-linux-x86_64 1.0-4 0.90 10.69 11.59 OK
r-patched-solaris-sparc 1.0-4 112.20 NOTE
r-patched-solaris-x86 1.0-4 26.10 NOTE
r-release-linux-x86_64 1.0-4 0.98 10.89 11.87 NOTE
r-release-osx-x86_64-mavericks 1.0-4 NOTE
r-release-windows-ix86+x86_64 1.0-4 3.00 26.00 29.00 NOTE
r-oldrel-windows-ix86+x86_64 1.0-4 5.00 38.00 43.00 NOTE

Check Details

Version: 1.0-4
Check: data for non-ASCII characters
Result: NOTE
     Note: found 10051 marked UTF-8 strings
     Note: found 10523 strings marked as "bytes"
Flavors: r-devel-linux-x86_64-fedora-clang, r-devel-linux-x86_64-fedora-gcc, r-devel-osx-x86_64-clang, r-patched-solaris-sparc, r-patched-solaris-x86, r-release-linux-x86_64, r-release-osx-x86_64-mavericks, r-release-windows-ix86+x86_64, r-oldrel-windows-ix86+x86_64