CRAN Package Check Results for Package textcat

Last updated on 2017-04-26 21:47:44.

Flavor Version Tinstall Tcheck Ttotal Status Flags
r-devel-linux-x86_64-debian-clang 1.0-5 0.94 12.97 13.92 OK
r-devel-linux-x86_64-debian-gcc 1.0-5 1.00 12.83 13.84 OK
r-devel-linux-x86_64-fedora-clang 1.0-5 23.89 NOTE --no-stop-on-test-error
r-devel-linux-x86_64-fedora-gcc 1.0-5 21.46 NOTE --no-stop-on-test-error
r-devel-windows-ix86+x86_64 1.0-5 4.00 29.00 33.00 OK
r-patched-linux-x86_64 1.0-5 0.98 12.65 13.63 OK
r-patched-solaris-sparc 1.0-5 137.70 NOTE
r-patched-solaris-x86 1.0-5 31.40 NOTE
r-release-linux-x86_64 1.0-5 0.98 13.05 14.02 OK
r-release-windows-ix86+x86_64 1.0-5 4.00 27.00 31.00 OK
r-release-osx-x86_64 1.0-5 NOTE
r-oldrel-windows-ix86+x86_64 1.0-5 3.00 35.00 38.00 OK
r-oldrel-osx-x86_64 1.0-5 NOTE

Check Details

Version: 1.0-5
Flags: --no-stop-on-test-error
Check: data for non-ASCII characters
Result: NOTE
     Note: found 10051 marked UTF-8 strings
     Note: found 10523 strings marked as "bytes"
Flavors: r-devel-linux-x86_64-fedora-clang, r-devel-linux-x86_64-fedora-gcc

Version: 1.0-5
Check: data for non-ASCII characters
Result: NOTE
     Note: found 10051 marked UTF-8 strings
     Note: found 10523 strings marked as "bytes"
Flavors: r-patched-solaris-sparc, r-patched-solaris-x86, r-release-osx-x86_64, r-oldrel-osx-x86_64