CRAN Package Check Results for Package textcat

Last updated on 2017-08-18 17:48:13.

Flavor Version Tinstall Tcheck Ttotal Status Flags
r-devel-linux-x86_64-debian-clang 1.0-5 1.03 13.05 14.08 OK
r-devel-linux-x86_64-debian-gcc 1.0-5 1.16 12.75 13.91 OK
r-devel-linux-x86_64-fedora-clang 1.0-5 22.95 NOTE
r-devel-linux-x86_64-fedora-gcc 1.0-5 21.48 NOTE
r-devel-windows-ix86+x86_64 1.0-5 3.00 39.00 42.00 OK
r-patched-linux-x86_64 1.0-5 1.07 12.57 13.65 OK
r-patched-solaris-x86 1.0-5 31.50 NOTE
r-release-linux-x86_64 1.0-5 1.01 13.01 14.02 OK
r-release-windows-ix86+x86_64 1.0-5 4.00 39.00 43.00 OK
r-release-osx-x86_64 1.0-5 NOTE
r-oldrel-windows-ix86+x86_64 1.0-5 3.00 35.00 38.00 OK
r-oldrel-osx-x86_64 1.0-5 NOTE

Check Details

Version: 1.0-5
Check: data for non-ASCII characters
Result: NOTE
     Note: found 10051 marked UTF-8 strings
     Note: found 10523 strings marked as "bytes"
Flavors: r-devel-linux-x86_64-fedora-clang, r-devel-linux-x86_64-fedora-gcc, r-patched-solaris-x86, r-release-osx-x86_64, r-oldrel-osx-x86_64