CRAN Package Check Results for Package textcat

Last updated on 2015-05-30 17:46:59.

Flavor Version Tinstall Tcheck Ttotal Status Flags
r-devel-linux-x86_64-debian-clang 1.0-2 0.90 10.46 11.35 NOTE
r-devel-linux-x86_64-debian-gcc 1.0-2 0.89 10.20 11.09 NOTE
r-devel-linux-x86_64-fedora-clang 1.0-2 21.93 NOTE
r-devel-linux-x86_64-fedora-gcc 1.0-2 20.59 NOTE
r-devel-osx-x86_64-clang 1.0-2 25.19 NOTE
r-devel-windows-ix86+x86_64 1.0-2 3.00 20.00 23.00 NOTE
r-patched-linux-x86_64 1.0-2 3.20 10.20 13.39 NOTE
r-patched-solaris-sparc 1.0-2 123.70 NOTE
r-patched-solaris-x86 1.0-2 31.40 NOTE
r-release-linux-x86_64 1.0-2 1.05 10.84 11.89 NOTE
r-release-osx-x86_64-mavericks 1.0-2 NOTE
r-release-osx-x86_64-snowleopard 1.0-2 NOTE
r-release-windows-ix86+x86_64 1.0-2 5.00 26.00 31.00 NOTE
r-oldrel-windows-ix86+x86_64 1.0-2 4.00 29.00 33.00 NOTE

Check Details

Version: 1.0-2
Check: data for non-ASCII characters
Result: NOTE
     Note: found 10051 marked UTF-8 strings
     Note: found 10523 strings marked as "bytes"
Flavors: r-devel-linux-x86_64-debian-clang, r-devel-linux-x86_64-debian-gcc, r-devel-linux-x86_64-fedora-clang, r-devel-linux-x86_64-fedora-gcc, r-devel-osx-x86_64-clang, r-devel-windows-ix86+x86_64, r-patched-linux-x86_64, r-patched-solaris-sparc, r-patched-solaris-x86, r-release-linux-x86_64, r-release-osx-x86_64-mavericks, r-release-osx-x86_64-snowleopard, r-release-windows-ix86+x86_64, r-oldrel-windows-ix86+x86_64

Version: 1.0-2
Check: DESCRIPTION meta-information
Result: NOTE
    Malformed Description field: should contain one or more complete sentences.
Flavor: r-release-windows-ix86+x86_64