CRAN Package Check Results for Package textcat

Last updated on 2017-12-15 02:48:52 CET.

Flavor Version Tinstall Tcheck Ttotal Status Flags
r-devel-linux-x86_64-debian-clang 1.0-5 1.24 17.02 18.26 OK
r-devel-linux-x86_64-debian-gcc 1.0-5 1.18 15.52 16.70 OK
r-devel-linux-x86_64-fedora-clang 1.0-5 24.03 NOTE
r-devel-linux-x86_64-fedora-gcc 1.0-5 23.18 NOTE
r-devel-windows-ix86+x86_64 1.0-5 6.00 45.00 51.00 OK
r-patched-linux-x86_64 1.0-5 1.40 17.38 18.78 OK
r-patched-solaris-x86 1.0-5 31.60 NOTE
r-release-linux-x86_64 1.0-5 1.25 17.28 18.53 OK
r-release-windows-ix86+x86_64 1.0-5 4.00 44.00 48.00 OK
r-release-osx-x86_64 1.0-5 NOTE
r-oldrel-windows-ix86+x86_64 1.0-5 6.00 34.00 40.00 OK
r-oldrel-osx-x86_64 1.0-5 NOTE

Check Details

Version: 1.0-5
Check: data for non-ASCII characters
Result: NOTE
     Note: found 10051 marked UTF-8 strings
     Note: found 10523 strings marked as "bytes"
Flavors: r-devel-linux-x86_64-fedora-clang, r-devel-linux-x86_64-fedora-gcc, r-patched-solaris-x86, r-release-osx-x86_64, r-oldrel-osx-x86_64