CRAN Package Check Results for Package textcat

Last updated on 2017-02-28 08:48:39.

Flavor Version Tinstall Tcheck Ttotal Status Flags
r-devel-linux-x86_64-debian-clang 1.0-5 0.92 12.79 13.71 OK
r-devel-linux-x86_64-debian-gcc 1.0-5 0.97 12.48 13.45 OK
r-devel-linux-x86_64-fedora-clang 1.0-5 22.90 NOTE --no-stop-on-test-error
r-devel-linux-x86_64-fedora-gcc 1.0-5 21.36 NOTE --no-stop-on-test-error
r-devel-macos-x86_64-clang 1.0-5 20.62 NOTE --no-stop-on-test-error
r-devel-windows-ix86+x86_64 1.0-5 3.00 36.00 39.00 OK
r-patched-linux-x86_64 1.0-5 0.87 10.81 11.69 OK
r-patched-solaris-sparc 1.0-5 122.50 NOTE
r-patched-solaris-x86 1.0-5 27.30 NOTE
r-release-linux-x86_64 1.0-5 1.02 10.43 11.45 OK
r-release-osx-x86_64-mavericks 1.0-5 NOTE
r-release-windows-ix86+x86_64 1.0-5 5.00 38.00 43.00 OK
r-oldrel-windows-ix86+x86_64 1.0-5 4.00 37.00 41.00 NOTE

Check Details

Version: 1.0-5
Flags: --no-stop-on-test-error
Check: data for non-ASCII characters
Result: NOTE
     Note: found 10051 marked UTF-8 strings
     Note: found 10523 strings marked as "bytes"
Flavors: r-devel-linux-x86_64-fedora-clang, r-devel-linux-x86_64-fedora-gcc, r-devel-macos-x86_64-clang

Version: 1.0-5
Check: data for non-ASCII characters
Result: NOTE
     Note: found 10051 marked UTF-8 strings
     Note: found 10523 strings marked as "bytes"
Flavors: r-patched-solaris-sparc, r-patched-solaris-x86, r-release-osx-x86_64-mavericks, r-oldrel-windows-ix86+x86_64