CRAN Package Check Results for Package textcat

Last updated on 2014-08-20 15:50:29.

Flavor Version Tinstall Tcheck Ttotal Status Flags
r-devel-linux-x86_64-debian-clang 1.0-2 1.01 10.80 11.81 NOTE
r-devel-linux-x86_64-debian-gcc 1.0-2 1.00 10.61 11.62 NOTE
r-devel-linux-x86_64-fedora-clang 1.0-2 25.61 NOTE
r-devel-linux-x86_64-fedora-gcc 1.0-2 22.67 NOTE
r-devel-osx-x86_64-clang 1.0-2 25.55 NOTE
r-devel-windows-ix86+x86_64 1.0-2 3.00 20.00 23.00 NOTE
r-patched-linux-x86_64 1.0-2 0.99 11.30 12.29 NOTE
r-patched-solaris-sparc 1.0-2 144.50 NOTE
r-patched-solaris-x86 1.0-2 35.00 NOTE
r-release-linux-ix86 1.0-2 1.64 17.36 19.00 NOTE
r-release-linux-x86_64 1.0-2 1.06 12.35 13.41 NOTE
r-release-osx-x86_64-mavericks 1.0-2 NOTE
r-release-osx-x86_64-snowleopard 1.0-2 NOTE
r-release-windows-ix86+x86_64 1.0-2 5.00 28.00 33.00 NOTE
r-oldrel-windows-ix86+x86_64 1.0-2 4.00 22.00 26.00 NOTE

Check Details

Version: 1.0-2
Check: data for non-ASCII characters
Result: NOTE
     Note: found 10051 marked UTF-8 strings
     Note: found 10523 strings marked as "bytes"
Flavors: r-devel-linux-x86_64-debian-clang, r-devel-linux-x86_64-debian-gcc, r-devel-linux-x86_64-fedora-clang, r-devel-linux-x86_64-fedora-gcc, r-devel-osx-x86_64-clang, r-devel-windows-ix86+x86_64, r-patched-linux-x86_64, r-patched-solaris-sparc, r-patched-solaris-x86, r-release-linux-ix86, r-release-linux-x86_64, r-release-osx-x86_64-mavericks, r-release-osx-x86_64-snowleopard, r-release-windows-ix86+x86_64, r-oldrel-windows-ix86+x86_64