CRAN Package Check Results for Package textcat

Last updated on 2016-02-11 21:47:03.

Flavor Version Tinstall Tcheck Ttotal Status Flags
r-devel-linux-x86_64-debian-gcc 1.0-4 0.90 9.49 10.40 OK
r-devel-linux-x86_64-fedora-clang 1.0-4 19.40 NOTE
r-devel-linux-x86_64-fedora-gcc 1.0-4 18.14 NOTE
r-devel-osx-x86_64-clang 1.0-4 23.81 NOTE
r-devel-windows-ix86+x86_64 1.0-4 5.00 25.00 30.00 OK
r-patched-linux-x86_64 1.0-4 1.04 10.55 11.59 NOTE
r-patched-solaris-sparc 1.0-4 123.40 NOTE
r-patched-solaris-x86 1.0-4 28.60 NOTE
r-release-linux-x86_64 1.0-4 0.96 10.11 11.08 NOTE
r-release-osx-x86_64-mavericks 1.0-4 NOTE
r-release-windows-ix86+x86_64 1.0-4 4.00 27.00 31.00 NOTE
r-oldrel-windows-ix86+x86_64 1.0-4 5.00 30.00 35.00 NOTE

Check Details

Version: 1.0-4
Check: data for non-ASCII characters
Result: NOTE
     Note: found 10051 marked UTF-8 strings
     Note: found 10523 strings marked as "bytes"
Flavors: r-devel-linux-x86_64-fedora-clang, r-devel-linux-x86_64-fedora-gcc, r-devel-osx-x86_64-clang, r-patched-linux-x86_64, r-patched-solaris-sparc, r-patched-solaris-x86, r-release-linux-x86_64, r-release-osx-x86_64-mavericks, r-release-windows-ix86+x86_64, r-oldrel-windows-ix86+x86_64