CRAN Package Check Results for Package textcat

Last updated on 2017-10-18 03:48:39.

Flavor Version Tinstall Tcheck Ttotal Status Flags
r-devel-linux-x86_64-debian-clang 1.0-5 1.02 13.23 14.25 OK
r-devel-linux-x86_64-debian-gcc 1.0-5 1.04 13.99 15.03 OK
r-devel-linux-x86_64-fedora-clang 1.0-5 24.21 NOTE
r-devel-linux-x86_64-fedora-gcc 1.0-5 22.88 NOTE
r-devel-windows-ix86+x86_64 1.0-5 4.00 46.00 50.00 OK
r-patched-linux-x86_64 1.0-5 0.98 12.93 13.91 OK
r-patched-solaris-x86 1.0-5 31.40 NOTE
r-release-linux-x86_64 1.0-5 1.11 12.85 13.96 OK
r-release-windows-ix86+x86_64 1.0-5 6.00 26.00 32.00 OK
r-release-osx-x86_64 1.0-5 NOTE
r-oldrel-windows-ix86+x86_64 1.0-5 5.00 34.00 39.00 OK
r-oldrel-osx-x86_64 1.0-5 NOTE

Check Details

Version: 1.0-5
Check: data for non-ASCII characters
Result: NOTE
     Note: found 10051 marked UTF-8 strings
     Note: found 10523 strings marked as "bytes"
Flavors: r-devel-linux-x86_64-fedora-clang, r-devel-linux-x86_64-fedora-gcc, r-patched-solaris-x86, r-release-osx-x86_64, r-oldrel-osx-x86_64