CRAN Package Check Results for Package textcat

Last updated on 2016-08-28 21:50:11.

Flavor Version Tinstall Tcheck Ttotal Status Flags
r-devel-linux-x86_64-debian-clang 1.0-4 0.91 10.57 11.48 OK
r-devel-linux-x86_64-debian-gcc 1.0-4 0.88 10.61 11.50 OK
r-devel-linux-x86_64-fedora-clang 1.0-4 20.09 NOTE
r-devel-linux-x86_64-fedora-gcc 1.0-4 19.04 NOTE
r-devel-osx-x86_64-clang 1.0-4 17.95 NOTE
r-devel-windows-ix86+x86_64 1.0-4 5.00 57.00 62.00 OK
r-patched-linux-x86_64 1.0-4 0.87 10.87 11.75 OK
r-patched-solaris-sparc 1.0-4 114.10 NOTE
r-patched-solaris-x86 1.0-4 26.00 NOTE
r-release-linux-x86_64 1.0-4 0.95 10.73 11.68 OK
r-release-osx-x86_64-mavericks 1.0-4 NOTE
r-release-windows-ix86+x86_64 1.0-4 5.00 33.00 38.00 OK
r-oldrel-windows-ix86+x86_64 1.0-4 5.00 31.00 36.00 NOTE

Check Details

Version: 1.0-4
Check: data for non-ASCII characters
Result: NOTE
     Note: found 10051 marked UTF-8 strings
     Note: found 10523 strings marked as "bytes"
Flavors: r-devel-linux-x86_64-fedora-clang, r-devel-linux-x86_64-fedora-gcc, r-devel-osx-x86_64-clang, r-patched-solaris-sparc, r-patched-solaris-x86, r-release-osx-x86_64-mavericks, r-oldrel-windows-ix86+x86_64