CRAN Package Check Results for Package textcat

Last updated on 2018-05-27 02:47:04 CEST.

Flavor Version Tinstall Tcheck Ttotal Status Flags
r-devel-linux-x86_64-debian-clang 1.0-5 1.30 19.81 21.11 OK
r-devel-linux-x86_64-debian-gcc 1.0-5 1.44 15.71 17.15 OK
r-devel-linux-x86_64-fedora-clang 1.0-5 26.52 NOTE
r-devel-linux-x86_64-fedora-gcc 1.0-5 24.92 NOTE
r-devel-windows-ix86+x86_64 1.0-5 4.00 96.00 100.00 OK
r-patched-linux-x86_64 1.0-5 1.86 18.57 20.43 OK
r-patched-solaris-x86 1.0-5 37.40 NOTE
r-release-linux-x86_64 1.0-5 1.69 18.54 20.23 OK
r-release-windows-ix86+x86_64 1.0-5 5.00 34.00 39.00 OK
r-release-osx-x86_64 1.0-5 NOTE
r-oldrel-windows-ix86+x86_64 1.0-5 4.00 32.00 36.00 OK
r-oldrel-osx-x86_64 1.0-5 NOTE

Check Details

Version: 1.0-5
Check: data for non-ASCII characters
Result: NOTE
     Note: found 10051 marked UTF-8 strings
     Note: found 10523 strings marked as "bytes"
Flavors: r-devel-linux-x86_64-fedora-clang, r-devel-linux-x86_64-fedora-gcc, r-patched-solaris-x86, r-release-osx-x86_64, r-oldrel-osx-x86_64