CRAN Package Check Results for Package textcat

Last updated on 2017-06-25 18:48:07.

Flavor Version Tinstall Tcheck Ttotal Status Flags
r-devel-linux-x86_64-debian-clang 1.0-5 0.96 12.82 13.78 OK
r-devel-linux-x86_64-debian-gcc 1.0-5 1.06 12.55 13.61 OK
r-devel-linux-x86_64-fedora-clang 1.0-5 23.06 NOTE
r-devel-linux-x86_64-fedora-gcc 1.0-5 22.04 NOTE
r-devel-windows-ix86+x86_64 1.0-5 4.00 27.00 31.00 OK
r-patched-linux-x86_64 1.0-5 1.00 12.83 13.83 OK
r-patched-solaris-sparc 1.0-5 137.70 NOTE
r-patched-solaris-x86 1.0-5 31.80 NOTE
r-release-linux-x86_64 1.0-5 1.00 12.75 13.75 OK
r-release-windows-ix86+x86_64 1.0-5 7.00 37.00 44.00 OK
r-release-osx-x86_64 1.0-5 NOTE
r-oldrel-windows-ix86+x86_64 1.0-5 4.00 38.00 42.00 OK
r-oldrel-osx-x86_64 1.0-5 NOTE

Check Details

Version: 1.0-5
Check: data for non-ASCII characters
Result: NOTE
     Note: found 10051 marked UTF-8 strings
     Note: found 10523 strings marked as "bytes"
Flavors: r-devel-linux-x86_64-fedora-clang, r-devel-linux-x86_64-fedora-gcc, r-patched-solaris-sparc, r-patched-solaris-x86, r-release-osx-x86_64, r-oldrel-osx-x86_64