CRAN Package Check Results for Package textcat

Last updated on 2016-07-25 05:48:59.

Flavor Version Tinstall Tcheck Ttotal Status Flags
r-devel-linux-x86_64-debian-clang 1.0-4 1.07 13.15 14.22 OK
r-devel-linux-x86_64-debian-gcc 1.0-4 1.09 13.08 14.17 OK
r-devel-linux-x86_64-fedora-clang 1.0-4 19.03 NOTE
r-devel-linux-x86_64-fedora-gcc 1.0-4 18.13 NOTE
r-devel-osx-x86_64-clang 1.0-4 17.50 NOTE
r-devel-windows-ix86+x86_64 1.0-4 3.00 27.00 30.00 OK
r-patched-linux-x86_64 1.0-4 1.06 13.97 15.03 OK
r-patched-solaris-sparc 1.0-4 114.10 NOTE
r-patched-solaris-x86 1.0-4 25.60 NOTE
r-release-linux-x86_64 1.0-4 1.02 13.98 15.01 OK
r-release-osx-x86_64-mavericks 1.0-4 NOTE
r-release-windows-ix86+x86_64 1.0-4 5.00 34.00 39.00 OK
r-oldrel-windows-ix86+x86_64 1.0-4 3.00 41.00 44.00 NOTE

Check Details

Version: 1.0-4
Check: data for non-ASCII characters
Result: NOTE
     Note: found 10051 marked UTF-8 strings
     Note: found 10523 strings marked as "bytes"
Flavors: r-devel-linux-x86_64-fedora-clang, r-devel-linux-x86_64-fedora-gcc, r-devel-osx-x86_64-clang, r-patched-solaris-sparc, r-patched-solaris-x86, r-release-osx-x86_64-mavericks, r-oldrel-windows-ix86+x86_64