Last updated on 2023-02-05 11:56:50 CET.
Flavor | Version | Tinstall | Tcheck | Ttotal | Status | Flags |
---|---|---|---|---|---|---|
r-devel-linux-x86_64-debian-clang | 1.0-8 | 2.62 | 25.94 | 28.56 | OK | |
r-devel-linux-x86_64-debian-gcc | 1.0-8 | 2.17 | 20.02 | 22.19 | OK | |
r-devel-linux-x86_64-fedora-clang | 1.0-8 | 36.29 | NOTE | |||
r-devel-linux-x86_64-fedora-gcc | 1.0-8 | 35.92 | NOTE | |||
r-devel-windows-x86_64 | 1.0-8 | 14.00 | 55.00 | 69.00 | OK | |
r-patched-linux-x86_64 | 1.0-8 | 2.89 | 25.19 | 28.08 | OK | |
r-release-linux-x86_64 | 1.0-8 | 2.67 | 24.77 | 27.44 | OK | |
r-release-macos-arm64 | 1.0-8 | 16.00 | OK | |||
r-release-macos-x86_64 | 1.0-8 | 23.00 | OK | |||
r-release-windows-x86_64 | 1.0-7 | 14.00 | 58.00 | 72.00 | OK | |
r-oldrel-macos-arm64 | 1.0-8 | 17.00 | OK | |||
r-oldrel-macos-x86_64 | 1.0-8 | 25.00 | OK | |||
r-oldrel-windows-ix86+x86_64 | 1.0-8 | 6.00 | 50.00 | 56.00 | OK |
Version: 1.0-8
Check: Rd cross-references
Result: NOTE
Undeclared package ‘NLP’ in Rd xrefs
Flavor: r-devel-linux-x86_64-fedora-clang
Version: 1.0-8
Check: data for non-ASCII characters
Result: NOTE
Note: found 10051 marked UTF-8 strings
Note: found 10523 strings marked as "bytes"
Flavors: r-devel-linux-x86_64-fedora-clang, r-devel-linux-x86_64-fedora-gcc