CRAN Package Check Results for Package textcat

Last updated on 2016-06-26 00:47:24.

Flavor Version Tinstall Tcheck Ttotal Status Flags
r-devel-linux-x86_64-debian-gcc 1.0-4 1.01 11.60 12.61 OK
r-devel-linux-x86_64-fedora-clang 1.0-4 20.09 NOTE
r-devel-linux-x86_64-fedora-gcc 1.0-4 18.34 NOTE
r-devel-osx-x86_64-clang 1.0-4 17.51 NOTE
r-devel-windows-ix86+x86_64 1.0-4 3.00 27.00 30.00 OK
r-patched-linux-x86_64 1.0-4 1.06 12.16 13.22 OK
r-patched-solaris-sparc 1.0-4 114.10 NOTE
r-patched-solaris-x86 1.0-4 26.10 NOTE
r-release-linux-x86_64 1.0-4 0.92 11.84 12.76 OK
r-release-osx-x86_64-mavericks 1.0-4 NOTE
r-release-windows-ix86+x86_64 1.0-4 5.00 34.00 39.00 OK
r-oldrel-windows-ix86+x86_64 1.0-4 3.00 41.00 44.00 NOTE

Check Details

Version: 1.0-4
Check: data for non-ASCII characters
Result: NOTE
     Note: found 10051 marked UTF-8 strings
     Note: found 10523 strings marked as "bytes"
Flavors: r-devel-linux-x86_64-fedora-clang, r-devel-linux-x86_64-fedora-gcc, r-devel-osx-x86_64-clang, r-patched-solaris-sparc, r-patched-solaris-x86, r-release-osx-x86_64-mavericks, r-oldrel-windows-ix86+x86_64