CRAN Package Check Results for Package textcat

Last updated on 2015-07-01 23:47:20.

Flavor Version Tinstall Tcheck Ttotal Status Flags
r-devel-linux-x86_64-debian-clang 1.0-3 0.95 10.18 11.14 NOTE
r-devel-linux-x86_64-debian-gcc 1.0-3 0.88 10.39 11.26 NOTE
r-devel-linux-x86_64-fedora-clang 1.0-3 21.41 NOTE
r-devel-linux-x86_64-fedora-gcc 1.0-3 20.11 NOTE
r-devel-osx-x86_64-clang 1.0-3 19.84 NOTE
r-devel-windows-ix86+x86_64 1.0-3 4.00 19.00 23.00 NOTE
r-patched-linux-x86_64 1.0-3 0.87 10.43 11.30 NOTE
r-patched-solaris-sparc 1.0-3 113.60 NOTE
r-patched-solaris-x86 1.0-3 31.40 NOTE
r-release-linux-x86_64 1.0-3 0.89 10.64 11.52 NOTE
r-release-osx-x86_64-mavericks 1.0-3 NOTE
r-release-windows-ix86+x86_64 1.0-3 4.00 20.00 24.00 NOTE
r-oldrel-windows-ix86+x86_64 1.0-3 3.00 21.00 24.00 NOTE

Check Details

Version: 1.0-3
Check: data for non-ASCII characters
Result: NOTE
     Note: found 10051 marked UTF-8 strings
     Note: found 10523 strings marked as "bytes"
Flavors: r-devel-linux-x86_64-debian-clang, r-devel-linux-x86_64-debian-gcc, r-devel-linux-x86_64-fedora-clang, r-devel-linux-x86_64-fedora-gcc, r-devel-osx-x86_64-clang, r-devel-windows-ix86+x86_64, r-patched-linux-x86_64, r-patched-solaris-sparc, r-patched-solaris-x86, r-release-linux-x86_64, r-release-osx-x86_64-mavericks, r-release-windows-ix86+x86_64, r-oldrel-windows-ix86+x86_64