CRAN Package Check Results for Package textcat

Last updated on 2016-05-25 06:47:32.

Flavor Version Tinstall Tcheck Ttotal Status Flags
r-devel-linux-x86_64-debian-gcc 1.0-4 0.88 9.70 10.58 OK
r-devel-linux-x86_64-fedora-clang 1.0-4 19.64 NOTE
r-devel-linux-x86_64-fedora-gcc 1.0-4 18.20 NOTE
r-devel-osx-x86_64-clang 1.0-4 22.96 NOTE
r-devel-windows-ix86+x86_64 1.0-4 3.00 24.00 27.00 OK
r-patched-linux-x86_64 1.0-4 0.89 11.15 12.04 OK
r-patched-solaris-sparc 1.0-4 114.20 NOTE
r-patched-solaris-x86 1.0-4 26.30 NOTE
r-release-linux-x86_64 1.0-4 0.95 11.10 12.05 OK
r-release-osx-x86_64-mavericks 1.0-4 NOTE
r-release-windows-ix86+x86_64 1.0-4 3.00 24.00 27.00 OK
r-oldrel-windows-ix86+x86_64 1.0-4 3.00 26.00 29.00 NOTE

Check Details

Version: 1.0-4
Check: data for non-ASCII characters
Result: NOTE
     Note: found 10051 marked UTF-8 strings
     Note: found 10523 strings marked as "bytes"
Flavors: r-devel-linux-x86_64-fedora-clang, r-devel-linux-x86_64-fedora-gcc, r-devel-osx-x86_64-clang, r-patched-solaris-sparc, r-patched-solaris-x86, r-release-osx-x86_64-mavericks, r-oldrel-windows-ix86+x86_64