CRAN Package Check Results for Package textcat

Last updated on 2015-08-03 17:48:01.

Flavor Version Tinstall Tcheck Ttotal Status Flags
r-devel-linux-x86_64-debian-clang 1.0-3 0.88 10.08 10.96 NOTE
r-devel-linux-x86_64-debian-gcc 1.0-3 0.93 9.76 10.69 NOTE
r-devel-linux-x86_64-fedora-clang 1.0-3 21.77 NOTE
r-devel-linux-x86_64-fedora-gcc 1.0-3 20.29 NOTE
r-devel-osx-x86_64-clang 1.0-3 22.82 NOTE
r-devel-windows-ix86+x86_64 1.0-3 3.00 19.00 22.00 NOTE
r-patched-linux-x86_64 1.0-3 0.86 10.28 11.14 NOTE
r-patched-solaris-sparc 1.0-3 140.20 NOTE
r-patched-solaris-x86 1.0-3 31.80 NOTE
r-release-linux-x86_64 1.0-3 0.94 11.26 12.21 NOTE
r-release-osx-x86_64-mavericks 1.0-3 NOTE
r-release-windows-ix86+x86_64 1.0-3 5.00 18.00 23.00 NOTE
r-oldrel-windows-ix86+x86_64 1.0-3 6.00 21.00 27.00 NOTE

Check Details

Version: 1.0-3
Check: data for non-ASCII characters
Result: NOTE
     Note: found 10051 marked UTF-8 strings
     Note: found 10523 strings marked as "bytes"
Flavors: r-devel-linux-x86_64-debian-clang, r-devel-linux-x86_64-debian-gcc, r-devel-linux-x86_64-fedora-clang, r-devel-linux-x86_64-fedora-gcc, r-devel-osx-x86_64-clang, r-devel-windows-ix86+x86_64, r-patched-linux-x86_64, r-patched-solaris-sparc, r-patched-solaris-x86, r-release-linux-x86_64, r-release-osx-x86_64-mavericks, r-release-windows-ix86+x86_64, r-oldrel-windows-ix86+x86_64