Last updated on 2023-09-23 05:58:12 CEST.
Flavor | Version | Tinstall | Tcheck | Ttotal | Status | Flags |
---|---|---|---|---|---|---|
r-devel-linux-x86_64-debian-clang | 3.0.5 | 118.30 | 404.10 | 522.40 | NOTE | |
r-devel-linux-x86_64-debian-gcc | 3.0.5 | 80.17 | 290.38 | 370.55 | NOTE | |
r-devel-linux-x86_64-fedora-clang | 3.0.5 | 666.37 | NOTE | |||
r-devel-linux-x86_64-fedora-gcc | 3.0.5 | 722.23 | NOTE | |||
r-devel-windows-x86_64 | 3.0.5 | 87.00 | 384.00 | 471.00 | NOTE | |
r-patched-linux-x86_64 | 3.0.5 | 101.94 | 379.95 | 481.89 | NOTE | |
r-release-linux-x86_64 | 3.0.5 | 109.98 | 395.23 | 505.21 | NOTE | |
r-release-macos-arm64 | 3.0.5 | 229.00 | NOTE | |||
r-release-macos-x86_64 | 3.0.5 | 363.00 | NOTE | |||
r-release-windows-x86_64 | 3.0.5 | 113.00 | 470.00 | 583.00 | NOTE | |
r-oldrel-macos-arm64 | 3.0.5 | 180.00 | NOTE | |||
r-oldrel-macos-x86_64 | 3.0.5 | 221.00 | NOTE | |||
r-oldrel-windows-x86_64 | 3.0.5 | 108.00 | 470.00 | 578.00 | OK |
Version: 3.0.5
Check: C++ specification
Result: NOTE
Specified C++11: please drop specification unless essential
Flavors: r-devel-linux-x86_64-debian-clang, r-devel-linux-x86_64-debian-gcc, r-devel-linux-x86_64-fedora-clang, r-devel-linux-x86_64-fedora-gcc, r-devel-windows-x86_64, r-patched-linux-x86_64, r-release-linux-x86_64, r-release-macos-arm64, r-release-macos-x86_64, r-release-windows-x86_64
Version: 3.0.5
Check: Rd cross-references
Result: NOTE
Undeclared package ‘tm’ in Rd xrefs
Flavor: r-devel-linux-x86_64-fedora-clang
Version: 3.0.5
Check: installed package size
Result: NOTE
installed size is 5.4Mb
sub-directories of 1Mb or more:
libs 3.5Mb
Flavors: r-release-macos-arm64, r-release-macos-x86_64, r-oldrel-macos-arm64, r-oldrel-macos-x86_64