CRAN Package Check Results for Package textometry

Last updated on 2019-11-19 00:55:12 CET.

Flavor Version Tinstall Tcheck Ttotal Status Flags
r-devel-linux-x86_64-debian-clang 0.1.4 1.89 21.48 23.37 NOTE
r-devel-linux-x86_64-debian-gcc 0.1.4 1.79 17.81 19.60 NOTE
r-devel-linux-x86_64-fedora-clang 0.1.4 29.19 NOTE
r-devel-linux-x86_64-fedora-gcc 0.1.4 28.61 NOTE
r-devel-windows-ix86+x86_64 0.1.4 5.00 34.00 39.00 NOTE
r-patched-linux-x86_64 0.1.4 1.85 20.85 22.70 NOTE
r-patched-solaris-x86 0.1.4 43.40 NOTE
r-release-linux-x86_64 0.1.4 1.78 20.66 22.44 NOTE
r-release-windows-ix86+x86_64 0.1.4 4.00 50.00 54.00 NOTE
r-release-osx-x86_64 0.1.4 NOTE
r-oldrel-windows-ix86+x86_64 0.1.4 3.00 29.00 32.00 NOTE
r-oldrel-osx-x86_64 0.1.4 NOTE

Check Details

Version: 0.1.4
Check: R code for possible problems
Result: NOTE
    phyper_right: no visible global function definition for 'dhyper'
    progression: no visible global function definition for 'density'
    progression: no visible global function definition for 'plot'
    progression: no visible global function definition for 'points'
    progression: no visible global function definition for 'legend'
    progression: no visible global function definition for 'text'
    specificities.distribution.plot: no visible global function definition
     for 'dhyper'
    specificities.distribution.plot: no visible global function definition
     for 'plot'
    specificities.distribution.plot: no visible global function definition
     for 'Axis'
    specificities.distribution.plot: no visible global function definition
     for 'arrows'
    specificities.distribution.plot: no visible global function definition
     for 'text'
    specificities.distribution.plot: no visible global function definition
     for 'title'
    specificities.probabilities.vector: no visible global function
     definition for 'phyper'
    Undefined global functions or variables:
     Axis arrows density dhyper legend phyper plot points text title
    Consider adding
     importFrom("graphics", "Axis", "arrows", "legend", "plot", "points",
     "text", "title")
     importFrom("stats", "density", "dhyper", "phyper")
    to your NAMESPACE file.
Flavors: r-devel-linux-x86_64-debian-clang, r-devel-linux-x86_64-debian-gcc, r-devel-linux-x86_64-fedora-clang, r-devel-linux-x86_64-fedora-gcc, r-devel-windows-ix86+x86_64, r-patched-linux-x86_64, r-patched-solaris-x86, r-release-linux-x86_64, r-release-windows-ix86+x86_64, r-release-osx-x86_64, r-oldrel-windows-ix86+x86_64, r-oldrel-osx-x86_64