CRAN Package Check Results for Package textreadr

Last updated on 2019-06-19 18:52:58 CEST.

Flavor Version Tinstall Tcheck Ttotal Status Flags
r-devel-linux-x86_64-debian-clang 0.9.0 2.40 32.13 34.53 OK
r-devel-linux-x86_64-debian-gcc 0.9.0 2.15 24.48 26.63 OK
r-devel-linux-x86_64-fedora-clang 0.9.0 41.13 OK
r-devel-linux-x86_64-fedora-gcc 0.9.0 38.48 OK
r-devel-windows-ix86+x86_64 0.9.0 16.00 58.00 74.00 OK
r-patched-linux-x86_64 0.9.0 2.95 30.71 33.66 OK
r-patched-solaris-x86 0.9.0 66.00 NOTE
r-release-linux-x86_64 0.9.0 2.86 30.59 33.45 OK
r-release-windows-ix86+x86_64 0.9.0 12.00 68.00 80.00 OK
r-release-osx-x86_64 0.9.0 OK
r-oldrel-windows-ix86+x86_64 0.9.0 6.00 64.00 70.00 OK
r-oldrel-osx-x86_64 0.9.0 OK

Check Details

Version: 0.9.0
Check: package dependencies
Result: NOTE
    Package suggested but not available for checking: ‘tesseract’
Flavor: r-patched-solaris-x86

Version: 0.9.0
Check: Rd cross-references
Result: NOTE
    Package unavailable to check Rd xrefs: ‘tesseract’
Flavor: r-patched-solaris-x86