CRAN Package Check Results for Package textreadr

Last updated on 2019-03-21 22:51:23 CET.

Flavor Version Tinstall Tcheck Ttotal Status Flags
r-devel-linux-x86_64-debian-clang 0.9.0 3.01 32.66 35.67 OK
r-devel-linux-x86_64-debian-gcc 0.9.0 2.58 24.99 27.57 OK
r-devel-linux-x86_64-fedora-clang 0.9.0 40.47 OK
r-devel-linux-x86_64-fedora-gcc 0.9.0 41.30 OK
r-devel-windows-ix86+x86_64 0.9.0 12.00 59.00 71.00 OK
r-patched-linux-x86_64 0.9.0 1.93 28.83 30.76 OK
r-patched-solaris-x86 0.9.0 58.30 NOTE
r-release-linux-x86_64 0.9.0 1.94 29.06 31.00 OK
r-release-windows-ix86+x86_64 0.9.0 6.00 63.00 69.00 OK
r-release-osx-x86_64 0.9.0 OK
r-oldrel-windows-ix86+x86_64 0.9.0 8.00 63.00 71.00 OK
r-oldrel-osx-x86_64 0.9.0 OK

Check Details

Version: 0.9.0
Check: package dependencies
Result: NOTE
    Package suggested but not available for checking: ‘tesseract’
Flavor: r-patched-solaris-x86

Version: 0.9.0
Check: Rd cross-references
Result: NOTE
    Package unavailable to check Rd xrefs: ‘tesseract’
Flavor: r-patched-solaris-x86