CRAN Package Check Results for Package textreadr

Last updated on 2019-01-20 00:16:28 CET.

Flavor Version Tinstall Tcheck Ttotal Status Flags
r-devel-linux-x86_64-debian-clang 0.9.0 2.41 32.13 34.54 OK
r-devel-linux-x86_64-debian-gcc 0.9.0 1.91 24.98 26.89 OK
r-devel-linux-x86_64-fedora-clang 0.9.0 41.13 OK
r-devel-linux-x86_64-fedora-gcc 0.9.0 37.48 OK
r-devel-windows-ix86+x86_64 0.9.0 5.00 61.00 66.00 OK
r-patched-linux-x86_64 0.9.0 2.28 29.11 31.39 OK
r-patched-solaris-x86 0.9.0 57.60 NOTE
r-release-linux-x86_64 0.9.0 2.36 29.35 31.71 OK
r-release-windows-ix86+x86_64 0.9.0 7.00 87.00 94.00 OK
r-release-osx-x86_64 0.9.0 OK
r-oldrel-windows-ix86+x86_64 0.9.0 6.00 44.00 50.00 OK
r-oldrel-osx-x86_64 0.9.0 OK

Check Details

Version: 0.9.0
Check: package dependencies
Result: NOTE
    Package suggested but not available for checking: ‘tesseract’
Flavor: r-patched-solaris-x86

Version: 0.9.0
Check: Rd cross-references
Result: NOTE
    Package unavailable to check Rd xrefs: ‘tesseract’
Flavor: r-patched-solaris-x86