Last updated on 2023-01-31 09:53:18 CET.
Flavor | Version | Tinstall | Tcheck | Ttotal | Status | Flags |
---|---|---|---|---|---|---|
r-devel-linux-x86_64-debian-clang | 0.3.6 | 17.62 | 24.50 | 42.12 | OK | |
r-devel-linux-x86_64-debian-gcc | 0.3.6 | 13.82 | 19.14 | 32.96 | NOTE | |
r-devel-linux-x86_64-fedora-clang | 0.3.6 | 66.76 | NOTE | |||
r-devel-linux-x86_64-fedora-gcc | 0.3.6 | 71.13 | NOTE | |||
r-devel-windows-x86_64 | 0.3.6 | 79.00 | 75.00 | 154.00 | NOTE | |
r-patched-linux-x86_64 | 0.3.6 | 15.80 | 23.98 | 39.78 | OK | |
r-release-linux-x86_64 | 0.3.6 | 16.39 | 24.32 | 40.71 | OK | |
r-release-macos-arm64 | 0.3.6 | 24.00 | NOTE | |||
r-release-macos-x86_64 | 0.3.6 | 35.00 | NOTE | |||
r-release-windows-x86_64 | 0.3.6 | 65.00 | 73.00 | 138.00 | OK | |
r-oldrel-macos-arm64 | 0.3.6 | 27.00 | NOTE | |||
r-oldrel-macos-x86_64 | 0.3.6 | 39.00 | OK | |||
r-oldrel-windows-ix86+x86_64 | 0.3.6 | 55.00 | 71.00 | 126.00 | OK |
Version: 0.3.6
Check: C++ specification
Result: NOTE
Specified C++11: please update to current default of C++17
Flavors: r-devel-linux-x86_64-debian-gcc, r-devel-linux-x86_64-fedora-clang, r-devel-linux-x86_64-fedora-gcc, r-devel-windows-x86_64
Version: 0.3.6
Check: installed package size
Result: NOTE
installed size is 17.3Mb
sub-directories of 1Mb or more:
libs 17.2Mb
Flavors: r-release-macos-arm64, r-release-macos-x86_64, r-oldrel-macos-arm64