CRAN Package Check Results for Package tfdeploy

Last updated on 2025-01-18 13:55:42 CET.

Flavor Version Tinstall Tcheck Ttotal Status Flags
r-devel-linux-x86_64-debian-clang 0.6.1 7.50 70.36 77.86 OK
r-devel-linux-x86_64-debian-gcc 0.6.1 5.31 53.03 58.34 OK
r-devel-linux-x86_64-fedora-clang 0.6.1 126.07 OK
r-devel-linux-x86_64-fedora-gcc 0.6.1 133.49 OK
r-devel-windows-x86_64 0.6.1 9.00 132.00 141.00 OK
r-patched-linux-x86_64 0.6.1 8.31 66.33 74.64 NOTE
r-release-linux-x86_64 0.6.1 7.59 66.66 74.25 NOTE
r-release-macos-arm64 0.6.1 42.00 NOTE
r-release-macos-x86_64 0.6.1 67.00 NOTE
r-release-windows-x86_64 0.6.1 10.00 126.00 136.00 NOTE
r-oldrel-macos-arm64 0.6.1 46.00 NOTE
r-oldrel-macos-x86_64 0.6.1 75.00 NOTE
r-oldrel-windows-x86_64 0.6.1 10.00 124.00 134.00 NOTE

Check Details

Version: 0.6.1
Check: LazyData
Result: NOTE 'LazyData' is specified without a 'data' directory Flavors: r-patched-linux-x86_64, r-release-linux-x86_64, r-release-macos-arm64, r-release-macos-x86_64, r-release-windows-x86_64, r-oldrel-macos-arm64, r-oldrel-macos-x86_64, r-oldrel-windows-x86_64