CRAN Package Check Results for Package tfestimators

Last updated on 2018-09-26 16:53:01 CEST.

Flavor Version Tinstall Tcheck Ttotal Status Flags
r-devel-linux-x86_64-debian-clang 1.9.0 7.28 85.33 92.61 OK
r-devel-linux-x86_64-debian-gcc 1.9.0 0.54 1.61 2.15 ERROR
r-devel-linux-x86_64-fedora-clang 1.9.0 110.37 OK
r-devel-linux-x86_64-fedora-gcc 1.9.0 109.50 OK
r-devel-windows-ix86+x86_64 1.9.0 20.00 99.00 119.00 OK
r-patched-linux-x86_64 1.9.0 6.45 70.07 76.52 OK
r-patched-solaris-x86 1.9.0 234.00 OK
r-release-linux-x86_64 1.9.0 7.21 69.76 76.97 OK
r-release-windows-ix86+x86_64 1.9.0 16.00 116.00 132.00 OK
r-release-osx-x86_64 1.9.0 OK
r-oldrel-windows-ix86+x86_64 1.9.0 8.00 144.00 152.00 OK
r-oldrel-osx-x86_64 1.9.0 OK

Check Details

Version: 1.9.0
Check: package dependencies
Result: ERROR
    Packages required but not available:
     ‘tensorflow’ ‘tfruns’ ‘tidyselect’ ‘purrr’ ‘tibble’ ‘tidyr’
    
    Packages suggested but not available for checking: ‘ggplot2’ ‘modelr’
    
    See section ‘The DESCRIPTION file’ in the ‘Writing R Extensions’
    manual.
Flavor: r-devel-linux-x86_64-debian-gcc