CRAN Package Check Results for Package tfio

Last updated on 2024-07-23 12:57:48 CEST.

Flavor Version Tinstall Tcheck Ttotal Status Flags
r-devel-linux-x86_64-debian-clang 0.4.1 8.23 90.87 99.10 NOTE
r-devel-linux-x86_64-debian-gcc 0.4.1 7.82 68.09 75.91 NOTE
r-devel-linux-x86_64-fedora-clang 0.4.1 127.95 NOTE
r-devel-linux-x86_64-fedora-gcc 0.4.1 137.31 NOTE
r-devel-windows-x86_64 0.4.1 10.00 84.00 94.00 NOTE
r-patched-linux-x86_64 0.4.1 8.60 85.18 93.78 NOTE
r-release-linux-x86_64 0.4.1 10.18 87.04 97.22 NOTE
r-release-macos-arm64 0.4.1 45.00 NOTE
r-release-macos-x86_64 0.4.1 68.00 NOTE
r-release-windows-x86_64 0.4.1 9.00 83.00 92.00 NOTE
r-oldrel-macos-arm64 0.4.1 47.00 NOTE
r-oldrel-macos-x86_64 0.4.1 76.00 NOTE
r-oldrel-windows-x86_64 0.4.1 12.00 100.00 112.00 NOTE

Check Details

Version: 0.4.1
Check: LazyData
Result: NOTE 'LazyData' is specified without a 'data' directory Flavors: r-devel-linux-x86_64-debian-clang, r-devel-linux-x86_64-debian-gcc, r-devel-linux-x86_64-fedora-clang, r-devel-linux-x86_64-fedora-gcc, r-devel-windows-x86_64, r-patched-linux-x86_64, r-release-linux-x86_64, r-release-macos-arm64, r-release-macos-x86_64, r-release-windows-x86_64, r-oldrel-macos-arm64, r-oldrel-macos-x86_64, r-oldrel-windows-x86_64