CRAN Package Check Results for Package tfplot

Last updated on 2020-07-03 21:49:09 CEST.

Flavor Version Tinstall Tcheck Ttotal Status Flags
r-devel-linux-x86_64-debian-clang 2015.12-1 2.67 27.43 30.10 NOTE
r-devel-linux-x86_64-debian-gcc 2015.12-1 2.07 21.98 24.05 NOTE
r-devel-linux-x86_64-fedora-clang 2015.12-1 44.96 NOTE
r-devel-linux-x86_64-fedora-gcc 2015.12-1 37.20 NOTE
r-devel-windows-ix86+x86_64 2015.12-1 7.00 42.00 49.00 OK
r-patched-linux-x86_64 2015.12-1 2.72 27.12 29.84 NOTE
r-patched-solaris-x86 2015.12-1 56.20 NOTE
r-release-linux-x86_64 2015.12-1 2.28 27.56 29.84 NOTE
r-release-osx-x86_64 2015.12-1 OK
r-release-windows-ix86+x86_64 2015.12-1 5.00 45.00 50.00 OK
r-oldrel-osx-x86_64 2015.12-1 OK
r-oldrel-windows-ix86+x86_64 2015.12-1 5.00 58.00 63.00 OK

Check Details

Version: 2015.12-1
Check: for non-standard things in the check directory
Result: NOTE
    Found the following files/directories:
     'tmp.test.data.csv'
Flavors: r-devel-linux-x86_64-debian-clang, r-devel-linux-x86_64-debian-gcc, r-devel-linux-x86_64-fedora-clang, r-devel-linux-x86_64-fedora-gcc, r-patched-linux-x86_64, r-patched-solaris-x86, r-release-linux-x86_64