CRAN Package Check Results for Package tfplot

Last updated on 2014-04-20 09:48:25.

Flavor Version Tinstall Tcheck Ttotal Status Flags
r-devel-linux-x86_64-debian-clang 2014.2-2 0.68 13.54 14.22 OK
r-devel-linux-x86_64-debian-gcc 2014.2-2 0.67 15.01 15.68 OK
r-devel-linux-x86_64-fedora-clang 2014.2-2 30.48 OK
r-devel-linux-x86_64-fedora-gcc 2014.2-2 28.22 OK
r-devel-macosx-x86_64-clang 2014.2-2 33.20 OK
r-devel-macosx-x86_64-gcc 2014.2-2 NOTE
r-devel-windows-ix86+x86_64 2014.2-2 2.00 24.00 26.00 OK
r-patched-linux-x86_64 2014.2-2 0.68 14.20 14.89 OK
r-patched-solaris-sparc 2014.2-2 163.20 OK
r-patched-solaris-x86 2014.2-2 42.60 OK
r-release-linux-ix86 OK
r-release-linux-x86_64 2014.2-2 0.69 14.92 15.60 OK
r-release-macosx-x86_64 2014.2-2 OK
r-release-windows-ix86+x86_64 2014.2-2 3.00 23.00 26.00 OK
r-oldrel-windows-ix86+x86_64 2014.2-2 3.00 25.00 28.00 OK

Check Details

Version: 2014.2-2
Check: package dependencies
Result: NOTE
    Package suggested but not available for checking: ‘googleVis’
    
    Package which this enhances but not available for checking: ‘tframePlus’
Flavor: r-devel-macosx-x86_64-gcc

Version: 2014.2-2
Check: R code for possible problems
Result: NOTE
    tfVisPlot: no visible global function definition for ‘gvisLineChart’
Flavor: r-devel-macosx-x86_64-gcc

Version: 2014.2-2
Check: Rd cross-references
Result: NOTE
    Package unavailable to check Rd xrefs: ‘googleVis’
Flavor: r-devel-macosx-x86_64-gcc