CRAN Package Check Results for Package tfplot

Last updated on 2014-09-03 05:47:56.

Flavor Version Tinstall Tcheck Ttotal Status Flags
r-devel-linux-x86_64-debian-clang 2014.2-2 0.65 12.39 13.04 NOTE
r-devel-linux-x86_64-debian-gcc 2014.2-2 0.61 12.50 13.10 NOTE
r-devel-linux-x86_64-fedora-clang 2014.2-2 28.98 NOTE
r-devel-linux-x86_64-fedora-gcc 2014.2-2 28.21 NOTE
r-devel-osx-x86_64-clang 2014.2-2 30.20 NOTE
r-devel-windows-ix86+x86_64 2014.2-2 3.00 22.00 25.00 NOTE
r-patched-linux-x86_64 2014.2-2 0.63 13.42 14.05 OK
r-patched-solaris-sparc 2014.2-2 159.80 OK
r-patched-solaris-x86 2014.2-2 42.00 OK
r-release-linux-ix86 2014.2-2 0.97 21.08 22.05 OK
r-release-linux-x86_64 2014.2-2 0.65 13.30 13.95 OK
r-release-osx-x86_64-mavericks 2014.2-2 OK
r-release-osx-x86_64-snowleopard 2014.2-2 OK
r-release-windows-ix86+x86_64 2014.2-2 3.00 24.00 27.00 OK
r-oldrel-windows-ix86+x86_64 2014.2-2 3.00 24.00 27.00 OK

Check Details

Version: 2014.2-2
Check: R code for possible problems
Result: NOTE
    tfVisPlot: no visible global function definition for ‘gvisLineChart’
Flavors: r-devel-linux-x86_64-debian-clang, r-devel-linux-x86_64-debian-gcc, r-devel-linux-x86_64-fedora-clang, r-devel-linux-x86_64-fedora-gcc, r-devel-osx-x86_64-clang, r-devel-windows-ix86+x86_64