CRAN Package Check Results for Package tfplot

Last updated on 2015-05-03 11:47:58.

Flavor Version Tinstall Tcheck Ttotal Status Flags
r-devel-linux-x86_64-debian-clang 2015.4-1 0.60 13.18 13.78 OK
r-devel-linux-x86_64-debian-gcc 2015.4-1 0.60 13.84 14.44 OK
r-devel-linux-x86_64-fedora-clang 2015.4-1 15.86 OK
r-devel-linux-x86_64-fedora-gcc 2015.4-1 15.19 OK
r-devel-osx-x86_64-clang 2015.4-1 19.47 OK
r-devel-windows-ix86+x86_64 2015.4-1 2.00 24.00 26.00 OK
r-patched-linux-x86_64 2015.4-1 1.04 13.19 14.23 OK
r-patched-solaris-sparc 2015.4-1 140.30 OK
r-patched-solaris-x86 2015.4-1 33.50 OK
r-release-linux-x86_64 2015.4-1 0.63 13.07 13.70 OK
r-release-osx-x86_64-mavericks 2015.4-1 OK
r-release-osx-x86_64-snowleopard 2015.4-1 NOTE
r-release-windows-ix86+x86_64 2015.4-1 3.00 26.00 29.00 OK
r-oldrel-windows-ix86+x86_64 2015.4-1 3.00 24.00 27.00 OK

Check Details

Version: 2015.4-1
Check: package dependencies
Result: NOTE
    Package which this enhances but not available for checking: ‘tframePlus’
Flavor: r-release-osx-x86_64-snowleopard