CRAN Package Check Results for Package tfplot

Last updated on 2015-08-30 04:48:45.

Flavor Version Tinstall Tcheck Ttotal Status Flags
r-devel-linux-x86_64-debian-clang 2015.4-1 0.55 12.49 13.04 NOTE
r-devel-linux-x86_64-debian-gcc 2015.4-1 0.54 12.32 12.86 NOTE
r-devel-linux-x86_64-fedora-clang 2015.4-1 25.46 NOTE
r-devel-linux-x86_64-fedora-gcc 2015.4-1 23.77 NOTE
r-devel-osx-x86_64-clang 2015.4-1 26.86 OK
r-devel-windows-ix86+x86_64 2015.4-1 4.00 27.00 31.00 NOTE
r-patched-linux-x86_64 2015.4-1 0.65 12.80 13.45 OK
r-patched-solaris-sparc 2015.4-1 169.90 OK
r-patched-solaris-x86 2015.4-1 38.20 OK
r-release-linux-x86_64 2015.4-1 0.64 13.04 13.68 OK
r-release-osx-x86_64-mavericks 2015.4-1 OK
r-release-windows-ix86+x86_64 2015.4-1 4.00 25.00 29.00 OK
r-oldrel-windows-ix86+x86_64 2015.4-1 5.00 29.00 34.00 OK

Check Details

Version: 2015.4-1
Check: R code for possible problems
Result: NOTE
    annualizedGrowth.default: no visible global function definition for
     ‘frequency’
    tfOnePlot: no visible global function definition for ‘as.ts’
    tfOnePlot: no visible global function definition for ‘plot’
    tfOnePlot: no visible global function definition for ‘time’
    tfOnePlot: no visible global function definition for ‘frequency’
    tfOnePlot: no visible global function definition for ‘lines’
    tfOnePlot: no visible global function definition for ‘mtext’
    tfVisPlot: no visible global function definition for ‘time’
    tfVisPlot: no visible global function definition for ‘frequency’
    tfVisPlot: no visible global function definition for ‘cycle’
    tfVisPlot: no visible global function definition for ‘plot’
    tfXaxis: no visible global function definition for ‘time’
    tfXaxis: no visible global function definition for ‘frequency’
    tfXaxis: no visible global function definition for ‘axis’
    tfYaxis: no visible global function definition for ‘par’
    tfYaxis: no visible global function definition for ‘axis’
    tfYaxis: no visible global function definition for ‘as.graphicsAnnot’
    tfplot.default: no visible global function definition for ‘ts’
    tfplot.default: no visible global function definition for ‘plot’
    tsScan: no visible global function definition for ‘ts’
    tsWrite: no visible global function definition for ‘time’
    tsWrite: no visible global function definition for ‘frequency’
    Undefined global functions or variables:
     as.graphicsAnnot as.ts axis cycle frequency lines mtext par plot time
     ts
    Consider adding
     importFrom("grDevices", "as.graphicsAnnot")
     importFrom("graphics", "axis", "lines", "mtext", "par", "plot")
     importFrom("stats", "as.ts", "cycle", "frequency", "time", "ts")
    to your NAMESPACE.
Flavors: r-devel-linux-x86_64-debian-clang, r-devel-linux-x86_64-debian-gcc, r-devel-linux-x86_64-fedora-clang, r-devel-linux-x86_64-fedora-gcc, r-devel-windows-ix86+x86_64