CRAN Package Check Results for Package tfplot

Last updated on 2015-03-05 23:48:33.

Flavor Version Tinstall Tcheck Ttotal Status Flags
r-devel-linux-x86_64-debian-clang 2014.2-2 0.65 13.80 14.45 NOTE
r-devel-linux-x86_64-debian-gcc 2014.2-2 0.61 12.76 13.37 NOTE
r-devel-linux-x86_64-fedora-clang 2014.2-2 27.38 NOTE
r-devel-linux-x86_64-fedora-gcc 2014.2-2 25.01 NOTE
r-devel-osx-x86_64-clang 2014.2-2 31.60 NOTE
r-devel-windows-ix86+x86_64 2014.2-2 3.00 24.00 27.00 NOTE
r-patched-linux-x86_64 2014.2-2 0.70 14.25 14.95 NOTE
r-patched-solaris-sparc 2014.2-2 202.40 NOTE
r-patched-solaris-x86 2014.2-2 42.50 NOTE
r-release-linux-ix86 2014.2-2 1.01 22.08 23.09 NOTE
r-release-linux-x86_64 2014.2-2 0.75 14.09 14.84 NOTE
r-release-osx-x86_64-mavericks 2014.2-2 NOTE
r-release-osx-x86_64-snowleopard 2014.2-2 OK
r-release-windows-ix86+x86_64 2014.2-2 3.00 27.00 30.00 NOTE
r-oldrel-windows-ix86+x86_64 2014.2-2 3.00 43.00 46.00 OK

Check Details

Version: 2014.2-2
Check: dependencies in R code
Result: NOTE
    'library' or 'require' call to ‘googleVis’ in package code.
     Please use :: or requireNamespace() instead.
     See section 'Suggested packages' in the 'Writing R Extensions' manual.
Flavors: r-devel-linux-x86_64-debian-clang, r-devel-linux-x86_64-debian-gcc, r-devel-linux-x86_64-fedora-clang, r-devel-linux-x86_64-fedora-gcc, r-devel-osx-x86_64-clang, r-devel-windows-ix86+x86_64, r-patched-linux-x86_64, r-patched-solaris-sparc, r-patched-solaris-x86

Version: 2014.2-2
Check: R code for possible problems
Result: NOTE
    tfVisPlot: no visible global function definition for ‘gvisLineChart’
Flavors: r-devel-linux-x86_64-debian-clang, r-devel-linux-x86_64-debian-gcc, r-devel-linux-x86_64-fedora-clang, r-devel-linux-x86_64-fedora-gcc, r-devel-osx-x86_64-clang, r-devel-windows-ix86+x86_64, r-patched-linux-x86_64, r-patched-solaris-sparc, r-patched-solaris-x86, r-release-linux-ix86, r-release-linux-x86_64, r-release-osx-x86_64-mavericks, r-release-windows-ix86+x86_64