CRAN Package Check Results for Package tfplot

Last updated on 2021-01-18 23:49:47 CET.

Flavor Version Tinstall Tcheck Ttotal Status Flags
r-devel-linux-x86_64-debian-clang 2015.12-1 2.48 29.97 32.45 NOTE
r-devel-linux-x86_64-debian-gcc 2015.12-1 2.05 24.29 26.34 NOTE
r-devel-linux-x86_64-fedora-clang 2015.12-1 53.72 NOTE
r-devel-linux-x86_64-fedora-gcc 2015.12-1 40.43 NOTE
r-devel-windows-ix86+x86_64 2015.12-1 5.00 40.00 45.00 OK
r-patched-linux-x86_64 2015.12-1 2.63 29.23 31.86 NOTE
r-patched-solaris-x86 2015.12-1 58.20 NOTE
r-release-linux-x86_64 2015.12-1 2.21 29.37 31.58 NOTE
r-release-macos-x86_64 2015.12-1 OK
r-release-windows-ix86+x86_64 2015.12-1 5.00 46.00 51.00 OK
r-oldrel-macos-x86_64 2015.12-1 OK
r-oldrel-windows-ix86+x86_64 2015.12-1 3.00 34.00 37.00 OK

Check Details

Version: 2015.12-1
Check: for non-standard things in the check directory
Result: NOTE
    Found the following files/directories:
     'tmp.test.data.csv'
Flavors: r-devel-linux-x86_64-debian-clang, r-devel-linux-x86_64-debian-gcc, r-devel-linux-x86_64-fedora-clang, r-devel-linux-x86_64-fedora-gcc, r-patched-linux-x86_64, r-patched-solaris-x86, r-release-linux-x86_64