CRAN Package Check Results for Package tfplot

Last updated on 2021-04-21 21:50:15 CEST.

Flavor Version Tinstall Tcheck Ttotal Status Flags
r-devel-linux-x86_64-debian-clang 2015.12-1 2.65 31.39 34.04 NOTE
r-devel-linux-x86_64-debian-gcc 2015.12-1 2.02 24.29 26.31 NOTE
r-devel-linux-x86_64-fedora-clang 2015.12-1 51.03 NOTE
r-devel-linux-x86_64-fedora-gcc 2015.12-1 41.10 NOTE
r-devel-windows-ix86+x86_64 2015.12-1 5.00 55.00 60.00 OK
r-devel-windows-x86_64-gcc10-UCRT 2015.12-1 OK
r-patched-linux-x86_64 2015.12-1 5.07 30.15 35.22 NOTE
r-patched-solaris-x86 2015.12-1 61.90 NOTE
r-release-linux-x86_64 2015.12-1 2.27 30.23 32.50 NOTE
r-release-macos-x86_64 2015.12-1 OK
r-release-windows-ix86+x86_64 2015.12-1 5.00 52.00 57.00 OK
r-oldrel-macos-x86_64 2015.12-1 OK
r-oldrel-windows-ix86+x86_64 2015.12-1 3.00 45.00 48.00 OK

Check Details

Version: 2015.12-1
Check: for non-standard things in the check directory
Result: NOTE
    Found the following files/directories:
     'tmp.test.data.csv'
Flavors: r-devel-linux-x86_64-debian-clang, r-devel-linux-x86_64-debian-gcc, r-devel-linux-x86_64-fedora-clang, r-devel-linux-x86_64-fedora-gcc, r-patched-linux-x86_64, r-patched-solaris-x86, r-release-linux-x86_64