CRAN Package Check Results for Package tfplot

Last updated on 2020-04-10 01:49:29 CEST.

Flavor Version Tinstall Tcheck Ttotal Status Flags
r-devel-linux-x86_64-debian-clang 2015.12-1 2.64 26.98 29.62 NOTE
r-devel-linux-x86_64-debian-gcc 2015.12-1 2.10 21.65 23.75 NOTE
r-devel-linux-x86_64-fedora-clang 2015.12-1 38.22 NOTE
r-devel-linux-x86_64-fedora-gcc 2015.12-1 35.88 NOTE
r-devel-windows-ix86+x86_64 2015.12-1 6.00 59.00 65.00 OK
r-devel-windows-ix86+x86_64-gcc8 2015.12-1 6.00 44.00 50.00 OK
r-patched-linux-x86_64 2015.12-1 2.70 26.71 29.41 NOTE
r-patched-osx-x86_64 2015.12-1 OK
r-patched-solaris-x86 2015.12-1 57.60 NOTE
r-release-linux-x86_64 2015.12-1 2.06 24.86 26.92 OK
r-release-windows-ix86+x86_64 2015.12-1 5.00 60.00 65.00 OK
r-release-osx-x86_64 2015.12-1 OK
r-oldrel-windows-ix86+x86_64 2015.12-1 4.00 45.00 49.00 OK
r-oldrel-osx-x86_64 2015.12-1 OK

Check Details

Version: 2015.12-1
Check: for non-standard things in the check directory
Result: NOTE
    Found the following files/directories:
     'tmp.test.data.csv'
Flavors: r-devel-linux-x86_64-debian-clang, r-devel-linux-x86_64-debian-gcc, r-devel-linux-x86_64-fedora-clang, r-devel-linux-x86_64-fedora-gcc, r-patched-linux-x86_64, r-patched-solaris-x86