CRAN Package Check Results for Package tfplot

Last updated on 2015-01-28 03:49:27.

Flavor Version Tinstall Tcheck Ttotal Status Flags
r-devel-linux-x86_64-debian-clang 2014.2-2 0.68 13.26 13.94 NOTE
r-devel-linux-x86_64-debian-gcc 2014.2-2 0.67 12.92 13.59 NOTE
r-devel-linux-x86_64-fedora-clang 2014.2-2 32.19 NOTE
r-devel-linux-x86_64-fedora-gcc 2014.2-2 29.63 NOTE
r-devel-osx-x86_64-clang 2014.2-2 33.98 NOTE
r-devel-windows-ix86+x86_64 2014.2-2 3.00 22.00 25.00 NOTE
r-patched-linux-x86_64 2014.2-2 0.70 13.99 14.69 NOTE
r-patched-solaris-sparc 2014.2-2 163.40 NOTE
r-patched-solaris-x86 2014.2-2 41.50 NOTE
r-release-linux-ix86 2014.2-2 0.98 20.22 21.20 NOTE
r-release-linux-x86_64 2014.2-2 0.68 14.48 15.16 NOTE
r-release-osx-x86_64-mavericks 2014.2-2 NOTE
r-release-osx-x86_64-snowleopard 2014.2-2 OK
r-release-windows-ix86+x86_64 2014.2-2 3.00 23.00 26.00 NOTE
r-oldrel-windows-ix86+x86_64 2014.2-2 3.00 25.00 28.00 OK

Check Details

Version: 2014.2-2
Check: dependencies in R code
Result: NOTE
    'library' or 'require' call to ‘googleVis’ in package code.
     Please use :: or requireNamespace() instead.
     See section 'Suggested packages' in the 'Writing R Extensions' manual.
Flavors: r-devel-linux-x86_64-debian-clang, r-devel-linux-x86_64-debian-gcc, r-devel-linux-x86_64-fedora-clang, r-devel-linux-x86_64-fedora-gcc, r-devel-osx-x86_64-clang, r-devel-windows-ix86+x86_64

Version: 2014.2-2
Check: R code for possible problems
Result: NOTE
    tfVisPlot: no visible global function definition for ‘gvisLineChart’
Flavors: r-devel-linux-x86_64-debian-clang, r-devel-linux-x86_64-debian-gcc, r-devel-linux-x86_64-fedora-clang, r-devel-linux-x86_64-fedora-gcc, r-devel-osx-x86_64-clang, r-devel-windows-ix86+x86_64, r-patched-linux-x86_64, r-patched-solaris-sparc, r-patched-solaris-x86, r-release-linux-ix86, r-release-linux-x86_64, r-release-osx-x86_64-mavericks, r-release-windows-ix86+x86_64