CRAN Package Check Results for Package tfplot

Last updated on 2015-07-06 23:48:09.

Flavor Version Tinstall Tcheck Ttotal Status Flags
r-devel-linux-x86_64-debian-clang 2015.4-1 0.59 12.70 13.29 NOTE
r-devel-linux-x86_64-debian-gcc 2015.4-1 0.56 12.57 13.13 NOTE
r-devel-linux-x86_64-fedora-clang 2015.4-1 25.19 NOTE
r-devel-linux-x86_64-fedora-gcc 2015.4-1 24.50 NOTE
r-devel-osx-x86_64-clang 2015.4-1 24.08 OK
r-devel-windows-ix86+x86_64 2015.4-1 5.00 24.00 29.00 NOTE
r-patched-linux-x86_64 2015.4-1 0.69 12.91 13.60 OK
r-patched-solaris-sparc 2015.4-1 157.10 OK
r-patched-solaris-x86 2015.4-1 36.70 OK
r-release-linux-x86_64 2015.4-1 0.73 13.06 13.78 OK
r-release-osx-x86_64-mavericks 2015.4-1 OK
r-release-windows-ix86+x86_64 2015.4-1 5.00 22.00 27.00 OK
r-oldrel-windows-ix86+x86_64 2015.4-1 4.00 26.00 30.00 OK

Check Details

Version: 2015.4-1
Check: R code for possible problems
Result: NOTE
    annualizedGrowth.default: no visible global function definition for
     ‘frequency’
    tfOnePlot: no visible global function definition for ‘as.ts’
    tfOnePlot: no visible global function definition for ‘plot’
    tfOnePlot: no visible global function definition for ‘time’
    tfOnePlot: no visible global function definition for ‘frequency’
    tfOnePlot: no visible global function definition for ‘lines’
    tfOnePlot: no visible global function definition for ‘mtext’
    tfVisPlot: no visible global function definition for ‘time’
    tfVisPlot: no visible global function definition for ‘frequency’
    tfVisPlot: no visible global function definition for ‘cycle’
    tfVisPlot: no visible global function definition for ‘plot’
    tfXaxis: no visible global function definition for ‘time’
    tfXaxis: no visible global function definition for ‘frequency’
    tfXaxis: no visible global function definition for ‘axis’
    tfYaxis: no visible global function definition for ‘par’
    tfYaxis: no visible global function definition for ‘axis’
    tfYaxis: no visible global function definition for ‘as.graphicsAnnot’
    tfplot.default: no visible global function definition for ‘ts’
    tfplot.default: no visible global function definition for ‘plot’
    tsScan: no visible global function definition for ‘ts’
    tsWrite: no visible global function definition for ‘time’
    tsWrite: no visible global function definition for ‘frequency’
    Undefined global functions or variables:
     as.graphicsAnnot as.ts axis cycle frequency lines mtext par plot time
     ts
Flavors: r-devel-linux-x86_64-debian-clang, r-devel-linux-x86_64-debian-gcc, r-devel-linux-x86_64-fedora-clang, r-devel-linux-x86_64-fedora-gcc, r-devel-windows-ix86+x86_64