CRAN Package Check Results for Package tfplot

Last updated on 2014-12-21 11:46:48.

Flavor Version Tinstall Tcheck Ttotal Status Flags
r-devel-linux-x86_64-debian-clang 2014.2-2 0.71 15.28 15.98 NOTE
r-devel-linux-x86_64-debian-gcc 2014.2-2 0.66 13.90 14.56 NOTE
r-devel-linux-x86_64-fedora-clang 2014.2-2 31.08 NOTE
r-devel-linux-x86_64-fedora-gcc 2014.2-2 28.22 NOTE
r-devel-osx-x86_64-clang 2014.2-2 33.39 NOTE
r-devel-windows-ix86+x86_64 2014.2-2 3.00 25.00 28.00 NOTE
r-patched-linux-x86_64 2014.2-2 0.73 14.12 14.84 NOTE
r-patched-solaris-sparc 2014.2-2 176.30 NOTE
r-patched-solaris-x86 2014.2-2 40.60 NOTE
r-release-linux-ix86 2014.2-2 1.02 19.93 20.94 NOTE
r-release-linux-x86_64 2014.2-2 0.69 14.23 14.92 NOTE
r-release-osx-x86_64-mavericks 2014.2-2 OK
r-release-osx-x86_64-snowleopard 2014.2-2 OK
r-release-windows-ix86+x86_64 2014.2-2 3.00 27.00 30.00 NOTE
r-oldrel-windows-ix86+x86_64 2014.2-2 3.00 27.00 30.00 OK

Check Details

Version: 2014.2-2
Check: R code for possible problems
Result: NOTE
    tfVisPlot: no visible global function definition for ‘gvisLineChart’
Flavors: r-devel-linux-x86_64-debian-clang, r-devel-linux-x86_64-debian-gcc, r-devel-linux-x86_64-fedora-clang, r-devel-linux-x86_64-fedora-gcc, r-devel-osx-x86_64-clang, r-devel-windows-ix86+x86_64, r-patched-linux-x86_64, r-patched-solaris-sparc, r-patched-solaris-x86, r-release-linux-ix86, r-release-linux-x86_64, r-release-windows-ix86+x86_64