CRAN Package Check Results for Package tfplot

Last updated on 2014-08-22 03:48:11.

Flavor Version Tinstall Tcheck Ttotal Status Flags
r-devel-linux-x86_64-debian-clang 2014.2-2 0.62 12.93 13.55 OK
r-devel-linux-x86_64-debian-gcc 2014.2-2 0.60 13.11 13.71 OK
r-devel-linux-x86_64-fedora-clang 2014.2-2 30.09 NOTE
r-devel-linux-x86_64-fedora-gcc 2014.2-2 27.83 NOTE
r-devel-osx-x86_64-clang 2014.2-2 30.31 NOTE
r-devel-windows-ix86+x86_64 2014.2-2 2.00 23.00 25.00 OK
r-patched-linux-x86_64 2014.2-2 0.62 13.58 14.20 OK
r-patched-solaris-sparc 2014.2-2 159.80 OK
r-patched-solaris-x86 2014.2-2 42.40 OK
r-release-linux-ix86 2014.2-2 1.00 20.86 21.86 OK
r-release-linux-x86_64 2014.2-2 0.65 13.50 14.15 OK
r-release-osx-x86_64-mavericks 2014.2-2 OK
r-release-osx-x86_64-snowleopard 2014.2-2 OK
r-release-windows-ix86+x86_64 2014.2-2 3.00 23.00 26.00 OK
r-oldrel-windows-ix86+x86_64 2014.2-2 3.00 24.00 27.00 OK

Check Details

Version: 2014.2-2
Check: R code for possible problems
Result: NOTE
    tfVisPlot: no visible global function definition for ‘gvisLineChart’
Flavors: r-devel-linux-x86_64-fedora-clang, r-devel-linux-x86_64-fedora-gcc, r-devel-osx-x86_64-clang