CRAN Package Check Results for Package tfplot

Last updated on 2020-10-19 22:48:50 CEST.

Flavor Version Tinstall Tcheck Ttotal Status Flags
r-devel-linux-x86_64-debian-clang 2015.12-1 2.77 29.08 31.85 NOTE
r-devel-linux-x86_64-debian-gcc 2015.12-1 2.11 22.59 24.70 NOTE
r-devel-linux-x86_64-fedora-clang 2015.12-1 46.98 NOTE
r-devel-linux-x86_64-fedora-gcc 2015.12-1 37.73 NOTE
r-devel-windows-ix86+x86_64 2015.12-1 4.00 37.00 41.00 OK
r-patched-linux-x86_64 2015.12-1 2.69 27.87 30.56 NOTE
r-patched-solaris-x86 2015.12-1 56.10 NOTE
r-release-linux-x86_64 2015.12-1 2.59 27.11 29.70 NOTE
r-release-macos-x86_64 2015.12-1 OK
r-release-windows-ix86+x86_64 2015.12-1 4.00 38.00 42.00 OK
r-oldrel-macos-x86_64 2015.12-1 OK
r-oldrel-windows-ix86+x86_64 2015.12-1 4.00 45.00 49.00 OK

Check Details

Version: 2015.12-1
Check: for non-standard things in the check directory
Result: NOTE
    Found the following files/directories:
     'tmp.test.data.csv'
Flavors: r-devel-linux-x86_64-debian-clang, r-devel-linux-x86_64-debian-gcc, r-devel-linux-x86_64-fedora-clang, r-devel-linux-x86_64-fedora-gcc, r-patched-linux-x86_64, r-patched-solaris-x86, r-release-linux-x86_64