CRAN Package Check Results for Package tfplot

Last updated on 2014-10-21 09:51:42.

Flavor Version Tinstall Tcheck Ttotal Status Flags
r-devel-linux-x86_64-debian-clang 2014.2-2 0.68 14.28 14.96 NOTE
r-devel-linux-x86_64-debian-gcc 2014.2-2 0.66 15.06 15.72 NOTE
r-devel-linux-x86_64-fedora-clang 2014.2-2 30.73 NOTE
r-devel-linux-x86_64-fedora-gcc 2014.2-2 28.97 NOTE
r-devel-osx-x86_64-clang 2014.2-2 33.76 NOTE
r-devel-windows-ix86+x86_64 2014.2-2 2.00 24.00 26.00 NOTE
r-patched-linux-x86_64 2014.2-2 0.74 16.31 17.04 NOTE
r-patched-solaris-sparc 2014.2-2 176.30 NOTE
r-patched-solaris-x86 2014.2-2 40.30 NOTE
r-release-linux-ix86 2014.2-2 0.99 21.33 22.32 OK
r-release-linux-x86_64 2014.2-2 0.66 15.83 16.49 OK
r-release-osx-x86_64-mavericks 2014.2-2 OK
r-release-osx-x86_64-snowleopard 2014.2-2 OK
r-release-windows-ix86+x86_64 2014.2-2 2.00 24.00 26.00 OK
r-oldrel-windows-ix86+x86_64 2014.2-2 3.00 23.00 26.00 OK

Check Details

Version: 2014.2-2
Check: R code for possible problems
Result: NOTE
    tfVisPlot: no visible global function definition for ‘gvisLineChart’
Flavors: r-devel-linux-x86_64-debian-clang, r-devel-linux-x86_64-debian-gcc, r-devel-linux-x86_64-fedora-clang, r-devel-linux-x86_64-fedora-gcc, r-devel-osx-x86_64-clang, r-devel-windows-ix86+x86_64, r-patched-linux-x86_64, r-patched-solaris-sparc, r-patched-solaris-x86