CRAN Package Check Results for Package tframe

Last updated on 2015-08-31 12:48:04.

Flavor Version Tinstall Tcheck Ttotal Status Flags
r-devel-linux-x86_64-debian-clang 2015.1-1 0.75 13.06 13.81 NOTE
r-devel-linux-x86_64-debian-gcc 2015.1-1 0.63 12.37 13.00 NOTE
r-devel-linux-x86_64-fedora-clang 2015.1-1 24.98 NOTE
r-devel-linux-x86_64-fedora-gcc 2015.1-1 23.77 NOTE
r-devel-osx-x86_64-clang 2015.1-1 25.54 OK
r-devel-windows-ix86+x86_64 2015.1-1 3.00 27.00 30.00 NOTE
r-patched-linux-x86_64 2015.1-1 0.72 12.87 13.58 OK
r-patched-solaris-sparc 2015.1-1 172.60 OK
r-patched-solaris-x86 2015.1-1 38.40 OK
r-release-linux-x86_64 2015.1-1 0.73 13.15 13.88 OK
r-release-osx-x86_64-mavericks 2015.1-1 OK
r-release-windows-ix86+x86_64 2015.1-1 3.00 23.00 26.00 OK
r-oldrel-windows-ix86+x86_64 2015.1-1 5.00 26.00 31.00 OK

Check Details

Version: 2015.1-1
Check: R code for possible problems
Result: NOTE
    aggregate.tframed: no visible global function definition for ‘ts’
    as.tframe: no visible global function definition for ‘ts’
    is.tframed.default: no visible global function definition for ‘tsp’
    tbind.ts: no visible global function definition for ‘is.ts’
    tbind.ts: no visible global function definition for ‘ts’
    tfL.default: no visible global function definition for ‘as.ts’
    tfSet.default: no visible global function definition for ‘tsp<-’
    tfSet.tstframe: no visible global function definition for ‘ts’
    tfSet.tstframe: no visible global function definition for ‘tsp<-’
    tfUnSet.default: no visible global function definition for ‘tsp<-’
    tframe.default: no visible global function definition for ‘tsp’
    tframe.ts: no visible global function definition for ‘tsp’
    tfwindow.default: no visible global function definition for ‘ts’
    tfwindow.default: no visible global function definition for ‘window’
    tfwindow.ts: no visible global function definition for ‘window’
    Undefined global functions or variables:
     as.ts is.ts ts tsp tsp<- window
    Consider adding
     importFrom("stats", "as.ts", "is.ts", "ts", "tsp", "tsp<-", "window")
    to your NAMESPACE.
Flavors: r-devel-linux-x86_64-debian-clang, r-devel-linux-x86_64-debian-gcc, r-devel-linux-x86_64-fedora-clang, r-devel-linux-x86_64-fedora-gcc, r-devel-windows-ix86+x86_64