CRAN Package Check Results for Package tframe

Last updated on 2021-04-21 21:50:15 CEST.

Flavor Version Tinstall Tcheck Ttotal Status Flags
r-devel-linux-x86_64-debian-clang 2015.12-1.1 3.00 30.73 33.73 OK
r-devel-linux-x86_64-debian-gcc 2015.12-1.1 2.38 23.83 26.21 OK
r-devel-linux-x86_64-fedora-clang 2015.12-1.1 50.20 OK
r-devel-linux-x86_64-fedora-gcc 2015.12-1.1 40.40 OK
r-devel-windows-ix86+x86_64 2015.12-1.1 6.00 51.00 57.00 OK
r-devel-windows-x86_64-gcc10-UCRT 2015.12-1.1 OK
r-patched-linux-x86_64 2015.12-1.1 3.14 29.50 32.64 WARN
r-patched-solaris-x86 2015.12-1.1 60.80 OK
r-release-linux-x86_64 2015.12-1.1 2.67 29.00 31.67 OK
r-release-macos-x86_64 2015.12-1.1 OK
r-release-windows-ix86+x86_64 2015.12-1.1 5.00 37.00 42.00 OK
r-oldrel-macos-x86_64 2015.12-1.1 OK
r-oldrel-windows-ix86+x86_64 2015.12-1.1 5.00 40.00 45.00 OK

Check Details

Version: 2015.12-1.1
Check: whether package can be installed
Result: WARN
    Found the following significant warnings:
     Rd warning: /tmp/RtmpNDGfGv/R.INSTALL5ef739290df7/tframe/man/tfstart.Rd:87: file link ‘end’ in package ‘stats’ does not exist and so has been treated as a topic
     Rd warning: /tmp/RtmpNDGfGv/R.INSTALL5ef739290df7/tframe/man/tfstart.Rd:88: file link ‘frequency’ in package ‘stats’ does not exist and so has been treated as a topic
Flavor: r-patched-linux-x86_64