CRAN Package Check Results for Package tframePlus

Last updated on 2014-09-02 05:46:47.

Flavor Version Tinstall Tcheck Ttotal Status Flags
r-devel-linux-x86_64-debian-clang 2013.9-1 2.50 41.89 44.39 NOTE
r-devel-linux-x86_64-debian-gcc 2013.9-1 2.31 39.49 41.80 NOTE
r-devel-linux-x86_64-fedora-clang 2013.9-1 93.01 NOTE
r-devel-linux-x86_64-fedora-gcc 2013.9-1 89.68 NOTE
r-devel-osx-x86_64-clang 2013.9-1 78.31 NOTE
r-devel-windows-ix86+x86_64 2013.9-1 6.00 64.00 70.00 NOTE
r-patched-linux-x86_64 2013.9-1 2.49 42.70 45.19 OK
r-patched-solaris-sparc 2013.9-1 542.40 OK
r-patched-solaris-x86 2013.9-1 118.20 OK
r-release-linux-ix86 2013.9-1 3.01 58.44 61.45 OK
r-release-linux-x86_64 2013.9-1 2.51 43.96 46.46 OK
r-release-osx-x86_64-mavericks 2013.9-1 OK
r-release-osx-x86_64-snowleopard 2013.9-1 OK
r-release-windows-ix86+x86_64 2013.9-1 7.00 64.00 71.00 OK
r-oldrel-windows-ix86+x86_64 2013.9-1 8.00 63.00 71.00 OK

Check Details

Version: 2013.9-1
Check: R code for possible problems
Result: NOTE
    TSwriteXLS: no visible global function definition for ‘testPerl’
    TSwriteXLS: no visible global function definition for ‘WriteXLS’
    as.weekly: no visible global function definition for ‘zoo’
    tfExpand.timeSeries: no visible global function definition for
     ‘coredata’
    tfExpand.xts: no visible global function definition for ‘coredata’
    tfExpand.xts: no visible global function definition for ‘xts’
    tfExpand.zoo: no visible global function definition for ‘coredata’
    tfExpand.zoo: no visible global function definition for ‘zoo’
    tfUnSet.xts: no visible global function definition for ‘coredata’
    tframe.xts: no visible global function definition for ‘index’
    tfwindow: no visible global function definition for ‘tfstart’
    tfwindow: no visible global function definition for ‘tfend’
    tfExpand,timeSeries: no visible global function definition for
     ‘coredata’
Flavors: r-devel-linux-x86_64-debian-clang, r-devel-linux-x86_64-debian-gcc, r-devel-linux-x86_64-fedora-clang, r-devel-linux-x86_64-fedora-gcc, r-devel-osx-x86_64-clang, r-devel-windows-ix86+x86_64