CRAN Package Check Results for Package tframePlus

Last updated on 2016-05-30 13:47:50.

Flavor Version Tinstall Tcheck Ttotal Status Flags
r-devel-linux-x86_64-debian-gcc 2015.1-2 1.70 33.42 35.12 NOTE
r-devel-linux-x86_64-fedora-clang 2015.1-2 68.15 NOTE
r-devel-linux-x86_64-fedora-gcc 2015.1-2 64.79 NOTE
r-devel-osx-x86_64-clang 2015.1-2 76.75 NOTE
r-devel-windows-ix86+x86_64 2015.1-2 5.00 64.00 69.00 NOTE
r-patched-linux-x86_64 2015.1-2 1.79 33.28 35.07 NOTE
r-patched-solaris-sparc 2015.1-2 414.70 NOTE
r-patched-solaris-x86 2015.1-2 86.90 NOTE
r-release-linux-x86_64 2015.1-2 1.60 32.53 34.13 NOTE
r-release-osx-x86_64-mavericks 2015.1-2 NOTE
r-release-windows-ix86+x86_64 2015.1-2 7.00 67.00 74.00 NOTE
r-oldrel-windows-ix86+x86_64 2015.1-2 5.00 83.00 88.00 OK

Check Details

Version: 2015.1-2
Check: R code for possible problems
Result: NOTE
    TSwriteCSV: no visible global function definition for ‘cycle’
    TSwriteCSV: no visible global function definition for ‘write.csv’
    TSwriteXLS: no visible global function definition for ‘cycle’
    changeTSrepresentation: no visible global function definition for
     ‘as.ts’
    tfL.timeSeries: no visible global function definition for ‘lag’
    tfL.xts: no visible global function definition for ‘lag’
    tfL.zoo: no visible global function definition for ‘lag’
    tfpersp: no visible global function definition for ‘persp’
    tfwindow.timeSeries: no visible global function definition for ‘window’
    tfwindow.tis: no visible global function definition for ‘window’
    tfwindow.xts: no visible global function definition for ‘window’
    tfwindow.zoo: no visible global function definition for ‘window’
    tfL,timeSeries: no visible global function definition for ‘lag’
    tfwindow,timeSeries: no visible global function definition for ‘window’
    Undefined global functions or variables:
     as.ts cycle lag persp window write.csv
    Consider adding
     importFrom("graphics", "persp")
     importFrom("stats", "as.ts", "cycle", "lag", "window")
     importFrom("utils", "write.csv")
    to your NAMESPACE file.
Flavors: r-devel-linux-x86_64-debian-gcc, r-devel-linux-x86_64-fedora-clang, r-devel-linux-x86_64-fedora-gcc, r-devel-osx-x86_64-clang, r-devel-windows-ix86+x86_64, r-patched-linux-x86_64, r-patched-solaris-sparc, r-patched-solaris-x86, r-release-linux-x86_64, r-release-osx-x86_64-mavericks, r-release-windows-ix86+x86_64