CRAN Package Check Results for Package tframePlus

Last updated on 2015-01-28 15:47:24.

Flavor Version Tinstall Tcheck Ttotal Status Flags
r-devel-linux-x86_64-debian-clang 2013.9-1 2.12 39.63 41.76 NOTE
r-devel-linux-x86_64-debian-gcc 2013.9-1 2.74 36.57 39.31 NOTE
r-devel-linux-x86_64-fedora-clang 2013.9-1 100.51 NOTE
r-devel-linux-x86_64-fedora-gcc 2013.9-1 89.70 NOTE
r-devel-osx-x86_64-clang 2013.9-1 83.72 NOTE
r-devel-windows-ix86+x86_64 2013.9-1 8.00 62.00 70.00 NOTE
r-patched-linux-x86_64 2013.9-1 2.42 42.27 44.69 NOTE
r-patched-solaris-sparc 2013.9-1 525.80 NOTE
r-patched-solaris-x86 2013.9-1 116.40 NOTE
r-release-linux-ix86 2013.9-1 2.93 50.83 53.76 NOTE
r-release-linux-x86_64 2013.9-1 2.40 42.54 44.94 NOTE
r-release-osx-x86_64-mavericks 2013.9-1 NOTE
r-release-osx-x86_64-snowleopard 2013.9-1 OK
r-release-windows-ix86+x86_64 2013.9-1 7.00 65.00 72.00 NOTE
r-oldrel-windows-ix86+x86_64 2013.9-1 7.00 69.00 76.00 OK

Check Details

Version: 2013.9-1
Check: dependencies in R code
Result: NOTE
    'library' or 'require' calls in package code:
     ‘WriteXLS’ ‘tis’ ‘zoo’
     Please use :: or requireNamespace() instead.
     See section 'Suggested packages' in the 'Writing R Extensions' manual.
Flavors: r-devel-linux-x86_64-debian-clang, r-devel-linux-x86_64-debian-gcc, r-devel-linux-x86_64-fedora-clang, r-devel-linux-x86_64-fedora-gcc, r-devel-osx-x86_64-clang, r-devel-windows-ix86+x86_64

Version: 2013.9-1
Check: R code for possible problems
Result: NOTE
    TSwriteXLS: no visible global function definition for ‘testPerl’
    TSwriteXLS: no visible global function definition for ‘WriteXLS’
    as.weekly: no visible global function definition for ‘zoo’
    tfExpand.timeSeries: no visible global function definition for
     ‘coredata’
    tfExpand.xts: no visible global function definition for ‘coredata’
    tfExpand.xts: no visible global function definition for ‘xts’
    tfExpand.zoo: no visible global function definition for ‘coredata’
    tfExpand.zoo: no visible global function definition for ‘zoo’
    tfUnSet.xts: no visible global function definition for ‘coredata’
    tframe.xts: no visible global function definition for ‘index’
    tfwindow: no visible global function definition for ‘tfstart’
    tfwindow: no visible global function definition for ‘tfend’
    tfExpand,timeSeries: no visible global function definition for
     ‘coredata’
Flavors: r-devel-linux-x86_64-debian-clang, r-devel-linux-x86_64-debian-gcc, r-devel-linux-x86_64-fedora-clang, r-devel-linux-x86_64-fedora-gcc, r-devel-osx-x86_64-clang, r-devel-windows-ix86+x86_64, r-patched-linux-x86_64, r-patched-solaris-sparc, r-patched-solaris-x86, r-release-linux-ix86, r-release-linux-x86_64, r-release-osx-x86_64-mavericks, r-release-windows-ix86+x86_64