Last updated on 2021-04-22 11:50:34 CEST.
Flavor | Version | Tinstall | Tcheck | Ttotal | Status | Flags |
---|---|---|---|---|---|---|
r-devel-linux-x86_64-debian-clang | 2016.7-1 | 5.28 | 65.93 | 71.21 | OK | |
r-devel-linux-x86_64-debian-gcc | 2016.7-1 | 3.99 | 49.25 | 53.24 | OK | |
r-devel-linux-x86_64-fedora-clang | 2016.7-1 | 92.42 | OK | |||
r-devel-linux-x86_64-fedora-gcc | 2016.7-1 | 82.41 | OK | |||
r-devel-windows-ix86+x86_64 | 2016.7-1 | 12.00 | 94.00 | 106.00 | OK | |
r-devel-windows-x86_64-gcc10-UCRT | 2016.7-1 | OK | ||||
r-patched-linux-x86_64 | 2016.7-1 | 5.57 | 60.72 | 66.29 | WARN | |
r-patched-solaris-x86 | 2016.7-1 | 119.30 | OK | |||
r-release-linux-x86_64 | 2016.7-1 | 4.97 | 60.81 | 65.78 | OK | |
r-release-macos-x86_64 | 2016.7-1 | OK | ||||
r-release-windows-ix86+x86_64 | 2016.7-1 | 12.00 | 93.00 | 105.00 | OK | |
r-oldrel-macos-x86_64 | 2016.7-1 | OK | ||||
r-oldrel-windows-ix86+x86_64 | 2016.7-1 | 9.00 | 82.00 | 91.00 | OK |
Version: 2016.7-1
Check: whether package can be installed
Result: WARN
Found the following significant warnings:
Rd warning: /tmp/RtmpEextMr/R.INSTALL52762fc7cb20/tframePlus/man/timeSeries.Rd:71: file link ‘tfend’ in package ‘tframe’ does not exist and so has been treated as a topic
Rd warning: /tmp/RtmpEextMr/R.INSTALL52762fc7cb20/tframePlus/man/timeSeries.Rd:72: file link ‘tftime’ in package ‘tframe’ does not exist and so has been treated as a topic
Rd warning: /tmp/RtmpEextMr/R.INSTALL52762fc7cb20/tframePlus/man/timeSeries.Rd:74: file link ‘time.tframed’ in package ‘tframe’ does not exist and so has been treated as a topic
Rd warning: /tmp/RtmpEextMr/R.INSTALL52762fc7cb20/tframePlus/man/tis.Rd:44: file link ‘tfend’ in package ‘tframe’ does not exist and so has been treated as a topic
Rd warning: /tmp/RtmpEextMr/R.INSTALL52762fc7cb20/tframePlus/man/tis.Rd:45: file link ‘tftime’ in package ‘tframe’ does not exist and so has been treated as a topic
Rd warning: /tmp/RtmpEextMr/R.INSTALL52762fc7cb20/tframePlus/man/tis.Rd:47: file link ‘time.tframed’ in package ‘tframe’ does not exist and so has been treated as a topic
Rd warning: /tmp/RtmpEextMr/R.INSTALL52762fc7cb20/tframePlus/man/xts.Rd:51: file link ‘tfend’ in package ‘tframe’ does not exist and so has been treated as a topic
Rd warning: /tmp/RtmpEextMr/R.INSTALL52762fc7cb20/tframePlus/man/xts.Rd:52: file link ‘tftime’ in package ‘tframe’ does not exist and so has been treated as a topic
Rd warning: /tmp/RtmpEextMr/R.INSTALL52762fc7cb20/tframePlus/man/xts.Rd:54: file link ‘time.tframed’ in package ‘tframe’ does not exist and so has been treated as a topic
Rd warning: /tmp/RtmpEextMr/R.INSTALL52762fc7cb20/tframePlus/man/zoo.Rd:55: file link ‘tfend’ in package ‘tframe’ does not exist and so has been treated as a topic
Rd warning: /tmp/RtmpEextMr/R.INSTALL52762fc7cb20/tframePlus/man/zoo.Rd:56: file link ‘tftime’ in package ‘tframe’ does not exist and so has been treated as a topic
Rd warning: /tmp/RtmpEextMr/R.INSTALL52762fc7cb20/tframePlus/man/zoo.Rd:58: file link ‘time.tframed’ in package ‘tframe’ does not exist and so has been treated as a topic
Flavor: r-patched-linux-x86_64