CRAN Package Check Results for Package tframePlus

Last updated on 2016-07-24 14:48:19.

Flavor Version Tinstall Tcheck Ttotal Status Flags
r-devel-linux-x86_64-debian-clang 2015.1-2 1.92 39.73 41.65 NOTE
r-devel-linux-x86_64-debian-gcc 2015.1-2 2.14 38.88 41.02 NOTE
r-devel-linux-x86_64-fedora-clang 2015.1-2 68.86 NOTE
r-devel-linux-x86_64-fedora-gcc 2015.1-2 67.03 NOTE
r-devel-osx-x86_64-clang 2015.1-2 57.22 NOTE
r-devel-windows-ix86+x86_64 2015.1-2 5.00 70.00 75.00 NOTE
r-patched-linux-x86_64 2015.1-2 1.84 38.17 40.01 NOTE
r-patched-solaris-sparc 2015.1-2 415.70 NOTE
r-patched-solaris-x86 2015.1-2 85.30 NOTE
r-release-linux-x86_64 2015.1-2 1.98 37.99 39.97 NOTE
r-release-osx-x86_64-mavericks 2015.1-2 NOTE
r-release-windows-ix86+x86_64 2015.1-2 4.00 66.00 70.00 NOTE
r-oldrel-windows-ix86+x86_64 2015.1-2 7.00 68.00 75.00 OK

Check Details

Version: 2015.1-2
Check: R code for possible problems
Result: NOTE
    TSwriteCSV: no visible global function definition for ‘cycle’
    TSwriteCSV: no visible global function definition for ‘write.csv’
    TSwriteXLS: no visible global function definition for ‘cycle’
    changeTSrepresentation: no visible global function definition for
     ‘as.ts’
    tfL.timeSeries: no visible global function definition for ‘lag’
    tfL.xts: no visible global function definition for ‘lag’
    tfL.zoo: no visible global function definition for ‘lag’
    tfpersp: no visible global function definition for ‘persp’
    tfwindow.timeSeries: no visible global function definition for ‘window’
    tfwindow.tis: no visible global function definition for ‘window’
    tfwindow.xts: no visible global function definition for ‘window’
    tfwindow.zoo: no visible global function definition for ‘window’
    tfL,timeSeries: no visible global function definition for ‘lag’
    tfwindow,timeSeries: no visible global function definition for ‘window’
    Undefined global functions or variables:
     as.ts cycle lag persp window write.csv
    Consider adding
     importFrom("graphics", "persp")
     importFrom("stats", "as.ts", "cycle", "lag", "window")
     importFrom("utils", "write.csv")
    to your NAMESPACE file.
Flavors: r-devel-linux-x86_64-debian-clang, r-devel-linux-x86_64-debian-gcc, r-devel-linux-x86_64-fedora-clang, r-devel-linux-x86_64-fedora-gcc, r-devel-osx-x86_64-clang, r-devel-windows-ix86+x86_64, r-patched-linux-x86_64, r-patched-solaris-sparc, r-patched-solaris-x86, r-release-linux-x86_64, r-release-osx-x86_64-mavericks, r-release-windows-ix86+x86_64