CRAN Package Check Results for Package tframePlus

Last updated on 2015-07-06 03:48:08.

Flavor Version Tinstall Tcheck Ttotal Status Flags
r-devel-linux-x86_64-debian-clang 2015.1-2 1.82 33.94 35.76 NOTE
r-devel-linux-x86_64-debian-gcc 2015.1-2 1.68 32.17 33.85 NOTE
r-devel-linux-x86_64-fedora-clang 2015.1-2 72.39 NOTE
r-devel-linux-x86_64-fedora-gcc 2015.1-2 69.67 NOTE
r-devel-osx-x86_64-clang 2015.1-2 58.93 OK
r-devel-windows-ix86+x86_64 2015.1-2 8.00 59.00 67.00 NOTE
r-patched-linux-x86_64 2015.1-2 1.71 33.06 34.77 OK
r-patched-solaris-sparc 2015.1-2 441.70 OK
r-patched-solaris-x86 2015.1-2 93.00 OK
r-release-linux-x86_64 2015.1-2 1.70 33.25 34.96 OK
r-release-osx-x86_64-mavericks 2015.1-2 OK
r-release-windows-ix86+x86_64 2015.1-2 8.00 56.00 64.00 OK
r-oldrel-windows-ix86+x86_64 2015.1-2 11.00 77.00 88.00 NOTE

Check Details

Version: 2015.1-2
Check: R code for possible problems
Result: NOTE
    TSwriteCSV: no visible global function definition for ‘cycle’
    TSwriteCSV: no visible global function definition for ‘write.csv’
    TSwriteXLS: no visible global function definition for ‘cycle’
    changeTSrepresentation: no visible global function definition for
     ‘as.ts’
    tfL.timeSeries: no visible global function definition for ‘lag’
    tfL.xts: no visible global function definition for ‘lag’
    tfL.zoo: no visible global function definition for ‘lag’
    tfpersp: no visible global function definition for ‘persp’
    tfwindow.timeSeries: no visible global function definition for ‘window’
    tfwindow.tis: no visible global function definition for ‘window’
    tfwindow.xts: no visible global function definition for ‘window’
    tfwindow.zoo: no visible global function definition for ‘window’
    tfL,timeSeries: no visible global function definition for ‘lag’
    tfwindow,timeSeries: no visible global function definition for ‘window’
    Undefined global functions or variables:
     as.ts cycle lag persp window write.csv
Flavors: r-devel-linux-x86_64-debian-clang, r-devel-linux-x86_64-debian-gcc, r-devel-linux-x86_64-fedora-clang, r-devel-linux-x86_64-fedora-gcc, r-devel-windows-ix86+x86_64

Version: 2015.1-2
Check: R code for possible problems
Result: NOTE
    tfwindow: no visible global function definition for 'tfstart'
    tfwindow: no visible global function definition for 'tfend'
Flavor: r-oldrel-windows-ix86+x86_64