CRAN Package Check Results for Package tframePlus

Last updated on 2014-04-24 23:48:14.

Flavor Version Tinstall Tcheck Ttotal Status Flags
r-devel-linux-x86_64-debian-clang 2013.9-1 2.68 47.29 49.97 OK
r-devel-linux-x86_64-debian-gcc 2013.9-1 2.68 44.65 47.33 OK
r-devel-linux-x86_64-fedora-clang 2013.9-1 101.06 OK
r-devel-linux-x86_64-fedora-gcc 2013.9-1 94.21 OK
r-devel-osx-x86_64-clang 2013.9-1 85.51 OK
r-devel-osx-x86_64-gcc 2013.9-1 ERROR
r-devel-windows-ix86+x86_64 2013.9-1 6.00 67.00 73.00 OK
r-patched-linux-x86_64 2013.9-1 2.58 44.15 46.74 OK
r-patched-solaris-sparc 2013.9-1 557.00 OK
r-patched-solaris-x86 2013.9-1 121.00 OK
r-release-linux-ix86 2013.9-1 4.00 74.00 78.00 OK
r-release-linux-x86_64 2013.9-1 2.68 44.62 47.30 OK
r-release-osx-x86_64-mavericks 2013.9-1 WARN
r-release-osx-x86_64-snowleopard 2013.9-1 OK
r-release-windows-ix86+x86_64 2013.9-1 6.00 63.00 69.00 OK
r-oldrel-windows-ix86+x86_64 2013.9-1 7.00 62.00 69.00 OK

Check Details

Version: 2013.9-1
Check: package dependencies
Result: NOTE
    Packages suggested but not available for checking: ‘zoo’ ‘xts’ ‘its’
Flavor: r-devel-osx-x86_64-gcc

Version: 2013.9-1
Check: R code for possible problems
Result: NOTE
    as.weekly: no visible global function definition for ‘zoo’
    tfExpand.timeSeries: no visible global function definition for
     ‘coredata’
    tfExpand.xts: no visible global function definition for ‘coredata’
    tfExpand.xts: no visible global function definition for ‘xts’
    tfExpand.zoo: no visible global function definition for ‘coredata’
    tfExpand.zoo: no visible global function definition for ‘zoo’
    tfUnSet.xts: no visible global function definition for ‘coredata’
    tframe.xts: no visible global function definition for ‘index’
    tfExpand,timeSeries: no visible global function definition for
     ‘coredata’
Flavor: r-devel-osx-x86_64-gcc

Version: 2013.9-1
Check: tests
Result: ERROR
    Running the tests in ‘tests/its.R’ failed.
    Last 13 lines of output:
    
     > require("tframePlus")
     Loading required package: tframePlus
     Loading required package: tframe
     > require("tfplot")
     Loading required package: tfplot
     > if(!require("its")) stop("its not available, tests failed.")
     Loading required package: its
     Error: its not available, tests failed.
     In addition: Warning message:
     In library(package, lib.loc = lib.loc, character.only = TRUE, logical.return = TRUE, :
     there is no package called 'its'
     Execution halted
Flavor: r-devel-osx-x86_64-gcc

Version: 2013.9-1
Check: PDF version of manual
Result: WARNING
    LaTeX errors when creating PDF version.
    This typically indicates Rd problems.
    LaTeX errors found:
    ! LaTeX Error: File `upquote.sty' not found.
    
    Type X to quit or <RETURN> to proceed,
    or enter new name. (Default extension: sty)
    
    f5bfa0e/Rd2.tex:8: ==> Fatal error occurred, no output PDF file produced!
Flavor: r-release-osx-x86_64-mavericks