CRAN Package Check Results for Package tframePlus

Last updated on 2016-02-08 03:47:08.

Flavor Version Tinstall Tcheck Ttotal Status Flags
r-devel-linux-x86_64-debian-gcc 2015.1-2 1.61 30.15 31.76 NOTE
r-devel-linux-x86_64-fedora-clang 2015.1-2 63.87 NOTE
r-devel-linux-x86_64-fedora-gcc 2015.1-2 61.52 NOTE
r-devel-osx-x86_64-clang 2015.1-2 72.81 NOTE
r-devel-windows-ix86+x86_64 2015.1-2 8.00 60.00 68.00 NOTE
r-patched-linux-x86_64 2015.1-2 1.80 33.70 35.50 OK
r-patched-solaris-sparc 2015.1-2 428.60 OK
r-patched-solaris-x86 2015.1-2 85.50 OK
r-release-linux-x86_64 2015.1-2 2.07 33.78 35.85 OK
r-release-osx-x86_64-mavericks 2015.1-2 OK
r-release-windows-ix86+x86_64 2015.1-2 7.00 66.00 73.00 OK
r-oldrel-windows-ix86+x86_64 2015.1-2 11.00 79.00 90.00 NOTE

Check Details

Version: 2015.1-2
Check: R code for possible problems
Result: NOTE
    TSwriteCSV: no visible global function definition for ‘cycle’
    TSwriteCSV: no visible global function definition for ‘write.csv’
    TSwriteXLS: no visible global function definition for ‘cycle’
    changeTSrepresentation: no visible global function definition for
     ‘as.ts’
    tfL.timeSeries: no visible global function definition for ‘lag’
    tfL.xts: no visible global function definition for ‘lag’
    tfL.zoo: no visible global function definition for ‘lag’
    tfpersp: no visible global function definition for ‘persp’
    tfwindow.timeSeries: no visible global function definition for ‘window’
    tfwindow.tis: no visible global function definition for ‘window’
    tfwindow.xts: no visible global function definition for ‘window’
    tfwindow.zoo: no visible global function definition for ‘window’
    tfL,timeSeries: no visible global function definition for ‘lag’
    tfwindow,timeSeries: no visible global function definition for ‘window’
    Undefined global functions or variables:
     as.ts cycle lag persp window write.csv
    Consider adding
     importFrom("graphics", "persp")
     importFrom("stats", "as.ts", "cycle", "lag", "window")
     importFrom("utils", "write.csv")
    to your NAMESPACE file.
Flavors: r-devel-linux-x86_64-debian-gcc, r-devel-linux-x86_64-fedora-clang, r-devel-linux-x86_64-fedora-gcc, r-devel-osx-x86_64-clang, r-devel-windows-ix86+x86_64

Version: 2015.1-2
Check: R code for possible problems
Result: NOTE
    tfwindow: no visible global function definition for 'tfstart'
    tfwindow: no visible global function definition for 'tfend'
Flavor: r-oldrel-windows-ix86+x86_64