CRAN Package Check Results for Package tframePlus

Last updated on 2015-09-01 05:48:40.

Flavor Version Tinstall Tcheck Ttotal Status Flags
r-devel-linux-x86_64-debian-clang 2015.1-2 1.68 31.70 33.37 NOTE
r-devel-linux-x86_64-debian-gcc 2015.1-2 1.62 30.98 32.60 NOTE
r-devel-linux-x86_64-fedora-clang 2015.1-2 68.86 NOTE
r-devel-linux-x86_64-fedora-gcc 2015.1-2 65.24 NOTE
r-devel-osx-x86_64-clang 2015.1-2 56.40 OK
r-devel-windows-ix86+x86_64 2015.1-2 8.00 90.00 98.00 NOTE
r-patched-linux-x86_64 2015.1-2 1.74 33.13 34.87 OK
r-patched-solaris-sparc 2015.1-2 449.00 OK
r-patched-solaris-x86 2015.1-2 95.30 OK
r-release-linux-x86_64 2015.1-2 2.44 33.29 35.73 OK
r-release-osx-x86_64-mavericks 2015.1-2 OK
r-release-windows-ix86+x86_64 2015.1-2 8.00 60.00 68.00 OK
r-oldrel-windows-ix86+x86_64 2015.1-2 10.00 80.00 90.00 NOTE

Check Details

Version: 2015.1-2
Check: R code for possible problems
Result: NOTE
    TSwriteCSV: no visible global function definition for ‘cycle’
    TSwriteCSV: no visible global function definition for ‘write.csv’
    TSwriteXLS: no visible global function definition for ‘cycle’
    changeTSrepresentation: no visible global function definition for
     ‘as.ts’
    tfL.timeSeries: no visible global function definition for ‘lag’
    tfL.xts: no visible global function definition for ‘lag’
    tfL.zoo: no visible global function definition for ‘lag’
    tfpersp: no visible global function definition for ‘persp’
    tfwindow.timeSeries: no visible global function definition for ‘window’
    tfwindow.tis: no visible global function definition for ‘window’
    tfwindow.xts: no visible global function definition for ‘window’
    tfwindow.zoo: no visible global function definition for ‘window’
    tfL,timeSeries: no visible global function definition for ‘lag’
    tfwindow,timeSeries: no visible global function definition for ‘window’
    Undefined global functions or variables:
     as.ts cycle lag persp window write.csv
    Consider adding
     importFrom("graphics", "persp")
     importFrom("stats", "as.ts", "cycle", "lag", "window")
     importFrom("utils", "write.csv")
    to your NAMESPACE.
Flavors: r-devel-linux-x86_64-debian-clang, r-devel-linux-x86_64-debian-gcc, r-devel-linux-x86_64-fedora-clang, r-devel-linux-x86_64-fedora-gcc, r-devel-windows-ix86+x86_64

Version: 2015.1-2
Check: R code for possible problems
Result: NOTE
    tfwindow: no visible global function definition for 'tfstart'
    tfwindow: no visible global function definition for 'tfend'
Flavor: r-oldrel-windows-ix86+x86_64