CRAN Package Check Results for Package tframePlus

Last updated on 2015-04-27 08:48:28.

Flavor Version Tinstall Tcheck Ttotal Status Flags
r-devel-linux-x86_64-debian-clang 2013.9-1 1.76 32.82 34.57 NOTE
r-devel-linux-x86_64-debian-gcc 2013.9-1 2.46 33.24 35.70 NOTE
r-devel-linux-x86_64-fedora-clang 2013.9-1 72.46 NOTE
r-devel-linux-x86_64-fedora-gcc 2013.9-1 67.20 NOTE
r-devel-osx-x86_64-clang 2013.9-1 67.28 NOTE
r-devel-windows-ix86+x86_64 2013.9-1 6.00 58.00 64.00 NOTE
r-patched-linux-x86_64 2013.9-1 1.69 32.47 34.16 NOTE
r-patched-solaris-sparc 2013.9-1 442.30 NOTE
r-patched-solaris-x86 2013.9-1 89.80 NOTE
r-release-linux-x86_64 2013.9-1 1.73 32.76 34.49 NOTE
r-release-osx-x86_64-mavericks 2013.9-1 NOTE
r-release-osx-x86_64-snowleopard 2013.9-1 ERROR
r-release-windows-ix86+x86_64 2013.9-1 5.00 55.00 60.00 NOTE
r-oldrel-windows-ix86+x86_64 2013.9-1 6.00 58.00 64.00 NOTE

Check Details

Version: 2013.9-1
Check: dependencies in R code
Result: NOTE
    'library' or 'require' calls in package code:
     ‘WriteXLS’ ‘tis’ ‘zoo’
     Please use :: or requireNamespace() instead.
     See section 'Suggested packages' in the 'Writing R Extensions' manual.
Flavors: r-devel-linux-x86_64-debian-clang, r-devel-linux-x86_64-debian-gcc, r-devel-linux-x86_64-fedora-clang, r-devel-linux-x86_64-fedora-gcc, r-devel-osx-x86_64-clang, r-devel-windows-ix86+x86_64, r-patched-solaris-sparc, r-patched-solaris-x86, r-release-osx-x86_64-mavericks, r-release-osx-x86_64-snowleopard, r-release-windows-ix86+x86_64, r-oldrel-windows-ix86+x86_64

Version: 2013.9-1
Check: R code for possible problems
Result: NOTE
    TSwriteXLS: no visible global function definition for ‘testPerl’
    TSwriteXLS: no visible global function definition for ‘WriteXLS’
    as.weekly: no visible global function definition for ‘zoo’
    tfExpand.timeSeries: no visible global function definition for
     ‘coredata’
    tfExpand.xts: no visible global function definition for ‘coredata’
    tfExpand.xts: no visible global function definition for ‘xts’
    tfExpand.zoo: no visible global function definition for ‘coredata’
    tfExpand.zoo: no visible global function definition for ‘zoo’
    tfUnSet.xts: no visible global function definition for ‘coredata’
    tframe.xts: no visible global function definition for ‘index’
    tfExpand,timeSeries: no visible global function definition for
     ‘coredata’
Flavors: r-devel-linux-x86_64-debian-clang, r-devel-linux-x86_64-debian-gcc, r-devel-linux-x86_64-fedora-clang, r-devel-linux-x86_64-fedora-gcc, r-devel-osx-x86_64-clang, r-devel-windows-ix86+x86_64, r-patched-solaris-sparc, r-patched-solaris-x86, r-release-osx-x86_64-mavericks, r-release-osx-x86_64-snowleopard, r-release-windows-ix86+x86_64

Version: 2013.9-1
Check: package dependencies
Result: NOTE
    Packages suggested but not available for checking: ‘zoo’ ‘xts’ ‘its’
Flavor: r-release-osx-x86_64-snowleopard

Version: 2013.9-1
Check: tests
Result: ERROR
    Running the tests in ‘tests/its.R’ failed.
    Last 13 lines of output:
    
     > require("tframePlus")
     Loading required package: tframePlus
     Loading required package: tframe
     > require("tfplot")
     Loading required package: tfplot
     > if(!require("its")) stop("its not available, tests failed.")
     Loading required package: its
     Error: its not available, tests failed.
     In addition: Warning message:
     In library(package, lib.loc = lib.loc, character.only = TRUE, logical.return = TRUE, :
     there is no package called 'its'
     Execution halted
Flavor: r-release-osx-x86_64-snowleopard

Version: 2013.9-1
Check: R code for possible problems
Result: NOTE
    TSwriteXLS: no visible global function definition for 'testPerl'
    TSwriteXLS: no visible global function definition for 'WriteXLS'
    as.weekly: no visible global function definition for 'zoo'
    tfExpand.timeSeries: no visible global function definition for
     'coredata'
    tfExpand.xts: no visible global function definition for 'coredata'
    tfExpand.xts: no visible global function definition for 'xts'
    tfExpand.zoo: no visible global function definition for 'coredata'
    tfExpand.zoo: no visible global function definition for 'zoo'
    tfUnSet.xts: no visible global function definition for 'coredata'
    tframe.xts: no visible global function definition for 'index'
    tfwindow: no visible global function definition for 'tfstart'
    tfwindow: no visible global function definition for 'tfend'
    tfExpand,timeSeries: no visible global function definition for
     'coredata'
Flavor: r-oldrel-windows-ix86+x86_64