CRAN Package Check Results for Package tframePlus

Last updated on 2016-06-28 14:48:44.

Flavor Version Tinstall Tcheck Ttotal Status Flags
r-devel-linux-x86_64-debian-gcc 2015.1-2 1.58 33.16 34.74 NOTE
r-devel-linux-x86_64-fedora-clang 2015.1-2 69.80 NOTE
r-devel-linux-x86_64-fedora-gcc 2015.1-2 65.10 NOTE
r-devel-osx-x86_64-clang 2015.1-2 55.33 NOTE
r-devel-windows-ix86+x86_64 2015.1-2 8.00 93.00 101.00 NOTE
r-patched-linux-x86_64 2015.1-2 1.63 34.42 36.05 NOTE
r-patched-solaris-sparc 2015.1-2 415.70 NOTE
r-patched-solaris-x86 2015.1-2 86.50 NOTE
r-release-linux-x86_64 2015.1-2 1.64 32.48 34.12 NOTE
r-release-osx-x86_64-mavericks 2015.1-2 NOTE
r-release-windows-ix86+x86_64 2015.1-2 8.00 101.00 109.00 NOTE
r-oldrel-windows-ix86+x86_64 2015.1-2 8.00 63.00 71.00 OK

Check Details

Version: 2015.1-2
Check: R code for possible problems
Result: NOTE
    TSwriteCSV: no visible global function definition for ‘cycle’
    TSwriteCSV: no visible global function definition for ‘write.csv’
    TSwriteXLS: no visible global function definition for ‘cycle’
    changeTSrepresentation: no visible global function definition for
     ‘as.ts’
    tfL.timeSeries: no visible global function definition for ‘lag’
    tfL.xts: no visible global function definition for ‘lag’
    tfL.zoo: no visible global function definition for ‘lag’
    tfpersp: no visible global function definition for ‘persp’
    tfwindow.timeSeries: no visible global function definition for ‘window’
    tfwindow.tis: no visible global function definition for ‘window’
    tfwindow.xts: no visible global function definition for ‘window’
    tfwindow.zoo: no visible global function definition for ‘window’
    tfL,timeSeries: no visible global function definition for ‘lag’
    tfwindow,timeSeries: no visible global function definition for ‘window’
    Undefined global functions or variables:
     as.ts cycle lag persp window write.csv
    Consider adding
     importFrom("graphics", "persp")
     importFrom("stats", "as.ts", "cycle", "lag", "window")
     importFrom("utils", "write.csv")
    to your NAMESPACE file.
Flavors: r-devel-linux-x86_64-debian-gcc, r-devel-linux-x86_64-fedora-clang, r-devel-linux-x86_64-fedora-gcc, r-devel-osx-x86_64-clang, r-devel-windows-ix86+x86_64, r-patched-linux-x86_64, r-patched-solaris-sparc, r-patched-solaris-x86, r-release-linux-x86_64, r-release-osx-x86_64-mavericks, r-release-windows-ix86+x86_64