CRAN Package Check Results for Package tframePlus

Last updated on 2015-08-03 21:47:44.

Flavor Version Tinstall Tcheck Ttotal Status Flags
r-devel-linux-x86_64-debian-clang 2015.1-2 1.70 33.41 35.10 NOTE
r-devel-linux-x86_64-debian-gcc 2015.1-2 1.74 33.02 34.76 NOTE
r-devel-linux-x86_64-fedora-clang 2015.1-2 72.62 NOTE
r-devel-linux-x86_64-fedora-gcc 2015.1-2 67.94 NOTE
r-devel-osx-x86_64-clang 2015.1-2 65.19 OK
r-devel-windows-ix86+x86_64 2015.1-2 5.00 61.00 66.00 NOTE
r-patched-linux-x86_64 2015.1-2 1.70 32.76 34.46 OK
r-patched-solaris-sparc 2015.1-2 449.00 OK
r-patched-solaris-x86 2015.1-2 94.00 OK
r-release-linux-x86_64 2015.1-2 1.68 32.77 34.45 OK
r-release-osx-x86_64-mavericks 2015.1-2 OK
r-release-windows-ix86+x86_64 2015.1-2 8.00 61.00 69.00 OK
r-oldrel-windows-ix86+x86_64 2015.1-2 11.00 77.00 88.00 NOTE

Check Details

Version: 2015.1-2
Check: R code for possible problems
Result: NOTE
    TSwriteCSV: no visible global function definition for ‘cycle’
    TSwriteCSV: no visible global function definition for ‘write.csv’
    TSwriteXLS: no visible global function definition for ‘cycle’
    changeTSrepresentation: no visible global function definition for
     ‘as.ts’
    tfL.timeSeries: no visible global function definition for ‘lag’
    tfL.xts: no visible global function definition for ‘lag’
    tfL.zoo: no visible global function definition for ‘lag’
    tfpersp: no visible global function definition for ‘persp’
    tfwindow.timeSeries: no visible global function definition for ‘window’
    tfwindow.tis: no visible global function definition for ‘window’
    tfwindow.xts: no visible global function definition for ‘window’
    tfwindow.zoo: no visible global function definition for ‘window’
    tfL,timeSeries: no visible global function definition for ‘lag’
    tfwindow,timeSeries: no visible global function definition for ‘window’
    Undefined global functions or variables:
     as.ts cycle lag persp window write.csv
    Consider adding
     importFrom("graphics", "persp")
     importFrom("stats", "as.ts", "cycle", "lag", "window")
     importFrom("utils", "write.csv")
    to your NAMESPACE.
Flavors: r-devel-linux-x86_64-debian-clang, r-devel-linux-x86_64-debian-gcc, r-devel-linux-x86_64-fedora-clang, r-devel-linux-x86_64-fedora-gcc, r-devel-windows-ix86+x86_64

Version: 2015.1-2
Check: R code for possible problems
Result: NOTE
    tfwindow: no visible global function definition for 'tfstart'
    tfwindow: no visible global function definition for 'tfend'
Flavor: r-oldrel-windows-ix86+x86_64