CRAN Package Check Results for Package tframePlus

Last updated on 2015-05-25 03:47:55.

Flavor Version Tinstall Tcheck Ttotal Status Flags
r-devel-linux-x86_64-debian-clang 2015.1-2 1.87 33.96 35.82 OK
r-devel-linux-x86_64-debian-gcc 2015.1-2 1.73 33.30 35.03 OK
r-devel-linux-x86_64-fedora-clang 2015.1-2 75.24 OK
r-devel-linux-x86_64-fedora-gcc 2015.1-2 69.90 OK
r-devel-osx-x86_64-clang 2015.1-2 69.69 OK
r-devel-windows-ix86+x86_64 2015.1-2 5.00 58.00 63.00 OK
r-patched-linux-x86_64 2015.1-2 1.72 32.85 34.57 OK
r-patched-solaris-sparc 2015.1-2 441.70 OK
r-patched-solaris-x86 2015.1-2 94.70 OK
r-release-linux-x86_64 2015.1-2 1.77 33.17 34.94 OK
r-release-osx-x86_64-mavericks 2015.1-2 OK
r-release-osx-x86_64-snowleopard 2015.1-2 ERROR
r-release-windows-ix86+x86_64 2015.1-2 6.00 55.00 61.00 OK
r-oldrel-windows-ix86+x86_64 2015.1-2 8.00 65.00 73.00 NOTE

Check Details

Version: 2015.1-2
Check: package dependencies
Result: NOTE
    Packages suggested but not available for checking: ‘zoo’ ‘xts’ ‘its’
Flavor: r-release-osx-x86_64-snowleopard

Version: 2015.1-2
Check: tests
Result: ERROR
    Running the tests in ‘tests/its.R’ failed.
    Last 13 lines of output:
    
     > require("tframePlus")
     Loading required package: tframePlus
     Loading required package: tframe
     > require("tfplot")
     Loading required package: tfplot
     > if(!require("its")) stop("its not available, tests failed.")
     Loading required package: its
     Error: its not available, tests failed.
     In addition: Warning message:
     In library(package, lib.loc = lib.loc, character.only = TRUE, logical.return = TRUE, :
     there is no package called 'its'
     Execution halted
Flavor: r-release-osx-x86_64-snowleopard

Version: 2015.1-2
Check: R code for possible problems
Result: NOTE
    tfwindow: no visible global function definition for 'tfstart'
    tfwindow: no visible global function definition for 'tfend'
Flavor: r-oldrel-windows-ix86+x86_64