CRAN Package Check Results for Package tframePlus

Last updated on 2014-12-21 09:51:40.

Flavor Version Tinstall Tcheck Ttotal Status Flags
r-devel-linux-x86_64-debian-clang 2013.9-1 2.30 41.97 44.28 NOTE
r-devel-linux-x86_64-debian-gcc 2013.9-1 2.18 39.59 41.77 NOTE
r-devel-linux-x86_64-fedora-clang 2013.9-1 97.72 NOTE
r-devel-linux-x86_64-fedora-gcc 2013.9-1 87.59 NOTE
r-devel-osx-x86_64-clang 2013.9-1 85.63 NOTE
r-devel-windows-ix86+x86_64 2013.9-1 6.00 61.00 67.00 NOTE
r-patched-linux-x86_64 2013.9-1 2.49 41.83 44.32 NOTE
r-patched-solaris-sparc 2013.9-1 585.90 NOTE
r-patched-solaris-x86 2013.9-1 116.80 NOTE
r-release-linux-ix86 2013.9-1 2.80 49.96 52.76 NOTE
r-release-linux-x86_64 2013.9-1 2.52 41.73 44.25 NOTE
r-release-osx-x86_64-mavericks 2013.9-1 OK
r-release-osx-x86_64-snowleopard 2013.9-1 OK
r-release-windows-ix86+x86_64 2013.9-1 8.00 69.00 77.00 NOTE
r-oldrel-windows-ix86+x86_64 2013.9-1 7.00 67.00 74.00 OK

Check Details

Version: 2013.9-1
Check: R code for possible problems
Result: NOTE
    TSwriteXLS: no visible global function definition for ‘testPerl’
    TSwriteXLS: no visible global function definition for ‘WriteXLS’
    as.weekly: no visible global function definition for ‘zoo’
    tfExpand.timeSeries: no visible global function definition for
     ‘coredata’
    tfExpand.xts: no visible global function definition for ‘coredata’
    tfExpand.xts: no visible global function definition for ‘xts’
    tfExpand.zoo: no visible global function definition for ‘coredata’
    tfExpand.zoo: no visible global function definition for ‘zoo’
    tfUnSet.xts: no visible global function definition for ‘coredata’
    tframe.xts: no visible global function definition for ‘index’
    tfwindow: no visible global function definition for ‘tfstart’
    tfwindow: no visible global function definition for ‘tfend’
    tfExpand,timeSeries: no visible global function definition for
     ‘coredata’
Flavors: r-devel-linux-x86_64-debian-clang, r-devel-linux-x86_64-debian-gcc, r-devel-linux-x86_64-fedora-clang, r-devel-linux-x86_64-fedora-gcc, r-devel-osx-x86_64-clang, r-devel-windows-ix86+x86_64, r-patched-linux-x86_64, r-patched-solaris-sparc, r-patched-solaris-x86, r-release-linux-ix86, r-release-linux-x86_64, r-release-windows-ix86+x86_64