CRAN Package Check Results for Package tframePlus

Last updated on 2016-08-29 10:47:33.

Flavor Version Tinstall Tcheck Ttotal Status Flags
r-devel-linux-x86_64-debian-clang 2016.7-1 1.67 30.45 32.12 OK
r-devel-linux-x86_64-debian-gcc 2016.7-1 1.62 30.57 32.19 OK
r-devel-linux-x86_64-fedora-clang 2016.7-1 45.83 OK
r-devel-linux-x86_64-fedora-gcc 2016.7-1 45.16 OK
r-devel-osx-x86_64-clang 2016.7-1 46.70 OK
r-devel-windows-ix86+x86_64 2016.7-1 7.00 57.00 64.00 OK
r-patched-linux-x86_64 2016.7-1 1.58 29.92 31.50 OK
r-patched-solaris-sparc 2016.7-1 363.80 OK
r-patched-solaris-x86 2016.7-1 70.40 OK
r-release-linux-x86_64 2015.1-2 1.65 33.11 34.76 NOTE
r-release-osx-x86_64-mavericks 2016.7-1 OK
r-release-windows-ix86+x86_64 2016.7-1 13.00 81.00 94.00 OK
r-oldrel-windows-ix86+x86_64 2016.7-1 9.00 78.00 87.00 OK

Check Details

Version: 2015.1-2
Check: R code for possible problems
Result: NOTE
    TSwriteCSV: no visible global function definition for ‘cycle’
    TSwriteCSV: no visible global function definition for ‘write.csv’
    TSwriteXLS: no visible global function definition for ‘cycle’
    changeTSrepresentation: no visible global function definition for
     ‘as.ts’
    tfL.timeSeries: no visible global function definition for ‘lag’
    tfL.xts: no visible global function definition for ‘lag’
    tfL.zoo: no visible global function definition for ‘lag’
    tfpersp: no visible global function definition for ‘persp’
    tfwindow.timeSeries: no visible global function definition for ‘window’
    tfwindow.tis: no visible global function definition for ‘window’
    tfwindow.xts: no visible global function definition for ‘window’
    tfwindow.zoo: no visible global function definition for ‘window’
    tfL,timeSeries: no visible global function definition for ‘lag’
    tfwindow,timeSeries: no visible global function definition for ‘window’
    Undefined global functions or variables:
     as.ts cycle lag persp window write.csv
    Consider adding
     importFrom("graphics", "persp")
     importFrom("stats", "as.ts", "cycle", "lag", "window")
     importFrom("utils", "write.csv")
    to your NAMESPACE file.
Flavor: r-release-linux-x86_64