CRAN Package Check Results for Package tframePlus

Last updated on 2014-08-20 23:46:51.

Flavor Version Tinstall Tcheck Ttotal Status Flags
r-devel-linux-x86_64-debian-clang 2013.9-1 2.56 44.64 47.20 OK
r-devel-linux-x86_64-debian-gcc 2013.9-1 2.30 41.47 43.77 OK
r-devel-linux-x86_64-fedora-clang 2013.9-1 94.82 NOTE
r-devel-linux-x86_64-fedora-gcc 2013.9-1 92.45 NOTE
r-devel-osx-x86_64-clang 2013.9-1 77.56 NOTE
r-devel-windows-ix86+x86_64 2013.9-1 6.00 63.00 69.00 OK
r-patched-linux-x86_64 2013.9-1 2.52 42.61 45.13 OK
r-patched-solaris-sparc 2013.9-1 542.40 OK
r-patched-solaris-x86 2013.9-1 117.70 OK
r-release-linux-ix86 2013.9-1 3.00 54.32 57.32 OK
r-release-linux-x86_64 2013.9-1 2.52 44.34 46.87 OK
r-release-osx-x86_64-mavericks 2013.9-1 OK
r-release-osx-x86_64-snowleopard 2013.9-1 OK
r-release-windows-ix86+x86_64 2013.9-1 6.00 68.00 74.00 OK
r-oldrel-windows-ix86+x86_64 2013.9-1 7.00 65.00 72.00 OK

Check Details

Version: 2013.9-1
Check: R code for possible problems
Result: NOTE
    TSwriteXLS: no visible global function definition for ‘testPerl’
    TSwriteXLS: no visible global function definition for ‘WriteXLS’
    as.weekly: no visible global function definition for ‘zoo’
    tfExpand.timeSeries: no visible global function definition for
     ‘coredata’
    tfExpand.xts: no visible global function definition for ‘coredata’
    tfExpand.xts: no visible global function definition for ‘xts’
    tfExpand.zoo: no visible global function definition for ‘coredata’
    tfExpand.zoo: no visible global function definition for ‘zoo’
    tfUnSet.xts: no visible global function definition for ‘coredata’
    tframe.xts: no visible global function definition for ‘index’
    tfwindow: no visible global function definition for ‘tfstart’
    tfwindow: no visible global function definition for ‘tfend’
    tfExpand,timeSeries: no visible global function definition for
     ‘coredata’
Flavors: r-devel-linux-x86_64-fedora-clang, r-devel-linux-x86_64-fedora-gcc, r-devel-osx-x86_64-clang