CRAN Package Check Results for Package tgp

Last updated on 2021-12-06 20:50:28 CET.

Flavor Version Tinstall Tcheck Ttotal Status Flags
r-devel-linux-x86_64-debian-clang 2.4-17 29.99 64.85 94.84 OK --no-vignettes
r-devel-linux-x86_64-debian-gcc 2.4-17 21.28 48.94 70.22 OK --no-vignettes
r-devel-linux-x86_64-fedora-clang 2.4-17 151.87 NOTE --no-vignettes
r-devel-linux-x86_64-fedora-gcc 2.4-17 106.15 OK --no-vignettes
r-devel-windows-x86_64-new-UL 2.4-17 68.00 70.00 138.00 OK --no-examples --no-tests --no-vignettes
r-devel-windows-x86_64-new-TK 2.4-17 OK --no-vignettes
r-devel-windows-x86_64-old 2.4-17 49.00 49.00 98.00 OK --no-examples --no-tests --no-vignettes
r-patched-linux-x86_64 2.4-17 26.02 54.74 80.76 OK --no-vignettes
r-release-linux-x86_64 2.4-17 25.42 63.01 88.43 OK --no-vignettes
r-release-macos-arm64 2.4-17 NOTE --no-vignettes
r-release-macos-x86_64 2.4-17 OK --no-vignettes
r-release-windows-ix86+x86_64 2.4-17 88.00 82.00 170.00 NOTE --no-examples --no-tests --no-vignettes
r-oldrel-macos-x86_64 2.4-17 OK --no-vignettes
r-oldrel-windows-ix86+x86_64 2.4-17 90.00 74.00 164.00 NOTE --no-examples --no-tests --no-vignettes

Check Details

Version: 2.4-17
Flags: --no-vignettes
Check: Rd cross-references
Result: NOTE
    Undeclared package ‘akima’ in Rd xrefs
Flavor: r-devel-linux-x86_64-fedora-clang

Version: 2.4-17
Flags: --no-vignettes
Check: installed package size
Result: NOTE
     installed size is 5.1Mb
     sub-directories of 1Mb or more:
     doc 2.8Mb
     libs 1.9Mb
Flavor: r-release-macos-arm64

Version: 2.4-17
Flags: --no-examples --no-tests --no-vignettes
Check: installed package size
Result: NOTE
     installed size is 5.4Mb
     sub-directories of 1Mb or more:
     doc 2.8Mb
     libs 2.2Mb
Flavors: r-release-windows-ix86+x86_64, r-oldrel-windows-ix86+x86_64