CRAN Package Check Results for Package tgp

Last updated on 2019-04-23 01:57:37 CEST.

Flavor Version Tinstall Tcheck Ttotal Status Flags
r-devel-linux-x86_64-debian-clang 2.4-14 25.63 280.28 305.91 OK --no-vignettes
r-devel-linux-x86_64-debian-gcc 2.4-14 18.50 211.33 229.83 OK --no-vignettes
r-devel-linux-x86_64-fedora-clang 2.4-14 397.68 NOTE --no-vignettes
r-devel-linux-x86_64-fedora-gcc 2.4-14 374.80 NOTE --no-vignettes
r-devel-windows-ix86+x86_64 2.4-14 79.00 65.00 144.00 OK --no-examples --no-tests --no-vignettes
r-patched-linux-x86_64 2.4-14 21.97 284.33 306.30 OK --no-vignettes
r-patched-solaris-x86 2.4-14 447.30 OK --no-vignettes
r-release-linux-x86_64 2.4-14 21.40 287.91 309.31 OK --no-vignettes
r-release-windows-ix86+x86_64 2.4-14 58.00 79.00 137.00 OK --no-examples --no-tests --no-vignettes
r-release-osx-x86_64 2.4-14 OK --no-vignettes
r-oldrel-windows-ix86+x86_64 2.4-14 62.00 91.00 153.00 OK --no-examples --no-tests --no-vignettes
r-oldrel-osx-x86_64 2.4-14 OK --no-vignettes

Check Details

Version: 2.4-14
Flags: --no-vignettes
Check: compiled code
Result: NOTE
    File ‘tgp/libs/tgp.so’:
     Found no calls to: ‘R_registerRoutines’, ‘R_useDynamicSymbols’
    
    It is good practice to register native routines and to disable symbol
    search.
    
    See ‘Writing portable packages’ in the ‘Writing R Extensions’ manual.
Flavors: r-devel-linux-x86_64-fedora-clang, r-devel-linux-x86_64-fedora-gcc