CRAN Package Check Results for Package tgp

Last updated on 2017-02-20 10:49:01.

Flavor Version Tinstall Tcheck Ttotal Status Flags
r-devel-linux-x86_64-debian-clang 2.4-14 12.87 199.54 212.41 NOTE --no-vignettes
r-devel-linux-x86_64-debian-gcc 2.4-14 12.43 200.06 212.50 NOTE --no-vignettes
r-devel-linux-x86_64-fedora-clang 2.4-14 456.70 NOTE --no-vignettes --no-stop-on-test-error
r-devel-linux-x86_64-fedora-gcc 2.4-14 441.33 NOTE --no-vignettes --no-stop-on-test-error
r-devel-macos-x86_64-clang 2.4-14 262.69 NOTE --no-vignettes --no-stop-on-test-error
r-devel-windows-ix86+x86_64 2.4-14 87.00 54.00 141.00 OK --no-examples --no-tests --no-vignettes
r-patched-linux-x86_64 2.4-14 10.89 194.82 205.72 OK --no-vignettes
r-patched-solaris-sparc 2.4-14 319.80 OK --no-examples --no-vignettes
r-patched-solaris-x86 2.4-14 391.90 OK --no-vignettes
r-release-linux-x86_64 2.4-14 11.01 195.67 206.68 OK --no-vignettes
r-release-osx-x86_64-mavericks 2.4-14 OK --no-vignettes
r-release-windows-ix86+x86_64 2.4-14 52.00 54.00 106.00 OK --no-examples --no-tests --no-vignettes
r-oldrel-windows-ix86+x86_64 2.4-14 53.00 68.00 121.00 OK --no-examples --no-tests --no-vignettes

Check Details

Version: 2.4-14
Flags: --no-vignettes
Check: compiled code
Result: NOTE
    File ‘tgp/libs/tgp.so’:
     Found no calls to: ‘R_registerRoutines’, ‘R_useDynamicSymbols’
    
    It is good practice to register native routines and to disable symbol
    search.
    
    See ‘Writing portable packages’ in the ‘Writing R Extensions’ manual.
Flavors: r-devel-linux-x86_64-debian-clang, r-devel-linux-x86_64-debian-gcc

Version: 2.4-14
Flags: --no-vignettes --no-stop-on-test-error
Check: compiled code
Result: NOTE
    File ‘tgp/libs/tgp.so’:
     Found no calls to: ‘R_registerRoutines’, ‘R_useDynamicSymbols’
    
    It is good practice to register native routines and to disable symbol
    search.
    
    See ‘Writing portable packages’ in the ‘Writing R Extensions’ manual.
Flavors: r-devel-linux-x86_64-fedora-clang, r-devel-linux-x86_64-fedora-gcc, r-devel-macos-x86_64-clang