CRAN Package Check Results for Package tgp

Last updated on 2017-06-26 23:52:36.

Flavor Version Tinstall Tcheck Ttotal Status Flags
r-devel-linux-x86_64-debian-clang 2.4-14 13.47 198.88 212.35 NOTE --no-vignettes
r-devel-linux-x86_64-debian-gcc 2.4-14 12.71 198.06 210.77 NOTE --no-vignettes
r-devel-linux-x86_64-fedora-clang 2.4-14 460.80 NOTE --no-vignettes
r-devel-linux-x86_64-fedora-gcc 2.4-14 443.30 NOTE --no-vignettes
r-devel-windows-ix86+x86_64 2.4-14 75.00 79.00 154.00 OK --no-examples --no-tests --no-vignettes
r-patched-linux-x86_64 2.4-14 13.64 199.84 213.49 NOTE --no-vignettes
r-patched-solaris-sparc 2.4-14 324.50 OK --no-examples --no-vignettes
r-patched-solaris-x86 2.4-14 396.60 OK --no-vignettes
r-release-linux-x86_64 2.4-14 12.41 200.08 212.50 NOTE --no-vignettes
r-release-windows-ix86+x86_64 2.4-14 63.00 72.00 135.00 OK --no-examples --no-tests --no-vignettes
r-release-osx-x86_64 2.4-14 OK --no-vignettes
r-oldrel-windows-ix86+x86_64 2.4-14 70.00 74.00 144.00 OK --no-examples --no-tests --no-vignettes
r-oldrel-osx-x86_64 2.4-14 OK --no-vignettes

Check Details

Version: 2.4-14
Flags: --no-vignettes
Check: compiled code
Result: NOTE
    File ‘tgp/libs/tgp.so’:
     Found no calls to: ‘R_registerRoutines’, ‘R_useDynamicSymbols’
    
    It is good practice to register native routines and to disable symbol
    search.
    
    See ‘Writing portable packages’ in the ‘Writing R Extensions’ manual.
Flavors: r-devel-linux-x86_64-debian-clang, r-devel-linux-x86_64-debian-gcc, r-devel-linux-x86_64-fedora-clang, r-devel-linux-x86_64-fedora-gcc, r-patched-linux-x86_64, r-release-linux-x86_64