CRAN Package Check Results for Package tgp

Last updated on 2016-07-01 17:50:49.

Flavor Version Tinstall Tcheck Ttotal Status Flags
r-devel-linux-x86_64-debian-gcc 2.4-14 16.55 206.29 222.84 OK --no-vignettes
r-devel-linux-x86_64-fedora-clang 2.4-14 390.44 OK --no-vignettes
r-devel-linux-x86_64-fedora-gcc 2.4-14 375.79 OK --no-vignettes
r-devel-osx-x86_64-clang 2.4-14 254.86 OK --no-vignettes
r-devel-windows-ix86+x86_64 2.4-14 50.00 60.00 110.00 OK --no-examples --no-tests --no-vignettes
r-patched-linux-x86_64 2.4-14 14.05 215.09 229.14 OK --no-vignettes
r-patched-solaris-sparc 2.4-14 323.30 NOTE --no-examples --no-vignettes
r-patched-solaris-x86 2.4-14 394.10 NOTE --no-vignettes
r-release-linux-x86_64 2.4-14 10.64 195.74 206.39 OK --no-vignettes
r-release-osx-x86_64-mavericks 2.4-14 OK --no-vignettes
r-release-windows-ix86+x86_64 2.4-14 72.00 56.00 128.00 OK --no-examples --no-tests --no-vignettes
r-oldrel-windows-ix86+x86_64 2.4-14 55.00 70.00 125.00 OK --no-examples --no-tests --no-vignettes

Check Details

Version: 2.4-14
Flags: --no-examples --no-vignettes
Check: installed package size
Result: NOTE
     installed size is 7.3Mb
     sub-directories of 1Mb or more:
     doc 2.1Mb
     libs 4.6Mb
Flavor: r-patched-solaris-sparc

Version: 2.4-14
Flags: --no-vignettes
Check: installed package size
Result: NOTE
     installed size is 6.8Mb
     sub-directories of 1Mb or more:
     doc 2.1Mb
     libs 4.1Mb
Flavor: r-patched-solaris-x86