CRAN Package Check Results for Package tgp

Last updated on 2020-05-29 04:47:12 CEST.

Flavor Version Tinstall Tcheck Ttotal Status Flags
r-devel-linux-x86_64-debian-clang 2.4-14 30.53 279.45 309.98 OK --no-vignettes
r-devel-linux-x86_64-debian-gcc 2.4-14 21.66 206.04 227.70 OK --no-vignettes
r-devel-linux-x86_64-fedora-clang 2.4-14 403.51 NOTE --no-vignettes
r-devel-linux-x86_64-fedora-gcc 2.4-14 367.01 NOTE --no-vignettes
r-devel-windows-ix86+x86_64 2.4-14 90.00 101.00 191.00 OK --no-examples --no-tests --no-vignettes
r-patched-linux-x86_64 2.4-14 21.53 277.46 298.99 OK --no-vignettes
r-patched-solaris-x86 2.4-14 450.60 OK --no-vignettes
r-release-linux-x86_64 2.4-14 24.72 271.56 296.28 OK --no-vignettes
r-release-osx-x86_64 2.4-14 OK --no-vignettes
r-release-windows-ix86+x86_64 2.4-14 75.00 87.00 162.00 OK --no-examples --no-tests --no-vignettes
r-oldrel-osx-x86_64 2.4-14 OK --no-vignettes
r-oldrel-windows-ix86+x86_64 2.4-14 87.00 79.00 166.00 OK --no-examples --no-tests --no-vignettes

Check Details

Version: 2.4-14
Flags: --no-vignettes
Check: compiled code
Result: NOTE
    File ‘tgp/libs/tgp.so’:
     Found no calls to: ‘R_registerRoutines’, ‘R_useDynamicSymbols’
    
    It is good practice to register native routines and to disable symbol
    search.
    
    See ‘Writing portable packages’ in the ‘Writing R Extensions’ manual.
Flavors: r-devel-linux-x86_64-fedora-clang, r-devel-linux-x86_64-fedora-gcc