CRAN Package Check Results for Package tgp

Last updated on 2018-04-25 01:47:19 CEST.

Flavor Version Tinstall Tcheck Ttotal Status Flags
r-devel-linux-x86_64-debian-clang 2.4-14 25.52 294.44 319.96 NOTE --no-vignettes
r-devel-linux-x86_64-debian-gcc 2.4-14 20.18 224.58 244.76 NOTE --no-vignettes
r-devel-linux-x86_64-fedora-clang 2.4-14 403.66 NOTE --no-vignettes
r-devel-linux-x86_64-fedora-gcc 2.4-14 386.45 NOTE --no-vignettes
r-devel-windows-ix86+x86_64 2.4-14 84.00 55.00 139.00 OK --no-examples --no-tests --no-vignettes
r-patched-linux-x86_64 2.4-14 23.70 292.82 316.52 NOTE --no-vignettes
r-patched-solaris-x86 2.4-14 412.30 OK --no-vignettes
r-release-linux-x86_64 2.4-14 25.05 292.87 317.92 NOTE --no-vignettes
r-release-windows-ix86+x86_64 2.4-14 84.00 55.00 139.00 OK --no-examples --no-tests --no-vignettes
r-release-osx-x86_64 2.4-14 OK --no-vignettes
r-oldrel-windows-ix86+x86_64 2.4-14 60.00 75.00 135.00 OK --no-examples --no-tests --no-vignettes
r-oldrel-osx-x86_64 2.4-14 OK --no-vignettes

Check Details

Version: 2.4-14
Flags: --no-vignettes
Check: compiled code
Result: NOTE
    File ‘tgp/libs/tgp.so’:
     Found no calls to: ‘R_registerRoutines’, ‘R_useDynamicSymbols’
    
    It is good practice to register native routines and to disable symbol
    search.
    
    See ‘Writing portable packages’ in the ‘Writing R Extensions’ manual.
Flavors: r-devel-linux-x86_64-debian-clang, r-devel-linux-x86_64-debian-gcc, r-devel-linux-x86_64-fedora-clang, r-devel-linux-x86_64-fedora-gcc, r-patched-linux-x86_64, r-release-linux-x86_64