CRAN Package Check Results for Package tgp

Last updated on 2017-08-18 23:48:06.

Flavor Version Tinstall Tcheck Ttotal Status Flags
r-devel-linux-x86_64-debian-clang 2.4-14 13.46 198.95 212.41 NOTE --no-vignettes
r-devel-linux-x86_64-debian-gcc 2.4-14 12.57 195.36 207.92 NOTE --no-vignettes
r-devel-linux-x86_64-fedora-clang 2.4-14 460.75 NOTE --no-vignettes
r-devel-linux-x86_64-fedora-gcc 2.4-14 443.73 NOTE --no-vignettes
r-devel-windows-ix86+x86_64 2.4-14 84.00 48.00 132.00 OK --no-examples --no-tests --no-vignettes
r-patched-linux-x86_64 2.4-14 12.36 199.68 212.04 NOTE --no-vignettes
r-patched-solaris-x86 2.4-14 397.10 OK --no-vignettes
r-release-linux-x86_64 2.4-14 12.65 198.85 211.50 NOTE --no-vignettes
r-release-windows-ix86+x86_64 2.4-14 73.00 79.00 152.00 OK --no-examples --no-tests --no-vignettes
r-release-osx-x86_64 2.4-14 OK --no-vignettes
r-oldrel-windows-ix86+x86_64 2.4-14 54.00 78.00 132.00 OK --no-examples --no-tests --no-vignettes
r-oldrel-osx-x86_64 2.4-14 OK --no-vignettes

Check Details

Version: 2.4-14
Flags: --no-vignettes
Check: compiled code
Result: NOTE
    File ‘tgp/libs/tgp.so’:
     Found no calls to: ‘R_registerRoutines’, ‘R_useDynamicSymbols’
    
    It is good practice to register native routines and to disable symbol
    search.
    
    See ‘Writing portable packages’ in the ‘Writing R Extensions’ manual.
Flavors: r-devel-linux-x86_64-debian-clang, r-devel-linux-x86_64-debian-gcc, r-devel-linux-x86_64-fedora-clang, r-devel-linux-x86_64-fedora-gcc, r-patched-linux-x86_64, r-release-linux-x86_64