CRAN Package Check Results for Package tgp

Last updated on 2017-10-20 00:53:02.

Flavor Version Tinstall Tcheck Ttotal Status Flags
r-devel-linux-x86_64-debian-clang 2.4-14 12.77 194.09 206.86 NOTE --no-vignettes
r-devel-linux-x86_64-debian-gcc 2.4-14 13.64 190.70 204.34 NOTE --no-vignettes
r-devel-linux-x86_64-fedora-clang 2.4-14 399.56 NOTE --no-vignettes
r-devel-linux-x86_64-fedora-gcc 2.4-14 385.81 NOTE --no-vignettes
r-devel-windows-ix86+x86_64 2.4-14 54.00 57.00 111.00 OK --no-examples --no-tests --no-vignettes
r-patched-linux-x86_64 2.4-14 12.38 197.44 209.81 NOTE --no-vignettes
r-patched-solaris-x86 2.4-14 399.90 OK --no-vignettes
r-release-linux-x86_64 2.4-14 12.40 198.09 210.49 NOTE --no-vignettes
r-release-windows-ix86+x86_64 2.4-14 81.00 57.00 138.00 OK --no-examples --no-tests --no-vignettes
r-release-osx-x86_64 2.4-14 OK --no-vignettes
r-oldrel-windows-ix86+x86_64 2.4-14 57.00 78.00 135.00 OK --no-examples --no-tests --no-vignettes
r-oldrel-osx-x86_64 2.4-14 OK --no-vignettes

Check Details

Version: 2.4-14
Flags: --no-vignettes
Check: compiled code
Result: NOTE
    File ‘tgp/libs/tgp.so’:
     Found no calls to: ‘R_registerRoutines’, ‘R_useDynamicSymbols’
    
    It is good practice to register native routines and to disable symbol
    search.
    
    See ‘Writing portable packages’ in the ‘Writing R Extensions’ manual.
Flavors: r-devel-linux-x86_64-debian-clang, r-devel-linux-x86_64-debian-gcc, r-devel-linux-x86_64-fedora-clang, r-devel-linux-x86_64-fedora-gcc, r-patched-linux-x86_64, r-release-linux-x86_64