CRAN Package Check Results for Package tgp

Last updated on 2018-02-24 12:48:23 CET.

Flavor Version Tinstall Tcheck Ttotal Status Flags
r-devel-linux-x86_64-debian-clang 2.4-14 22.53 301.24 323.77 NOTE --no-vignettes
r-devel-linux-x86_64-debian-gcc 2.4-14 18.42 224.29 242.71 NOTE --no-vignettes
r-devel-linux-x86_64-fedora-clang 2.4-14 400.33 NOTE --no-vignettes
r-devel-linux-x86_64-fedora-gcc 2.4-14 383.53 NOTE --no-vignettes
r-devel-windows-ix86+x86_64 2.4-14 86.00 62.00 148.00 OK --no-examples --no-tests --no-vignettes
r-patched-linux-x86_64 2.4-14 17.38 303.02 320.40 NOTE --no-vignettes
r-patched-solaris-x86 2.4-14 394.70 OK --no-vignettes
r-release-linux-x86_64 2.4-14 18.27 303.91 322.18 NOTE --no-vignettes
r-release-windows-ix86+x86_64 2.4-14 64.00 71.00 135.00 OK --no-examples --no-tests --no-vignettes
r-release-osx-x86_64 2.4-14 OK --no-vignettes
r-oldrel-windows-ix86+x86_64 2.4-14 58.00 73.00 131.00 OK --no-examples --no-tests --no-vignettes
r-oldrel-osx-x86_64 2.4-14 OK --no-vignettes

Check Details

Version: 2.4-14
Flags: --no-vignettes
Check: compiled code
Result: NOTE
    File ‘tgp/libs/tgp.so’:
     Found no calls to: ‘R_registerRoutines’, ‘R_useDynamicSymbols’
    
    It is good practice to register native routines and to disable symbol
    search.
    
    See ‘Writing portable packages’ in the ‘Writing R Extensions’ manual.
Flavors: r-devel-linux-x86_64-debian-clang, r-devel-linux-x86_64-debian-gcc, r-devel-linux-x86_64-fedora-clang, r-devel-linux-x86_64-fedora-gcc, r-patched-linux-x86_64, r-release-linux-x86_64