Last updated on 2023-03-28 09:54:01 CEST.
Flavor | Version | Tinstall | Tcheck | Ttotal | Status | Flags |
---|---|---|---|---|---|---|
r-devel-linux-x86_64-debian-clang | 2.4-21 | 38.24 | 60.57 | 98.81 | OK | --no-vignettes |
r-devel-linux-x86_64-debian-gcc | 2.4-21 | 31.63 | 45.48 | 77.11 | OK | --no-vignettes |
r-devel-linux-x86_64-fedora-clang | 2.4-21 | 152.47 | NOTE | --no-vignettes | ||
r-devel-linux-x86_64-fedora-gcc | 2.4-21 | 119.21 | OK | --no-vignettes | ||
r-patched-linux-x86_64 | 2.4-21 | 34.10 | 58.91 | 93.01 | OK | --no-vignettes |
r-release-linux-x86_64 | 2.4-21 | 26.85 | 56.07 | 82.92 | OK | --no-vignettes |
r-release-macos-arm64 | 2.4-21 | 40.00 | NOTE | --no-vignettes | ||
r-release-macos-x86_64 | 2.4-21 | 49.00 | OK | --no-vignettes | ||
r-release-windows-x86_64 | 2.4-21 | 73.00 | 70.00 | 143.00 | OK | --no-examples --no-tests --no-vignettes |
r-oldrel-macos-arm64 | 2.4-21 | 41.00 | NOTE | --no-vignettes | ||
r-oldrel-macos-x86_64 | 2.4-21 | 51.00 | OK | --no-vignettes | ||
r-oldrel-windows-ix86+x86_64 | 2.4-21 | 92.00 | 79.00 | 171.00 | NOTE | --no-examples --no-tests --no-vignettes |
Version: 2.4-21
Flags: --no-vignettes
Check: Rd cross-references
Result: NOTE
Undeclared package ‘akima’ in Rd xrefs
Flavor: r-devel-linux-x86_64-fedora-clang
Version: 2.4-21
Flags: --no-vignettes
Check: installed package size
Result: NOTE
installed size is 5.0Mb
sub-directories of 1Mb or more:
doc 2.7Mb
libs 1.8Mb
Flavors: r-release-macos-arm64, r-oldrel-macos-arm64
Version: 2.4-21
Flags: --no-examples --no-tests --no-vignettes
Check: installed package size
Result: NOTE
installed size is 5.4Mb
sub-directories of 1Mb or more:
doc 2.7Mb
libs 2.2Mb
Flavor: r-oldrel-windows-ix86+x86_64