CRAN Package Check Results for Package tgp

Last updated on 2017-03-29 03:51:02.

Flavor Version Tinstall Tcheck Ttotal Status Flags
r-devel-linux-x86_64-debian-clang 2.4-14 13.70 200.47 214.17 NOTE --no-vignettes
r-devel-linux-x86_64-debian-gcc 2.4-14 12.19 197.48 209.67 NOTE --no-vignettes
r-devel-linux-x86_64-fedora-clang 2.4-14 458.82 NOTE --no-vignettes --no-stop-on-test-error
r-devel-linux-x86_64-fedora-gcc 2.4-14 445.15 NOTE --no-vignettes --no-stop-on-test-error
r-devel-macos-x86_64-clang 2.4-14 262.31 NOTE --no-vignettes --no-stop-on-test-error
r-devel-windows-ix86+x86_64 2.4-14 60.00 77.00 137.00 OK --no-examples --no-tests --no-vignettes
r-patched-linux-x86_64 2.4-14 10.74 198.11 208.85 NOTE --no-vignettes
r-patched-solaris-sparc 2.4-14 324.50 OK --no-examples --no-vignettes
r-patched-solaris-x86 2.4-14 399.60 OK --no-vignettes
r-release-linux-x86_64 2.4-14 11.00 194.42 205.42 OK --no-vignettes
r-release-osx-x86_64-mavericks 2.4-14 OK --no-vignettes
r-release-windows-ix86+x86_64 2.4-14 94.00 107.00 201.00 OK --no-examples --no-tests --no-vignettes
r-oldrel-windows-ix86+x86_64 2.4-14 52.00 67.00 119.00 OK --no-examples --no-tests --no-vignettes

Check Details

Version: 2.4-14
Flags: --no-vignettes
Check: compiled code
Result: NOTE
    File ‘tgp/libs/tgp.so’:
     Found no calls to: ‘R_registerRoutines’, ‘R_useDynamicSymbols’
    
    It is good practice to register native routines and to disable symbol
    search.
    
    See ‘Writing portable packages’ in the ‘Writing R Extensions’ manual.
Flavors: r-devel-linux-x86_64-debian-clang, r-devel-linux-x86_64-debian-gcc, r-patched-linux-x86_64

Version: 2.4-14
Flags: --no-vignettes --no-stop-on-test-error
Check: compiled code
Result: NOTE
    File ‘tgp/libs/tgp.so’:
     Found no calls to: ‘R_registerRoutines’, ‘R_useDynamicSymbols’
    
    It is good practice to register native routines and to disable symbol
    search.
    
    See ‘Writing portable packages’ in the ‘Writing R Extensions’ manual.
Flavors: r-devel-linux-x86_64-fedora-clang, r-devel-linux-x86_64-fedora-gcc, r-devel-macos-x86_64-clang