CRAN Package Check Results for Package tgp

Last updated on 2017-12-12 06:47:40 CET.

Flavor Version Tinstall Tcheck Ttotal Status Flags
r-devel-linux-x86_64-debian-clang 2.4-14 18.15 266.03 284.18 NOTE --no-vignettes
r-devel-linux-x86_64-debian-gcc 2.4-14 13.89 226.62 240.51 NOTE --no-vignettes
r-devel-linux-x86_64-fedora-clang 2.4-14 393.36 NOTE --no-vignettes
r-devel-linux-x86_64-fedora-gcc 2.4-14 380.65 NOTE --no-vignettes
r-devel-windows-ix86+x86_64 2.4-14 75.00 91.00 166.00 OK --no-examples --no-tests --no-vignettes
r-patched-linux-x86_64 2.4-14 17.03 306.71 323.74 NOTE --no-vignettes
r-patched-solaris-x86 2.4-14 397.90 OK --no-vignettes
r-release-linux-x86_64 2.4-14 17.61 309.04 326.65 NOTE --no-vignettes
r-release-windows-ix86+x86_64 2.4-14 60.00 74.00 134.00 OK --no-examples --no-tests --no-vignettes
r-release-osx-x86_64 2.4-14 OK --no-vignettes
r-oldrel-windows-ix86+x86_64 2.4-14 84.00 67.00 151.00 OK --no-examples --no-tests --no-vignettes
r-oldrel-osx-x86_64 2.4-14 OK --no-vignettes

Check Details

Version: 2.4-14
Flags: --no-vignettes
Check: compiled code
Result: NOTE
    File ‘tgp/libs/tgp.so’:
     Found no calls to: ‘R_registerRoutines’, ‘R_useDynamicSymbols’
    
    It is good practice to register native routines and to disable symbol
    search.
    
    See ‘Writing portable packages’ in the ‘Writing R Extensions’ manual.
Flavors: r-devel-linux-x86_64-debian-clang, r-devel-linux-x86_64-debian-gcc, r-devel-linux-x86_64-fedora-clang, r-devel-linux-x86_64-fedora-gcc, r-patched-linux-x86_64, r-release-linux-x86_64