CRAN Package Check Results for Package tgp

Last updated on 2019-07-16 07:51:09 CEST.

Flavor Version Tinstall Tcheck Ttotal Status Flags
r-devel-linux-x86_64-debian-clang 2.4-14 26.95 285.50 312.45 OK --no-vignettes
r-devel-linux-x86_64-debian-gcc 2.4-14 19.30 211.41 230.71 OK --no-vignettes
r-devel-linux-x86_64-fedora-clang 2.4-14 382.74 NOTE --no-vignettes
r-devel-linux-x86_64-fedora-gcc 2.4-14 361.76 NOTE --no-vignettes
r-devel-windows-ix86+x86_64 2.4-14 90.00 73.00 163.00 OK --no-examples --no-tests --no-vignettes
r-patched-linux-x86_64 2.4-14 23.38 284.77 308.15 OK --no-vignettes
r-patched-solaris-x86 2.4-14 449.10 OK --no-vignettes
r-release-linux-x86_64 2.4-14 22.77 277.69 300.46 OK --no-vignettes
r-release-windows-ix86+x86_64 2.4-14 68.00 71.00 139.00 OK --no-examples --no-tests --no-vignettes
r-release-osx-x86_64 2.4-14 OK --no-vignettes
r-oldrel-windows-ix86+x86_64 2.4-14 78.00 58.00 136.00 OK --no-examples --no-tests --no-vignettes
r-oldrel-osx-x86_64 2.4-14 OK --no-vignettes

Check Details

Version: 2.4-14
Flags: --no-vignettes
Check: compiled code
Result: NOTE
    File ‘tgp/libs/tgp.so’:
     Found no calls to: ‘R_registerRoutines’, ‘R_useDynamicSymbols’
    
    It is good practice to register native routines and to disable symbol
    search.
    
    See ‘Writing portable packages’ in the ‘Writing R Extensions’ manual.
Flavors: r-devel-linux-x86_64-fedora-clang, r-devel-linux-x86_64-fedora-gcc