CRAN Package Check Results for Package tgram

Last updated on 2014-04-21 12:43:28.

Flavor Version Tinstall Tcheck Ttotal Status Flags
r-devel-linux-x86_64-debian-clang 0.2-2 0.84 11.84 12.68 NOTE
r-devel-linux-x86_64-debian-gcc 0.2-2 0.85 11.83 12.68 NOTE
r-devel-linux-x86_64-fedora-clang 0.2-2 24.74 NOTE
r-devel-linux-x86_64-fedora-gcc 0.2-2 23.02 NOTE
r-devel-osx-x86_64-clang 0.2-2 27.51 NOTE
r-devel-osx-x86_64-gcc 0.2-2 ERROR
r-devel-windows-ix86+x86_64 0.2-2 3.00 21.00 24.00 NOTE
r-patched-linux-x86_64 0.2-2 0.77 11.92 12.69 NOTE
r-patched-solaris-sparc 0.2-2 137.70 NOTE
r-patched-solaris-x86 0.2-2 36.20 NOTE
r-release-linux-x86_64 0.2-2 0.77 11.80 12.57 NOTE
r-release-osx-x86_64-mavericks 0.2-2 WARN
r-release-osx-x86_64-snowleopard 0.2-2 NOTE
r-release-windows-ix86+x86_64 0.2-2 3.00 21.00 24.00 NOTE
r-oldrel-windows-ix86+x86_64 0.2-2 3.00 20.00 23.00 NOTE

Check Details

Version: 0.2-2
Check: dependencies in R code
Result: NOTE
    'library' or 'require' call to ‘zoo’ which was already attached by Depends.
     Please remove these calls from your code.
    See the information on DESCRIPTION files in the chapter ‘Creating R
    packages’ of the ‘Writing R Extensions’ manual.
Flavors: r-devel-linux-x86_64-debian-clang, r-devel-linux-x86_64-debian-gcc, r-devel-linux-x86_64-fedora-clang, r-devel-linux-x86_64-fedora-gcc, r-devel-osx-x86_64-clang, r-devel-windows-ix86+x86_64, r-patched-linux-x86_64, r-patched-solaris-sparc, r-patched-solaris-x86, r-release-linux-x86_64, r-release-osx-x86_64-mavericks, r-release-osx-x86_64-snowleopard, r-release-windows-ix86+x86_64, r-oldrel-windows-ix86+x86_64

Version: 0.2-2
Check: package dependencies
Result: ERROR
    Package required but not available: ‘zoo’
    
    See the information on DESCRIPTION files in the chapter ‘Creating R
    packages’ of the ‘Writing R Extensions’ manual.
Flavor: r-devel-osx-x86_64-gcc

Version: 0.2-2
Check: PDF version of manual
Result: WARNING
    LaTeX errors when creating PDF version.
    This typically indicates Rd problems.
    LaTeX errors found:
    ! LaTeX Error: File `upquote.sty' not found.
    
    Type X to quit or <RETURN> to proceed,
    or enter new name. (Default extension: sty)
    
    258ba5fa/Rd2.tex:8: ==> Fatal error occurred, no output PDF file produced!
Flavor: r-release-osx-x86_64-mavericks