CRAN Package Check Results for Package tgram

Last updated on 2017-02-24 19:48:41.

Flavor Version Tinstall Tcheck Ttotal Status Flags
r-devel-linux-x86_64-debian-clang 0.2-2 0.83 13.43 14.26 NOTE
r-devel-linux-x86_64-debian-gcc 0.2-2 0.80 12.92 13.72 NOTE
r-devel-linux-x86_64-fedora-clang 0.2-2 21.24 NOTE --no-stop-on-test-error
r-devel-linux-x86_64-fedora-gcc 0.2-2 20.42 NOTE --no-stop-on-test-error
r-devel-macos-x86_64-clang 0.2-2 19.64 NOTE --no-stop-on-test-error
r-devel-windows-ix86+x86_64 0.2-2 8.00 31.00 39.00 NOTE
r-patched-linux-x86_64 0.2-2 0.64 10.39 11.02 NOTE
r-patched-solaris-sparc 0.2-2 118.10 NOTE
r-patched-solaris-x86 0.2-2 27.00 NOTE
r-release-linux-x86_64 0.2-2 0.64 10.45 11.09 NOTE
r-release-osx-x86_64-mavericks 0.2-2 NOTE
r-release-windows-ix86+x86_64 0.2-2 9.00 34.00 43.00 NOTE
r-oldrel-windows-ix86+x86_64 0.2-2 7.00 34.00 41.00 NOTE

Check Details

Version: 0.2-2
Check: DESCRIPTION meta-information
Result: NOTE
    Malformed Description field: should contain one or more complete sentences.
Flavors: r-devel-linux-x86_64-debian-clang, r-devel-linux-x86_64-debian-gcc, r-devel-windows-ix86+x86_64, r-patched-linux-x86_64, r-patched-solaris-sparc, r-patched-solaris-x86, r-release-linux-x86_64, r-release-osx-x86_64-mavericks, r-release-windows-ix86+x86_64, r-oldrel-windows-ix86+x86_64

Version: 0.2-2
Check: dependencies in R code
Result: NOTE
    'library' or 'require' call to ‘zoo’ which was already attached by Depends.
     Please remove these calls from your code.
Flavors: r-devel-linux-x86_64-debian-clang, r-devel-linux-x86_64-debian-gcc, r-devel-windows-ix86+x86_64, r-patched-linux-x86_64, r-patched-solaris-sparc, r-patched-solaris-x86, r-release-linux-x86_64, r-release-osx-x86_64-mavericks, r-release-windows-ix86+x86_64, r-oldrel-windows-ix86+x86_64

Version: 0.2-2
Flags: --no-stop-on-test-error
Check: DESCRIPTION meta-information
Result: NOTE
    Malformed Description field: should contain one or more complete sentences.
Flavors: r-devel-linux-x86_64-fedora-clang, r-devel-linux-x86_64-fedora-gcc, r-devel-macos-x86_64-clang

Version: 0.2-2
Flags: --no-stop-on-test-error
Check: dependencies in R code
Result: NOTE
    'library' or 'require' call to ‘zoo’ which was already attached by Depends.
     Please remove these calls from your code.
Flavors: r-devel-linux-x86_64-fedora-clang, r-devel-linux-x86_64-fedora-gcc, r-devel-macos-x86_64-clang