CRAN Package Check Results for Package tgram

Last updated on 2016-12-05 08:49:09.

Flavor Version Tinstall Tcheck Ttotal Status Flags
r-devel-linux-x86_64-debian-clang 0.2-2 0.82 12.75 13.57 NOTE
r-devel-linux-x86_64-debian-gcc 0.2-2 0.91 12.90 13.81 NOTE
r-devel-linux-x86_64-fedora-clang 0.2-2 23.05 NOTE --no-stop-on-test-error
r-devel-linux-x86_64-fedora-gcc 0.2-2 21.24 NOTE --no-stop-on-test-error
r-devel-macos-x86_64-clang 0.2-2 19.58 NOTE
r-devel-windows-ix86+x86_64 0.2-2 3.00 38.00 41.00 NOTE
r-patched-linux-x86_64 0.2-2 0.69 10.54 11.23 NOTE
r-patched-solaris-sparc 0.2-2 117.20 NOTE
r-patched-solaris-x86 0.2-2 27.20 NOTE
r-release-linux-x86_64 0.2-2 0.68 10.23 10.90 NOTE
r-release-osx-x86_64-mavericks 0.2-2 NOTE
r-release-windows-ix86+x86_64 0.2-2 4.00 27.00 31.00 NOTE
r-oldrel-windows-ix86+x86_64 0.2-2 3.00 28.00 31.00 NOTE

Check Details

Version: 0.2-2
Check: DESCRIPTION meta-information
Result: NOTE
    Malformed Description field: should contain one or more complete sentences.
Flavors: r-devel-linux-x86_64-debian-clang, r-devel-linux-x86_64-debian-gcc, r-devel-macos-x86_64-clang, r-devel-windows-ix86+x86_64, r-patched-linux-x86_64, r-patched-solaris-sparc, r-patched-solaris-x86, r-release-linux-x86_64, r-release-osx-x86_64-mavericks, r-release-windows-ix86+x86_64, r-oldrel-windows-ix86+x86_64

Version: 0.2-2
Check: dependencies in R code
Result: NOTE
    'library' or 'require' call to ‘zoo’ which was already attached by Depends.
     Please remove these calls from your code.
Flavors: r-devel-linux-x86_64-debian-clang, r-devel-linux-x86_64-debian-gcc, r-devel-macos-x86_64-clang, r-devel-windows-ix86+x86_64, r-patched-linux-x86_64, r-patched-solaris-sparc, r-patched-solaris-x86, r-release-linux-x86_64, r-release-osx-x86_64-mavericks, r-release-windows-ix86+x86_64, r-oldrel-windows-ix86+x86_64

Version: 0.2-2
Flags: --no-stop-on-test-error
Check: DESCRIPTION meta-information
Result: NOTE
    Malformed Description field: should contain one or more complete sentences.
Flavors: r-devel-linux-x86_64-fedora-clang, r-devel-linux-x86_64-fedora-gcc

Version: 0.2-2
Flags: --no-stop-on-test-error
Check: dependencies in R code
Result: NOTE
    'library' or 'require' call to ‘zoo’ which was already attached by Depends.
     Please remove these calls from your code.
Flavors: r-devel-linux-x86_64-fedora-clang, r-devel-linux-x86_64-fedora-gcc