CRAN Package Check Results for Package tgram

Last updated on 2016-04-30 19:52:28.

Flavor Version Tinstall Tcheck Ttotal Status Flags
r-devel-linux-x86_64-debian-gcc 0.2-2 0.72 10.09 10.81 NOTE
r-devel-linux-x86_64-fedora-clang 0.2-2 18.63 NOTE
r-devel-linux-x86_64-fedora-gcc 0.2-2 16.72 NOTE
r-devel-osx-x86_64-clang 0.2-2 21.65 NOTE
r-devel-windows-ix86+x86_64 0.2-2 2.00 28.00 30.00 NOTE
r-patched-linux-x86_64 0.2-2 0.64 9.67 10.31 NOTE
r-patched-solaris-sparc 0.2-2 116.40 NOTE
r-patched-solaris-x86 0.2-2 27.40 NOTE
r-release-linux-x86_64 0.2-2 0.73 10.79 11.53 NOTE
r-release-osx-x86_64-mavericks 0.2-2 NOTE
r-release-windows-ix86+x86_64 0.2-2 6.00 31.00 37.00 NOTE
r-oldrel-windows-ix86+x86_64 0.2-2 6.00 37.00 43.00 NOTE

Check Details

Version: 0.2-2
Check: DESCRIPTION meta-information
Result: NOTE
    Malformed Description field: should contain one or more complete sentences.
Flavors: r-devel-linux-x86_64-debian-gcc, r-devel-linux-x86_64-fedora-clang, r-devel-linux-x86_64-fedora-gcc, r-devel-osx-x86_64-clang, r-devel-windows-ix86+x86_64, r-patched-linux-x86_64, r-patched-solaris-sparc, r-patched-solaris-x86, r-release-linux-x86_64, r-release-osx-x86_64-mavericks, r-release-windows-ix86+x86_64

Version: 0.2-2
Check: dependencies in R code
Result: NOTE
    'library' or 'require' call to ‘zoo’ which was already attached by Depends.
     Please remove these calls from your code.
Flavors: r-devel-linux-x86_64-debian-gcc, r-devel-linux-x86_64-fedora-clang, r-devel-linux-x86_64-fedora-gcc, r-devel-osx-x86_64-clang, r-devel-windows-ix86+x86_64, r-patched-linux-x86_64, r-patched-solaris-sparc, r-patched-solaris-x86, r-release-linux-x86_64, r-release-osx-x86_64-mavericks, r-release-windows-ix86+x86_64, r-oldrel-windows-ix86+x86_64