CRAN Package Check Results for Package tgram

Last updated on 2016-07-28 00:48:15.

Flavor Version Tinstall Tcheck Ttotal Status Flags
r-devel-linux-x86_64-debian-clang 0.2-2 0.94 11.99 12.93 NOTE
r-devel-linux-x86_64-debian-gcc 0.2-2 0.78 11.69 12.47 NOTE
r-devel-linux-x86_64-fedora-clang 0.2-2 17.86 NOTE
r-devel-linux-x86_64-fedora-gcc 0.2-2 16.66 NOTE
r-devel-osx-x86_64-clang 0.2-2 16.57 NOTE
r-devel-windows-ix86+x86_64 0.2-2 3.00 33.00 36.00 NOTE
r-patched-linux-x86_64 0.2-2 0.78 12.14 12.92 NOTE
r-patched-solaris-sparc 0.2-2 117.20 NOTE
r-patched-solaris-x86 0.2-2 26.70 NOTE
r-release-linux-x86_64 0.2-2 0.88 12.15 13.03 NOTE
r-release-osx-x86_64-mavericks 0.2-2 NOTE
r-release-windows-ix86+x86_64 0.2-2 3.00 35.00 38.00 NOTE
r-oldrel-windows-ix86+x86_64 0.2-2 4.00 33.00 37.00 NOTE

Check Details

Version: 0.2-2
Check: DESCRIPTION meta-information
Result: NOTE
    Malformed Description field: should contain one or more complete sentences.
Flavors: r-devel-linux-x86_64-debian-clang, r-devel-linux-x86_64-debian-gcc, r-devel-linux-x86_64-fedora-clang, r-devel-linux-x86_64-fedora-gcc, r-devel-osx-x86_64-clang, r-devel-windows-ix86+x86_64, r-patched-linux-x86_64, r-patched-solaris-sparc, r-patched-solaris-x86, r-release-linux-x86_64, r-release-osx-x86_64-mavericks, r-release-windows-ix86+x86_64, r-oldrel-windows-ix86+x86_64

Version: 0.2-2
Check: dependencies in R code
Result: NOTE
    'library' or 'require' call to ‘zoo’ which was already attached by Depends.
     Please remove these calls from your code.
Flavors: r-devel-linux-x86_64-debian-clang, r-devel-linux-x86_64-debian-gcc, r-devel-linux-x86_64-fedora-clang, r-devel-linux-x86_64-fedora-gcc, r-devel-osx-x86_64-clang, r-devel-windows-ix86+x86_64, r-patched-linux-x86_64, r-patched-solaris-sparc, r-patched-solaris-x86, r-release-linux-x86_64, r-release-osx-x86_64-mavericks, r-release-windows-ix86+x86_64, r-oldrel-windows-ix86+x86_64