CRAN Package Check Results for Package tgram

Last updated on 2014-07-23 08:49:56.

Flavor Version Tinstall Tcheck Ttotal Status Flags
r-devel-linux-x86_64-debian-clang 0.2-2 0.71 11.17 11.88 NOTE
r-devel-linux-x86_64-debian-gcc 0.2-2 0.71 10.79 11.50 NOTE
r-devel-linux-x86_64-fedora-clang 0.2-2 26.27 NOTE
r-devel-linux-x86_64-fedora-gcc 0.2-2 23.12 NOTE
r-devel-osx-x86_64-clang 0.2-2 26.95 NOTE
r-devel-windows-ix86+x86_64 0.2-2 3.00 23.00 26.00 NOTE
r-patched-linux-x86_64 0.2-2 0.74 10.98 11.72 NOTE
r-patched-solaris-sparc 0.2-2 137.70 NOTE
r-patched-solaris-x86 0.2-2 33.50 NOTE
r-release-linux-ix86 0.2-2 1.06 17.51 18.57 NOTE
r-release-linux-x86_64 0.2-2 0.82 11.32 12.14 NOTE
r-release-osx-x86_64-mavericks 0.2-2 NOTE
r-release-osx-x86_64-snowleopard 0.2-2 NOTE
r-release-windows-ix86+x86_64 0.2-2 3.00 21.00 24.00 NOTE
r-oldrel-windows-ix86+x86_64 0.2-2 3.00 22.00 25.00 NOTE

Check Details

Version: 0.2-2
Check: dependencies in R code
Result: NOTE
    'library' or 'require' call to ‘zoo’ which was already attached by Depends.
     Please remove these calls from your code.
    See the information on DESCRIPTION files in the chapter ‘Creating R
    packages’ of the ‘Writing R Extensions’ manual.
Flavors: r-devel-linux-x86_64-debian-clang, r-devel-linux-x86_64-debian-gcc, r-devel-linux-x86_64-fedora-clang, r-devel-linux-x86_64-fedora-gcc, r-devel-osx-x86_64-clang, r-devel-windows-ix86+x86_64, r-patched-linux-x86_64, r-patched-solaris-sparc, r-patched-solaris-x86, r-release-linux-ix86, r-release-linux-x86_64, r-release-osx-x86_64-mavericks, r-release-osx-x86_64-snowleopard, r-release-windows-ix86+x86_64, r-oldrel-windows-ix86+x86_64