CRAN Package Check Results for Package tgram

Last updated on 2017-01-21 21:50:01.

Flavor Version Tinstall Tcheck Ttotal Status Flags
r-devel-linux-x86_64-debian-clang 0.2-2 0.86 13.01 13.87 NOTE
r-devel-linux-x86_64-debian-gcc 0.2-2 0.89 12.89 13.78 NOTE
r-devel-linux-x86_64-fedora-clang 0.2-2 21.22 NOTE --no-stop-on-test-error
r-devel-linux-x86_64-fedora-gcc 0.2-2 19.98 NOTE --no-stop-on-test-error
r-devel-macos-x86_64-clang 0.2-2 18.88 NOTE --no-stop-on-test-error
r-devel-windows-ix86+x86_64 0.2-2 5.00 37.00 42.00 NOTE
r-patched-linux-x86_64 0.2-2 0.64 10.16 10.81 NOTE
r-patched-solaris-sparc 0.2-2 118.10 NOTE
r-patched-solaris-x86 0.2-2 27.70 NOTE
r-release-linux-x86_64 0.2-2 0.66 10.02 10.68 NOTE
r-release-osx-x86_64-mavericks 0.2-2 NOTE
r-release-windows-ix86+x86_64 0.2-2 7.00 30.00 37.00 NOTE
r-oldrel-windows-ix86+x86_64 0.2-2 8.00 32.00 40.00 NOTE

Check Details

Version: 0.2-2
Check: DESCRIPTION meta-information
Result: NOTE
    Malformed Description field: should contain one or more complete sentences.
Flavors: r-devel-linux-x86_64-debian-clang, r-devel-linux-x86_64-debian-gcc, r-devel-windows-ix86+x86_64, r-patched-linux-x86_64, r-patched-solaris-sparc, r-patched-solaris-x86, r-release-linux-x86_64, r-release-osx-x86_64-mavericks, r-release-windows-ix86+x86_64, r-oldrel-windows-ix86+x86_64

Version: 0.2-2
Check: dependencies in R code
Result: NOTE
    'library' or 'require' call to ‘zoo’ which was already attached by Depends.
     Please remove these calls from your code.
Flavors: r-devel-linux-x86_64-debian-clang, r-devel-linux-x86_64-debian-gcc, r-devel-windows-ix86+x86_64, r-patched-linux-x86_64, r-patched-solaris-sparc, r-patched-solaris-x86, r-release-linux-x86_64, r-release-osx-x86_64-mavericks, r-release-windows-ix86+x86_64, r-oldrel-windows-ix86+x86_64

Version: 0.2-2
Flags: --no-stop-on-test-error
Check: DESCRIPTION meta-information
Result: NOTE
    Malformed Description field: should contain one or more complete sentences.
Flavors: r-devel-linux-x86_64-fedora-clang, r-devel-linux-x86_64-fedora-gcc, r-devel-macos-x86_64-clang

Version: 0.2-2
Flags: --no-stop-on-test-error
Check: dependencies in R code
Result: NOTE
    'library' or 'require' call to ‘zoo’ which was already attached by Depends.
     Please remove these calls from your code.
Flavors: r-devel-linux-x86_64-fedora-clang, r-devel-linux-x86_64-fedora-gcc, r-devel-macos-x86_64-clang