CRAN Package Check Results for Package tgram

Last updated on 2015-04-19 23:49:32.

Flavor Version Tinstall Tcheck Ttotal Status Flags
r-devel-linux-x86_64-debian-clang 0.2-2 0.75 11.54 12.28 NOTE
r-devel-linux-x86_64-debian-gcc 0.2-2 0.65 10.44 11.09 NOTE
r-devel-linux-x86_64-fedora-clang 0.2-2 22.12 NOTE
r-devel-linux-x86_64-fedora-gcc 0.2-2 20.30 NOTE
r-devel-osx-x86_64-clang 0.2-2 24.87 NOTE
r-devel-windows-ix86+x86_64 0.2-2 3.00 24.00 27.00 NOTE
r-patched-linux-x86_64 0.2-2 0.64 10.28 10.92 NOTE
r-patched-solaris-sparc 0.2-2 128.40 NOTE
r-patched-solaris-x86 0.2-2 30.90 NOTE
r-release-linux-x86_64 0.2-2 2.65 9.32 11.97 NOTE
r-release-osx-x86_64-mavericks 0.2-2 NOTE
r-release-osx-x86_64-snowleopard 0.2-2 ERROR
r-release-windows-ix86+x86_64 0.2-2 1.00 16.00 17.00 NOTE
r-oldrel-windows-ix86+x86_64 0.2-2 2.00 22.00 24.00 NOTE

Check Details

Version: 0.2-2
Check: DESCRIPTION meta-information
Result: NOTE
    Malformed Description field: should contain one or more complete sentences.
Flavors: r-devel-linux-x86_64-debian-clang, r-devel-linux-x86_64-debian-gcc, r-devel-linux-x86_64-fedora-clang, r-devel-linux-x86_64-fedora-gcc, r-devel-osx-x86_64-clang, r-devel-windows-ix86+x86_64, r-patched-linux-x86_64, r-patched-solaris-sparc, r-patched-solaris-x86, r-release-linux-x86_64, r-release-osx-x86_64-mavericks, r-release-windows-ix86+x86_64

Version: 0.2-2
Check: dependencies in R code
Result: NOTE
    'library' or 'require' call to ‘zoo’ which was already attached by Depends.
     Please remove these calls from your code.
Flavors: r-devel-linux-x86_64-debian-clang, r-devel-linux-x86_64-debian-gcc, r-devel-linux-x86_64-fedora-clang, r-devel-linux-x86_64-fedora-gcc, r-devel-osx-x86_64-clang, r-devel-windows-ix86+x86_64, r-patched-linux-x86_64, r-patched-solaris-sparc, r-patched-solaris-x86, r-release-linux-x86_64, r-release-osx-x86_64-mavericks, r-release-windows-ix86+x86_64, r-oldrel-windows-ix86+x86_64

Version: 0.2-2
Check: package dependencies
Result: ERROR
    Package required but not available: ‘zoo’
    
    See section ‘The DESCRIPTION file’ in the ‘Writing R Extensions’
    manual.
Flavor: r-release-osx-x86_64-snowleopard