CRAN Package Check Results for Package tgram

Last updated on 2016-09-28 18:50:15.

Flavor Version Tinstall Tcheck Ttotal Status Flags
r-devel-linux-x86_64-debian-clang 0.2-2 0.66 10.04 10.70 NOTE
r-devel-linux-x86_64-debian-gcc 0.2-2 0.64 9.96 10.60 NOTE
r-devel-linux-x86_64-fedora-clang 0.2-2 18.40 NOTE
r-devel-linux-x86_64-fedora-gcc 0.2-2 17.17 NOTE
r-devel-macos-x86_64-clang 0.2-2 16.71 NOTE
r-devel-windows-ix86+x86_64 0.2-2 3.00 41.00 44.00 NOTE
r-patched-linux-x86_64 0.2-2 0.65 9.96 10.61 NOTE
r-patched-solaris-sparc 0.2-2 117.20 NOTE
r-patched-solaris-x86 0.2-2 27.10 NOTE
r-release-linux-x86_64 0.2-2 0.66 10.19 10.85 NOTE
r-release-osx-x86_64-mavericks 0.2-2 NOTE
r-release-windows-ix86+x86_64 0.2-2 3.00 27.00 30.00 NOTE
r-oldrel-windows-ix86+x86_64 0.2-2 5.00 35.00 40.00 NOTE

Check Details

Version: 0.2-2
Check: DESCRIPTION meta-information
Result: NOTE
    Malformed Description field: should contain one or more complete sentences.
Flavors: r-devel-linux-x86_64-debian-clang, r-devel-linux-x86_64-debian-gcc, r-devel-linux-x86_64-fedora-clang, r-devel-linux-x86_64-fedora-gcc, r-devel-macos-x86_64-clang, r-devel-windows-ix86+x86_64, r-patched-linux-x86_64, r-patched-solaris-sparc, r-patched-solaris-x86, r-release-linux-x86_64, r-release-osx-x86_64-mavericks, r-release-windows-ix86+x86_64, r-oldrel-windows-ix86+x86_64

Version: 0.2-2
Check: dependencies in R code
Result: NOTE
    'library' or 'require' call to ‘zoo’ which was already attached by Depends.
     Please remove these calls from your code.
Flavors: r-devel-linux-x86_64-debian-clang, r-devel-linux-x86_64-debian-gcc, r-devel-linux-x86_64-fedora-clang, r-devel-linux-x86_64-fedora-gcc, r-devel-macos-x86_64-clang, r-devel-windows-ix86+x86_64, r-patched-linux-x86_64, r-patched-solaris-sparc, r-patched-solaris-x86, r-release-linux-x86_64, r-release-osx-x86_64-mavericks, r-release-windows-ix86+x86_64, r-oldrel-windows-ix86+x86_64