CRAN Package Check Results for Package tgram

Last updated on 2014-11-22 11:49:25.

Flavor Version Tinstall Tcheck Ttotal Status Flags
r-devel-linux-x86_64-debian-clang 0.2-2 0.75 11.98 12.73 NOTE
r-devel-linux-x86_64-debian-gcc 0.2-2 0.71 11.73 12.44 NOTE
r-devel-linux-x86_64-fedora-clang 0.2-2 25.24 NOTE
r-devel-linux-x86_64-fedora-gcc 0.2-2 23.96 NOTE
r-devel-osx-x86_64-clang 0.2-2 28.47 NOTE
r-devel-windows-ix86+x86_64 0.2-2 3.00 21.00 24.00 NOTE
r-patched-linux-x86_64 0.2-2 0.74 11.65 12.39 NOTE
r-patched-solaris-sparc 0.2-2 136.70 NOTE
r-patched-solaris-x86 0.2-2 37.30 NOTE
r-release-linux-ix86 0.2-2 1.03 17.10 18.13 NOTE
r-release-linux-x86_64 0.2-2 0.78 11.73 12.51 NOTE
r-release-osx-x86_64-mavericks 0.2-2 NOTE
r-release-osx-x86_64-snowleopard 0.2-2 NOTE
r-release-windows-ix86+x86_64 0.2-2 4.00 21.00 25.00 NOTE
r-oldrel-windows-ix86+x86_64 0.2-2 3.00 22.00 25.00 NOTE

Check Details

Version: 0.2-2
Check: dependencies in R code
Result: NOTE
    'library' or 'require' call to ‘zoo’ which was already attached by Depends.
     Please remove these calls from your code.
    See the information on DESCRIPTION files in the chapter ‘Creating R
    packages’ of the ‘Writing R Extensions’ manual.
Flavors: r-devel-linux-x86_64-debian-clang, r-devel-linux-x86_64-debian-gcc, r-devel-linux-x86_64-fedora-clang, r-devel-linux-x86_64-fedora-gcc, r-devel-osx-x86_64-clang, r-devel-windows-ix86+x86_64, r-patched-linux-x86_64, r-patched-solaris-sparc, r-patched-solaris-x86, r-release-linux-ix86, r-release-linux-x86_64, r-release-osx-x86_64-mavericks, r-release-osx-x86_64-snowleopard, r-release-windows-ix86+x86_64, r-oldrel-windows-ix86+x86_64