CRAN Package Check Results for Package tgram

Last updated on 2017-05-29 16:48:45.

Flavor Version Tinstall Tcheck Ttotal Status Flags
r-devel-linux-x86_64-debian-clang 0.2-2 0.85 13.73 14.58 NOTE
r-devel-linux-x86_64-debian-gcc 0.2-2 0.86 13.17 14.03 NOTE
r-devel-linux-x86_64-fedora-clang 0.2-2 22.57 NOTE
r-devel-linux-x86_64-fedora-gcc 0.2-2 20.12 NOTE
r-devel-windows-ix86+x86_64 0.2-2 3.00 42.00 45.00 NOTE
r-patched-linux-x86_64 0.2-2 0.95 13.06 14.01 NOTE
r-patched-solaris-sparc 0.2-2 128.90 NOTE
r-patched-solaris-x86 0.2-2 30.80 NOTE
r-release-linux-x86_64 0.2-2 0.86 13.32 14.18 NOTE
r-release-windows-ix86+x86_64 0.2-2 7.00 38.00 45.00 NOTE
r-release-osx-x86_64 0.2-2 NOTE
r-oldrel-windows-ix86+x86_64 0.2-2 2.00 30.00 32.00 NOTE
r-oldrel-osx-x86_64 0.2-2 NOTE

Check Details

Version: 0.2-2
Check: DESCRIPTION meta-information
Result: NOTE
    Malformed Description field: should contain one or more complete sentences.
Flavors: r-devel-linux-x86_64-debian-clang, r-devel-linux-x86_64-debian-gcc, r-devel-linux-x86_64-fedora-clang, r-devel-linux-x86_64-fedora-gcc, r-devel-windows-ix86+x86_64, r-patched-linux-x86_64, r-patched-solaris-sparc, r-patched-solaris-x86, r-release-linux-x86_64, r-release-windows-ix86+x86_64, r-release-osx-x86_64, r-oldrel-windows-ix86+x86_64, r-oldrel-osx-x86_64

Version: 0.2-2
Check: dependencies in R code
Result: NOTE
    'library' or 'require' call to ‘zoo’ which was already attached by Depends.
     Please remove these calls from your code.
Flavors: r-devel-linux-x86_64-debian-clang, r-devel-linux-x86_64-debian-gcc, r-devel-linux-x86_64-fedora-clang, r-devel-linux-x86_64-fedora-gcc, r-devel-windows-ix86+x86_64, r-patched-linux-x86_64, r-patched-solaris-sparc, r-patched-solaris-x86, r-release-linux-x86_64, r-release-windows-ix86+x86_64, r-release-osx-x86_64, r-oldrel-windows-ix86+x86_64, r-oldrel-osx-x86_64