CRAN Package Check Results for Package tgram

Last updated on 2015-01-31 17:49:53.

Flavor Version Tinstall Tcheck Ttotal Status Flags
r-devel-linux-x86_64-debian-clang 0.2-2 0.74 10.68 11.42 NOTE
r-devel-linux-x86_64-debian-gcc 0.2-2 0.66 9.95 10.62 NOTE
r-devel-linux-x86_64-fedora-clang 0.2-2 23.23 NOTE
r-devel-linux-x86_64-fedora-gcc 0.2-2 24.41 NOTE
r-devel-osx-x86_64-clang 0.2-2 28.18 NOTE
r-devel-windows-ix86+x86_64 0.2-2 4.00 18.00 22.00 NOTE
r-patched-linux-x86_64 0.2-2 0.77 11.74 12.50 NOTE
r-patched-solaris-sparc 0.2-2 138.90 NOTE
r-patched-solaris-x86 0.2-2 36.30 NOTE
r-release-linux-ix86 0.2-2 1.08 17.50 18.58 NOTE
r-release-linux-x86_64 0.2-2 0.76 11.70 12.47 NOTE
r-release-osx-x86_64-mavericks 0.2-2 NOTE
r-release-osx-x86_64-snowleopard 0.2-2 NOTE
r-release-windows-ix86+x86_64 0.2-2 3.00 22.00 25.00 NOTE
r-oldrel-windows-ix86+x86_64 0.2-2 3.00 20.00 23.00 NOTE

Check Details

Version: 0.2-2
Check: dependencies in R code
Result: NOTE
    'library' or 'require' call to ‘zoo’ which was already attached by Depends.
     Please remove these calls from your code.
Flavors: r-devel-linux-x86_64-debian-clang, r-devel-linux-x86_64-debian-gcc, r-devel-linux-x86_64-fedora-clang, r-devel-linux-x86_64-fedora-gcc, r-devel-osx-x86_64-clang, r-devel-windows-ix86+x86_64

Version: 0.2-2
Check: dependencies in R code
Result: NOTE
    'library' or 'require' call to ‘zoo’ which was already attached by Depends.
     Please remove these calls from your code.
    See the information on DESCRIPTION files in the chapter ‘Creating R
    packages’ of the ‘Writing R Extensions’ manual.
Flavors: r-patched-linux-x86_64, r-patched-solaris-sparc, r-patched-solaris-x86, r-release-linux-ix86, r-release-linux-x86_64, r-release-osx-x86_64-mavericks, r-release-osx-x86_64-snowleopard, r-release-windows-ix86+x86_64, r-oldrel-windows-ix86+x86_64