CRAN Package Check Results for Package tgram

Last updated on 2015-03-04 13:49:11.

Flavor Version Tinstall Tcheck Ttotal Status Flags
r-devel-linux-x86_64-debian-clang 0.2-2 0.66 10.78 11.44 NOTE
r-devel-linux-x86_64-debian-gcc 0.2-2 0.65 9.92 10.57 NOTE
r-devel-linux-x86_64-fedora-clang 0.2-2 22.61 NOTE
r-devel-linux-x86_64-fedora-gcc 0.2-2 20.42 NOTE
r-devel-osx-x86_64-clang 0.2-2 24.91 NOTE
r-devel-windows-ix86+x86_64 0.2-2 3.00 19.00 22.00 NOTE
r-patched-linux-x86_64 0.2-2 0.78 11.90 12.68 NOTE
r-patched-solaris-sparc 0.2-2 166.20 NOTE
r-patched-solaris-x86 0.2-2 36.80 NOTE
r-release-linux-ix86 0.2-2 1.05 17.93 18.98 NOTE
r-release-linux-x86_64 0.2-2 0.78 12.28 13.06 NOTE
r-release-osx-x86_64-mavericks 0.2-2 NOTE
r-release-osx-x86_64-snowleopard 0.2-2 NOTE
r-release-windows-ix86+x86_64 0.2-2 3.00 22.00 25.00 NOTE
r-oldrel-windows-ix86+x86_64 0.2-2 3.00 23.00 26.00 NOTE

Check Details

Version: 0.2-2
Check: DESCRIPTION meta-information
Result: NOTE
    Malformed Description field: should contain one or more complete sentences.
Flavors: r-devel-linux-x86_64-debian-clang, r-devel-linux-x86_64-debian-gcc, r-devel-linux-x86_64-fedora-clang, r-devel-linux-x86_64-fedora-gcc, r-devel-osx-x86_64-clang, r-devel-windows-ix86+x86_64

Version: 0.2-2
Check: dependencies in R code
Result: NOTE
    'library' or 'require' call to ‘zoo’ which was already attached by Depends.
     Please remove these calls from your code.
Flavors: r-devel-linux-x86_64-debian-clang, r-devel-linux-x86_64-debian-gcc, r-devel-linux-x86_64-fedora-clang, r-devel-linux-x86_64-fedora-gcc, r-devel-osx-x86_64-clang, r-devel-windows-ix86+x86_64, r-patched-linux-x86_64, r-patched-solaris-sparc, r-patched-solaris-x86

Version: 0.2-2
Check: dependencies in R code
Result: NOTE
    'library' or 'require' call to ‘zoo’ which was already attached by Depends.
     Please remove these calls from your code.
    See the information on DESCRIPTION files in the chapter ‘Creating R
    packages’ of the ‘Writing R Extensions’ manual.
Flavors: r-release-linux-ix86, r-release-linux-x86_64, r-release-osx-x86_64-mavericks, r-release-osx-x86_64-snowleopard, r-release-windows-ix86+x86_64, r-oldrel-windows-ix86+x86_64