CRAN Package Check Results for Package tgram

Last updated on 2016-02-14 17:50:35.

Flavor Version Tinstall Tcheck Ttotal Status Flags
r-devel-linux-x86_64-debian-gcc 0.2-2 0.63 9.04 9.67 NOTE
r-devel-linux-x86_64-fedora-clang 0.2-2 17.76 NOTE
r-devel-linux-x86_64-fedora-gcc 0.2-2 17.14 NOTE
r-devel-osx-x86_64-clang 0.2-2 21.39 NOTE
r-devel-windows-ix86+x86_64 0.2-2 4.00 26.00 30.00 NOTE
r-patched-linux-x86_64 0.2-2 0.68 10.44 11.12 NOTE
r-patched-solaris-sparc 0.2-2 120.70 NOTE
r-patched-solaris-x86 0.2-2 27.50 NOTE
r-release-linux-x86_64 0.2-2 0.74 10.11 10.85 NOTE
r-release-osx-x86_64-mavericks 0.2-2 NOTE
r-release-windows-ix86+x86_64 0.2-2 4.00 34.00 38.00 NOTE
r-oldrel-windows-ix86+x86_64 0.2-2 5.00 37.00 42.00 NOTE

Check Details

Version: 0.2-2
Check: DESCRIPTION meta-information
Result: NOTE
    Malformed Description field: should contain one or more complete sentences.
Flavors: r-devel-linux-x86_64-debian-gcc, r-devel-linux-x86_64-fedora-clang, r-devel-linux-x86_64-fedora-gcc, r-devel-osx-x86_64-clang, r-devel-windows-ix86+x86_64, r-patched-linux-x86_64, r-patched-solaris-sparc, r-patched-solaris-x86, r-release-linux-x86_64, r-release-osx-x86_64-mavericks, r-release-windows-ix86+x86_64

Version: 0.2-2
Check: dependencies in R code
Result: NOTE
    'library' or 'require' call to ‘zoo’ which was already attached by Depends.
     Please remove these calls from your code.
Flavors: r-devel-linux-x86_64-debian-gcc, r-devel-linux-x86_64-fedora-clang, r-devel-linux-x86_64-fedora-gcc, r-devel-osx-x86_64-clang, r-devel-windows-ix86+x86_64, r-patched-linux-x86_64, r-patched-solaris-sparc, r-patched-solaris-x86, r-release-linux-x86_64, r-release-osx-x86_64-mavericks, r-release-windows-ix86+x86_64, r-oldrel-windows-ix86+x86_64