CRAN Package Check Results for Package tgram

Last updated on 2015-09-03 23:47:53.

Flavor Version Tinstall Tcheck Ttotal Status Flags
r-devel-linux-x86_64-debian-clang 0.2-2 0.65 9.62 10.27 NOTE
r-devel-linux-x86_64-debian-gcc 0.2-2 0.74 9.59 10.32 NOTE
r-devel-linux-x86_64-fedora-clang 0.2-2 19.61 NOTE
r-devel-linux-x86_64-fedora-gcc 0.2-2 18.38 NOTE
r-devel-osx-x86_64-clang 0.2-2 18.74 NOTE
r-devel-windows-ix86+x86_64 0.2-2 4.00 25.00 29.00 NOTE
r-patched-linux-x86_64 0.2-2 0.72 10.16 10.88 NOTE
r-patched-solaris-sparc 0.2-2 141.10 NOTE
r-patched-solaris-x86 0.2-2 30.90 NOTE
r-release-linux-x86_64 0.2-2 0.67 10.55 11.22 NOTE
r-release-osx-x86_64-mavericks 0.2-2 NOTE
r-release-windows-ix86+x86_64 0.2-2 3.00 31.00 34.00 NOTE
r-oldrel-windows-ix86+x86_64 0.2-2 5.00 23.00 28.00 NOTE

Check Details

Version: 0.2-2
Check: DESCRIPTION meta-information
Result: NOTE
    Malformed Description field: should contain one or more complete sentences.
Flavors: r-devel-linux-x86_64-debian-clang, r-devel-linux-x86_64-debian-gcc, r-devel-linux-x86_64-fedora-clang, r-devel-linux-x86_64-fedora-gcc, r-devel-osx-x86_64-clang, r-devel-windows-ix86+x86_64, r-patched-linux-x86_64, r-patched-solaris-sparc, r-patched-solaris-x86, r-release-linux-x86_64, r-release-osx-x86_64-mavericks, r-release-windows-ix86+x86_64

Version: 0.2-2
Check: dependencies in R code
Result: NOTE
    'library' or 'require' call to ‘zoo’ which was already attached by Depends.
     Please remove these calls from your code.
Flavors: r-devel-linux-x86_64-debian-clang, r-devel-linux-x86_64-debian-gcc, r-devel-linux-x86_64-fedora-clang, r-devel-linux-x86_64-fedora-gcc, r-devel-osx-x86_64-clang, r-devel-windows-ix86+x86_64, r-patched-linux-x86_64, r-patched-solaris-sparc, r-patched-solaris-x86, r-release-linux-x86_64, r-release-osx-x86_64-mavericks, r-release-windows-ix86+x86_64, r-oldrel-windows-ix86+x86_64