CRAN Package Check Results for Package tgram

Last updated on 2017-11-24 18:51:04 CET.

Flavor Version Tinstall Tcheck Ttotal Status Flags
r-devel-linux-x86_64-debian-clang 0.2-2 1.12 33.06 34.18 NOTE
r-devel-linux-x86_64-debian-gcc 0.2-2 0.90 30.94 31.84 NOTE
r-devel-linux-x86_64-fedora-clang 0.2-2 20.15 NOTE
r-devel-linux-x86_64-fedora-gcc 0.2-2 19.18 NOTE
r-devel-windows-ix86+x86_64 0.2-2 3.00 37.00 40.00 NOTE
r-patched-linux-x86_64 0.2-2 1.14 32.61 33.75 NOTE
r-patched-solaris-x86 0.2-2 31.70 NOTE
r-release-linux-x86_64 0.2-2 1.18 34.67 35.85 NOTE
r-release-windows-ix86+x86_64 0.2-2 3.00 29.00 32.00 NOTE
r-release-osx-x86_64 0.2-2 NOTE
r-oldrel-windows-ix86+x86_64 0.2-2 2.00 29.00 31.00 NOTE
r-oldrel-osx-x86_64 0.2-2 NOTE

Check Details

Version: 0.2-2
Check: DESCRIPTION meta-information
Result: NOTE
    Malformed Description field: should contain one or more complete sentences.
Flavors: r-devel-linux-x86_64-debian-clang, r-devel-linux-x86_64-debian-gcc, r-devel-linux-x86_64-fedora-clang, r-devel-linux-x86_64-fedora-gcc, r-devel-windows-ix86+x86_64, r-patched-linux-x86_64, r-patched-solaris-x86, r-release-linux-x86_64, r-release-windows-ix86+x86_64, r-release-osx-x86_64, r-oldrel-windows-ix86+x86_64, r-oldrel-osx-x86_64

Version: 0.2-2
Check: dependencies in R code
Result: NOTE
    'library' or 'require' call to ‘zoo’ which was already attached by Depends.
     Please remove these calls from your code.
Flavors: r-devel-linux-x86_64-debian-clang, r-devel-linux-x86_64-debian-gcc, r-devel-linux-x86_64-fedora-clang, r-devel-linux-x86_64-fedora-gcc, r-devel-windows-ix86+x86_64, r-patched-linux-x86_64, r-patched-solaris-x86, r-release-linux-x86_64, r-release-windows-ix86+x86_64, r-release-osx-x86_64, r-oldrel-windows-ix86+x86_64, r-oldrel-osx-x86_64