CRAN Package Check Results for Package tgram

Last updated on 2015-05-28 15:47:53.

Flavor Version Tinstall Tcheck Ttotal Status Flags
r-devel-linux-x86_64-debian-clang 0.2-2 0.65 10.24 10.90 NOTE
r-devel-linux-x86_64-debian-gcc 0.2-2 0.65 10.41 11.06 NOTE
r-devel-linux-x86_64-fedora-clang 0.2-2 21.39 NOTE
r-devel-linux-x86_64-fedora-gcc 0.2-2 20.34 NOTE
r-devel-osx-x86_64-clang 0.2-2 25.05 NOTE
r-devel-windows-ix86+x86_64 0.2-2 3.00 20.00 23.00 NOTE
r-patched-linux-x86_64 0.2-2 0.64 10.74 11.38 NOTE
r-patched-solaris-sparc 0.2-2 135.00 NOTE
r-patched-solaris-x86 0.2-2 31.50 NOTE
r-release-linux-x86_64 0.2-2 0.70 10.14 10.84 NOTE
r-release-osx-x86_64-mavericks 0.2-2 NOTE
r-release-osx-x86_64-snowleopard 0.2-2 ERROR
r-release-windows-ix86+x86_64 0.2-2 2.00 20.00 22.00 NOTE
r-oldrel-windows-ix86+x86_64 0.2-2 4.00 24.00 28.00 NOTE

Check Details

Version: 0.2-2
Check: DESCRIPTION meta-information
Result: NOTE
    Malformed Description field: should contain one or more complete sentences.
Flavors: r-devel-linux-x86_64-debian-clang, r-devel-linux-x86_64-debian-gcc, r-devel-linux-x86_64-fedora-clang, r-devel-linux-x86_64-fedora-gcc, r-devel-osx-x86_64-clang, r-devel-windows-ix86+x86_64, r-patched-linux-x86_64, r-patched-solaris-sparc, r-patched-solaris-x86, r-release-linux-x86_64, r-release-osx-x86_64-mavericks, r-release-windows-ix86+x86_64

Version: 0.2-2
Check: dependencies in R code
Result: NOTE
    'library' or 'require' call to ‘zoo’ which was already attached by Depends.
     Please remove these calls from your code.
Flavors: r-devel-linux-x86_64-debian-clang, r-devel-linux-x86_64-debian-gcc, r-devel-linux-x86_64-fedora-clang, r-devel-linux-x86_64-fedora-gcc, r-devel-osx-x86_64-clang, r-devel-windows-ix86+x86_64, r-patched-linux-x86_64, r-patched-solaris-sparc, r-patched-solaris-x86, r-release-linux-x86_64, r-release-osx-x86_64-mavericks, r-release-windows-ix86+x86_64, r-oldrel-windows-ix86+x86_64

Version: 0.2-2
Check: package dependencies
Result: ERROR
    Package required but not available: ‘zoo’
    
    See section ‘The DESCRIPTION file’ in the ‘Writing R Extensions’
    manual.
Flavor: r-release-osx-x86_64-snowleopard