CRAN Package Check Results for Package tgram

Last updated on 2015-07-28 17:48:44.

Flavor Version Tinstall Tcheck Ttotal Status Flags
r-devel-linux-x86_64-debian-clang 0.2-2 0.68 10.04 10.72 NOTE
r-devel-linux-x86_64-debian-gcc 0.2-2 0.62 9.91 10.53 NOTE
r-devel-linux-x86_64-fedora-clang 0.2-2 20.08 NOTE
r-devel-linux-x86_64-fedora-gcc 0.2-2 19.31 NOTE
r-devel-osx-x86_64-clang 0.2-2 19.61 NOTE
r-devel-windows-ix86+x86_64 0.2-2 2.00 20.00 22.00 NOTE
r-patched-linux-x86_64 0.2-2 0.66 10.37 11.02 NOTE
r-patched-solaris-sparc 0.2-2 141.10 NOTE
r-patched-solaris-x86 0.2-2 31.90 NOTE
r-release-linux-x86_64 0.2-2 0.65 10.34 10.99 NOTE
r-release-osx-x86_64-mavericks 0.2-2 NOTE
r-release-windows-ix86+x86_64 0.2-2 5.00 20.00 25.00 NOTE
r-oldrel-windows-ix86+x86_64 0.2-2 3.00 23.00 26.00 NOTE

Check Details

Version: 0.2-2
Check: DESCRIPTION meta-information
Result: NOTE
    Malformed Description field: should contain one or more complete sentences.
Flavors: r-devel-linux-x86_64-debian-clang, r-devel-linux-x86_64-debian-gcc, r-devel-linux-x86_64-fedora-clang, r-devel-linux-x86_64-fedora-gcc, r-devel-osx-x86_64-clang, r-devel-windows-ix86+x86_64, r-patched-linux-x86_64, r-patched-solaris-sparc, r-patched-solaris-x86, r-release-linux-x86_64, r-release-osx-x86_64-mavericks, r-release-windows-ix86+x86_64

Version: 0.2-2
Check: dependencies in R code
Result: NOTE
    'library' or 'require' call to ‘zoo’ which was already attached by Depends.
     Please remove these calls from your code.
Flavors: r-devel-linux-x86_64-debian-clang, r-devel-linux-x86_64-debian-gcc, r-devel-linux-x86_64-fedora-clang, r-devel-linux-x86_64-fedora-gcc, r-devel-osx-x86_64-clang, r-devel-windows-ix86+x86_64, r-patched-linux-x86_64, r-patched-solaris-sparc, r-patched-solaris-x86, r-release-linux-x86_64, r-release-osx-x86_64-mavericks, r-release-windows-ix86+x86_64, r-oldrel-windows-ix86+x86_64