CRAN Package Check Results for Package tgram

Last updated on 2017-09-19 21:48:31.

Flavor Version Tinstall Tcheck Ttotal Status Flags
r-devel-linux-x86_64-debian-clang 0.2-2 0.88 13.35 14.23 NOTE
r-devel-linux-x86_64-debian-gcc 0.2-2 0.82 12.76 13.58 NOTE
r-devel-linux-x86_64-fedora-clang 0.2-2 22.35 NOTE
r-devel-linux-x86_64-fedora-gcc 0.2-2 21.09 NOTE
r-devel-windows-ix86+x86_64 0.2-2 3.00 41.00 44.00 NOTE
r-patched-linux-x86_64 0.2-2 0.91 12.91 13.82 NOTE
r-patched-solaris-x86 0.2-2 32.40 NOTE
r-release-linux-x86_64 0.2-2 0.89 13.19 14.08 NOTE
r-release-windows-ix86+x86_64 0.2-2 3.00 30.00 33.00 NOTE
r-release-osx-x86_64 0.2-2 NOTE
r-oldrel-windows-ix86+x86_64 0.2-2 2.00 27.00 29.00 NOTE
r-oldrel-osx-x86_64 0.2-2 NOTE

Check Details

Version: 0.2-2
Check: DESCRIPTION meta-information
Result: NOTE
    Malformed Description field: should contain one or more complete sentences.
Flavors: r-devel-linux-x86_64-debian-clang, r-devel-linux-x86_64-debian-gcc, r-devel-linux-x86_64-fedora-clang, r-devel-linux-x86_64-fedora-gcc, r-devel-windows-ix86+x86_64, r-patched-linux-x86_64, r-patched-solaris-x86, r-release-linux-x86_64, r-release-windows-ix86+x86_64, r-release-osx-x86_64, r-oldrel-windows-ix86+x86_64, r-oldrel-osx-x86_64

Version: 0.2-2
Check: dependencies in R code
Result: NOTE
    'library' or 'require' call to ‘zoo’ which was already attached by Depends.
     Please remove these calls from your code.
Flavors: r-devel-linux-x86_64-debian-clang, r-devel-linux-x86_64-debian-gcc, r-devel-linux-x86_64-fedora-clang, r-devel-linux-x86_64-fedora-gcc, r-devel-windows-ix86+x86_64, r-patched-linux-x86_64, r-patched-solaris-x86, r-release-linux-x86_64, r-release-windows-ix86+x86_64, r-release-osx-x86_64, r-oldrel-windows-ix86+x86_64, r-oldrel-osx-x86_64