CRAN Package Check Results for Package thankr

Last updated on 2024-03-03 10:52:58 CET.

Flavor Version Tinstall Tcheck Ttotal Status Flags
r-devel-linux-x86_64-debian-clang 1.0.0 1.75 21.91 23.66 NOTE
r-devel-linux-x86_64-debian-gcc 1.0.0 1.44 17.24 18.68 NOTE
r-devel-linux-x86_64-fedora-clang 1.0.0 30.45 NOTE
r-devel-linux-x86_64-fedora-gcc 1.0.0 97.68 NOTE
r-devel-windows-x86_64 1.0.0 2.00 39.00 41.00 NOTE
r-patched-linux-x86_64 1.0.0 2.08 22.19 24.27 NOTE
r-release-linux-x86_64 1.0.0 1.85 21.85 23.70 NOTE
r-release-macos-arm64 1.0.0 33.00 NOTE
r-release-macos-x86_64 1.0.0 80.00 NOTE
r-release-windows-x86_64 1.0.0 3.00 40.00 43.00 NOTE
r-oldrel-macos-arm64 1.0.0 42.00 NOTE
r-oldrel-windows-x86_64 1.0.0 4.00 44.00 48.00 NOTE

Check Details

Version: 1.0.0
Check: Rd files
Result: NOTE checkRd: (-1) shoulders.Rd:21: Lost braces in \itemize; \value handles \item{}{} directly checkRd: (-1) shoulders.Rd:22: Lost braces in \itemize; \value handles \item{}{} directly checkRd: (-1) shoulders.Rd:23: Lost braces in \itemize; \value handles \item{}{} directly Flavors: r-devel-linux-x86_64-debian-clang, r-devel-linux-x86_64-debian-gcc, r-devel-linux-x86_64-fedora-clang, r-devel-linux-x86_64-fedora-gcc

Version: 1.0.0
Check: LazyData
Result: NOTE 'LazyData' is specified without a 'data' directory Flavors: r-devel-linux-x86_64-debian-clang, r-devel-linux-x86_64-debian-gcc, r-devel-linux-x86_64-fedora-clang, r-devel-linux-x86_64-fedora-gcc, r-devel-windows-x86_64, r-patched-linux-x86_64, r-release-linux-x86_64, r-release-macos-arm64, r-release-macos-x86_64, r-release-windows-x86_64, r-oldrel-macos-arm64, r-oldrel-windows-x86_64