CRAN Package Check Results for Package thestats

Last updated on 2024-06-12 20:59:18 CEST.

Flavor Version Tinstall Tcheck Ttotal Status Flags
r-devel-linux-x86_64-debian-clang 0.1.0 15.78 52.81 68.59 OK
r-devel-linux-x86_64-debian-gcc 0.1.0 0.47 1.73 2.20 ERROR
r-devel-linux-x86_64-fedora-clang 0.1.0 90.51 NOTE
r-devel-linux-x86_64-fedora-gcc 0.1.0 90.13 NOTE
r-devel-windows-x86_64 0.1.0 15.00 62.00 77.00 NOTE
r-patched-linux-x86_64 0.1.0 17.01 52.92 69.93 OK
r-release-linux-x86_64 0.1.0 15.42 52.02 67.44 OK
r-release-macos-arm64 0.1.0 33.00 NOTE
r-release-macos-x86_64 0.1.0 49.00 NOTE
r-release-windows-x86_64 0.1.0 15.00 64.00 79.00 NOTE
r-oldrel-macos-arm64 0.1.0 35.00 NOTE
r-oldrel-macos-x86_64 0.1.0 54.00 NOTE
r-oldrel-windows-x86_64 0.1.0 20.00 71.00 91.00 NOTE

Check Details

Version: 0.1.0
Check: package dependencies
Result: ERROR Package required but not available: ‘dplyr’ See section ‘The DESCRIPTION file’ in the ‘Writing R Extensions’ manual. Flavor: r-devel-linux-x86_64-debian-gcc

Version: 0.1.0
Check: installed package size
Result: NOTE installed size is 7.0Mb sub-directories of 1Mb or more: R 4.0Mb data 3.0Mb Flavors: r-devel-linux-x86_64-fedora-clang, r-devel-windows-x86_64, r-release-macos-arm64, r-release-macos-x86_64, r-release-windows-x86_64, r-oldrel-macos-arm64, r-oldrel-macos-x86_64, r-oldrel-windows-x86_64

Version: 0.1.0
Check: data for non-ASCII characters
Result: NOTE Note: found 197527 marked UTF-8 strings Flavors: r-devel-linux-x86_64-fedora-clang, r-devel-linux-x86_64-fedora-gcc