Last updated on 2022-07-04 16:52:41 CEST.
Flavor | Version | Tinstall | Tcheck | Ttotal | Status | Flags |
---|---|---|---|---|---|---|
r-devel-linux-x86_64-debian-clang | 1.0.1 | 14.39 | 55.75 | 70.14 | OK | |
r-devel-linux-x86_64-debian-gcc | 1.0.1 | 12.09 | 42.16 | 54.25 | OK | |
r-devel-linux-x86_64-fedora-clang | 1.0.1 | 96.62 | NOTE | |||
r-devel-linux-x86_64-fedora-gcc | 1.0.1 | 94.55 | NOTE | |||
r-devel-windows-x86_64 | 1.0.1 | 34.00 | 78.00 | 112.00 | OK | |
r-patched-linux-x86_64 | 1.0.1 | 11.74 | 53.85 | 65.59 | OK | |
r-release-linux-x86_64 | 1.0.1 | 12.22 | 52.58 | 64.80 | OK | |
r-release-macos-arm64 | 1.0.1 | 32.00 | NOTE | |||
r-release-macos-x86_64 | 1.0.1 | 49.00 | NOTE | |||
r-release-windows-x86_64 | 1.0.1 | 34.00 | 80.00 | 114.00 | OK | |
r-oldrel-macos-arm64 | 1.0.1 | 32.00 | NOTE | |||
r-oldrel-macos-x86_64 | 1.0.1 | 40.00 | NOTE | |||
r-oldrel-windows-ix86+x86_64 | 1.0.1 | 30.00 | 75.00 | 105.00 | OK |
Version: 1.0.1
Check: dependencies in R code
Result: NOTE
Namespaces in Imports field not imported from:
‘MASS’ ‘readr’ ‘tidyverse’ ‘usethis’
All declared Imports should be used.
Flavors: r-devel-linux-x86_64-fedora-clang, r-devel-linux-x86_64-fedora-gcc, r-release-macos-arm64, r-release-macos-x86_64, r-oldrel-macos-arm64, r-oldrel-macos-x86_64