CRAN Package Check Results for Package threejs

Last updated on 2021-10-22 06:00:03 CEST.

Flavor Version Tinstall Tcheck Ttotal Status Flags
r-devel-linux-x86_64-debian-clang 0.3.3 4.03 43.13 47.16 OK
r-devel-linux-x86_64-debian-gcc 0.3.3 3.34 34.06 37.40 OK
r-devel-linux-x86_64-fedora-clang 0.3.3 67.46 OK
r-devel-linux-x86_64-fedora-gcc 0.3.3 56.74 OK
r-devel-windows-x86_64 0.3.3 10.00 55.00 65.00 OK
r-devel-windows-x86_64-gcc10-UCRT 0.3.3 ERROR
r-patched-linux-x86_64 0.3.3 7.33 42.62 49.95 OK
r-patched-solaris-x86 0.3.3 90.90 OK
r-release-linux-x86_64 0.3.3 3.61 43.29 46.90 OK
r-release-macos-arm64 0.3.3 OK
r-release-macos-x86_64 0.3.3 OK
r-release-windows-ix86+x86_64 0.3.3 7.00 68.00 75.00 OK
r-oldrel-macos-x86_64 0.3.3 OK
r-oldrel-windows-ix86+x86_64 0.3.3 9.00 69.00 78.00 OK

Check Details

Version: 0.3.3
Check: package dependencies
Result: ERROR
    Package required but not available: 'igraph'
    
    See section 'The DESCRIPTION file' in the 'Writing R Extensions'
    manual.
Flavor: r-devel-windows-x86_64-gcc10-UCRT