CRAN Package Check Results for Package threg

Last updated on 2015-07-30 07:47:29.

Flavor Version Tinstall Tcheck Ttotal Status Flags
r-devel-linux-x86_64-debian-clang 1.0.2 0.57 12.78 13.36 NOTE
r-devel-linux-x86_64-debian-gcc 1.0.2 0.58 12.67 13.26 NOTE
r-devel-linux-x86_64-fedora-clang 1.0.2 25.65 NOTE
r-devel-linux-x86_64-fedora-gcc 1.0.2 24.79 NOTE
r-devel-osx-x86_64-clang 1.0.2 22.65 OK
r-devel-windows-ix86+x86_64 1.0.2 3.00 23.00 26.00 NOTE
r-patched-linux-x86_64 1.0.2 0.70 13.28 13.99 OK
r-patched-solaris-sparc 1.0.2 173.70 OK
r-patched-solaris-x86 1.0.2 37.00 OK
r-release-linux-x86_64 1.0.2 0.69 13.17 13.86 OK
r-release-osx-x86_64-mavericks 1.0.2 OK
r-release-windows-ix86+x86_64 1.0.2 4.00 22.00 26.00 OK
r-oldrel-windows-ix86+x86_64 1.0.2 4.00 26.00 30.00 OK

Check Details

Version: 1.0.2
Check: R code for possible problems
Result: NOTE
    threg: no visible global function definition for ‘terms’
    threg: no visible global function definition for ‘model.extract’
    threg: no visible global function definition for ‘nlm’
    threg: no visible global function definition for ‘pnorm’
    threg: no visible global function definition for ‘matplot’
    threg: no visible global function definition for ‘legend’
    Undefined global functions or variables:
     legend matplot model.extract nlm pnorm terms
    Consider adding
     importFrom("graphics", "legend", "matplot")
     importFrom("stats", "model.extract", "nlm", "pnorm", "terms")
    to your NAMESPACE.
Flavors: r-devel-linux-x86_64-debian-clang, r-devel-linux-x86_64-debian-gcc, r-devel-linux-x86_64-fedora-clang, r-devel-linux-x86_64-fedora-gcc, r-devel-windows-ix86+x86_64