CRAN Package Check Results for Package tibbletime

Last updated on 2022-05-24 19:58:23 CEST.

Flavor Version Tinstall Tcheck Ttotal Status Flags
r-devel-linux-x86_64-debian-clang 0.1.6 29.91 124.31 154.22 WARN
r-devel-linux-x86_64-debian-gcc 0.1.6 22.07 91.47 113.54 OK
r-devel-linux-x86_64-fedora-clang 0.1.6 191.07 WARN
r-devel-linux-x86_64-fedora-gcc 0.1.6 167.18 OK
r-devel-windows-x86_64 0.1.6 104.00 177.00 281.00 OK
r-patched-linux-x86_64 0.1.6 26.51 118.17 144.68 OK
r-release-linux-x86_64 0.1.6 OK
r-release-macos-arm64 0.1.6 50.00 OK
r-release-macos-x86_64 0.1.6 72.00 OK
r-release-windows-x86_64 0.1.6 98.00 174.00 272.00 OK
r-oldrel-macos-arm64 0.1.6 56.00 OK
r-oldrel-macos-x86_64 0.1.6 119.00 OK
r-oldrel-windows-ix86+x86_64 0.1.6 72.00 197.00 269.00 OK

Additional issues

clang14

Check Details

Version: 0.1.6
Check: whether package can be installed
Result: WARN
    Found the following significant warnings:
     sorted_range_search.cpp:34:7: warning: use of bitwise '|' with boolean operands [-Wbitwise-instead-of-logical]
Flavors: r-devel-linux-x86_64-debian-clang, r-devel-linux-x86_64-fedora-clang