CRAN Package Check Results for Package tibbrConnector

Last updated on 2015-01-26 17:47:56.

Flavor Version Tinstall Tcheck Ttotal Status Flags
r-devel-linux-x86_64-debian-clang 1.5.0-71 1.04 13.87 14.91 NOTE
r-devel-linux-x86_64-debian-gcc 1.5.0-71 0.92 12.37 13.30 NOTE
r-devel-linux-x86_64-fedora-clang 1.5.0-71 35.65 NOTE
r-devel-linux-x86_64-fedora-gcc 1.5.0-71 32.90 NOTE
r-devel-osx-x86_64-clang 1.5.0-71 32.48 NOTE
r-devel-windows-ix86+x86_64 1.5.0-71 4.00 27.00 31.00 NOTE
r-patched-linux-x86_64 1.5.0-71 1.05 14.85 15.90 NOTE
r-patched-solaris-sparc 1.5.0-71 175.80 NOTE
r-patched-solaris-x86 1.5.0-71 44.90 NOTE
r-release-linux-ix86 1.5.0-71 1.34 19.92 21.26 NOTE
r-release-linux-x86_64 1.5.0-71 1.04 14.31 15.35 NOTE
r-release-osx-x86_64-mavericks 1.5.0-71 NOTE
r-release-osx-x86_64-snowleopard 1.5.0-71 OK
r-release-windows-ix86+x86_64 1.5.0-71 4.00 25.00 29.00 NOTE
r-oldrel-windows-ix86+x86_64 1.5.0-71 5.00 27.00 32.00 NOTE

Check Details

Version: 1.5.0-71
Check: dependencies in R code
Result: NOTE
    Packages in Depends field not imported from:
     ‘RCurl’ ‘rjson’
     These packages need to be imported from (in the NAMESPACE file)
     for when this namespace is loaded but not attached.
Flavors: r-devel-linux-x86_64-debian-clang, r-devel-linux-x86_64-debian-gcc, r-devel-linux-x86_64-fedora-clang, r-devel-linux-x86_64-fedora-gcc, r-devel-osx-x86_64-clang, r-devel-windows-ix86+x86_64

Version: 1.5.0-71
Check: R code for possible problems
Result: NOTE
    httpGet: no visible global function definition for ‘basicTextGatherer’
    httpGet: no visible global function definition for ‘curlPerform’
    httpPost: no visible global function definition for ‘basicTextGatherer’
    httpPost: no visible global function definition for ‘curlPerform’
    httpPut: no visible global function definition for ‘basicTextGatherer’
    httpPut: no visible global function definition for ‘curlPerform’
    json.parse: no visible global function definition for ‘fromJSON’
    tibbr.post: no visible global function definition for ‘guessMIMEType’
Flavors: r-devel-linux-x86_64-debian-clang, r-devel-linux-x86_64-debian-gcc, r-devel-linux-x86_64-fedora-clang, r-devel-linux-x86_64-fedora-gcc, r-devel-osx-x86_64-clang, r-devel-windows-ix86+x86_64, r-patched-linux-x86_64, r-patched-solaris-sparc, r-patched-solaris-x86, r-release-linux-ix86, r-release-linux-x86_64, r-release-osx-x86_64-mavericks, r-release-windows-ix86+x86_64

Version: 1.5.0-71
Check: dependencies in R code
Result: NOTE
    Packages in Depends field not imported from:
     ‘RCurl’ ‘rjson’
     These packages need to be imported from (in the NAMESPACE file)
     for when this namespace is loaded but not attached.
    See the information on DESCRIPTION files in the chapter ‘Creating R
    packages’ of the ‘Writing R Extensions’ manual.
Flavors: r-patched-linux-x86_64, r-patched-solaris-sparc, r-patched-solaris-x86, r-release-linux-ix86, r-release-linux-x86_64, r-release-osx-x86_64-mavericks, r-release-windows-ix86+x86_64, r-oldrel-windows-ix86+x86_64