CRAN Package Check Results for Package tibbrConnector

Last updated on 2014-07-25 03:49:55.

Flavor Version Tinstall Tcheck Ttotal Status Flags
r-devel-linux-x86_64-debian-clang 1.5.0-71 1.02 15.78 16.80 NOTE
r-devel-linux-x86_64-debian-gcc 1.5.0-71 1.09 14.40 15.49 NOTE
r-devel-linux-x86_64-fedora-clang 1.5.0-71 32.88 NOTE
r-devel-linux-x86_64-fedora-gcc 1.5.0-71 31.45 NOTE
r-devel-osx-x86_64-clang 1.5.0-71 33.10 NOTE
r-devel-windows-ix86+x86_64 1.5.0-71 4.00 24.00 28.00 NOTE
r-patched-linux-x86_64 1.5.0-71 1.01 14.49 15.50 NOTE
r-patched-solaris-sparc 1.5.0-71 185.60 NOTE
r-patched-solaris-x86 1.5.0-71 44.90 NOTE
r-release-linux-ix86 1.5.0-71 1.38 21.24 22.62 NOTE
r-release-linux-x86_64 1.5.0-71 1.26 14.75 16.01 NOTE
r-release-osx-x86_64-mavericks 1.5.0-71 NOTE
r-release-osx-x86_64-snowleopard 1.5.0-71 OK
r-release-windows-ix86+x86_64 1.5.0-71 6.00 32.00 38.00 NOTE
r-oldrel-windows-ix86+x86_64 1.5.0-71 4.00 26.00 30.00 NOTE

Check Details

Version: 1.5.0-71
Check: dependencies in R code
Result: NOTE
    Packages in Depends field not imported from:
     ‘RCurl’ ‘rjson’
     These packages need to be imported from (in the NAMESPACE file)
     for when this namespace is loaded but not attached.
    See the information on DESCRIPTION files in the chapter ‘Creating R
    packages’ of the ‘Writing R Extensions’ manual.
Flavors: r-devel-linux-x86_64-debian-clang, r-devel-linux-x86_64-debian-gcc, r-devel-linux-x86_64-fedora-clang, r-devel-linux-x86_64-fedora-gcc, r-devel-osx-x86_64-clang, r-devel-windows-ix86+x86_64, r-patched-linux-x86_64, r-patched-solaris-sparc, r-patched-solaris-x86, r-release-linux-ix86, r-release-linux-x86_64, r-release-osx-x86_64-mavericks, r-release-windows-ix86+x86_64, r-oldrel-windows-ix86+x86_64