CRAN Package Check Results for Package tibbrConnector

Last updated on 2014-12-19 11:48:49.

Flavor Version Tinstall Tcheck Ttotal Status Flags
r-devel-linux-x86_64-debian-clang 1.5.0-71 1.03 15.28 16.31 NOTE
r-devel-linux-x86_64-debian-gcc 1.5.0-71 0.99 13.96 14.94 NOTE
r-devel-linux-x86_64-fedora-clang 1.5.0-71 33.06 NOTE
r-devel-linux-x86_64-fedora-gcc 1.5.0-71 30.48 NOTE
r-devel-osx-x86_64-clang 1.5.0-71 31.21 NOTE
r-devel-windows-ix86+x86_64 1.5.0-71 4.00 30.00 34.00 NOTE
r-patched-linux-x86_64 1.5.0-71 1.04 14.28 15.32 NOTE
r-patched-solaris-sparc 1.5.0-71 215.60 NOTE
r-patched-solaris-x86 1.5.0-71 44.90 NOTE
r-release-linux-ix86 1.5.0-71 1.31 19.60 20.91 NOTE
r-release-linux-x86_64 1.5.0-71 1.04 14.16 15.20 NOTE
r-release-osx-x86_64-mavericks 1.5.0-71 NOTE
r-release-osx-x86_64-snowleopard 1.5.0-71 OK
r-release-windows-ix86+x86_64 1.5.0-71 4.00 25.00 29.00 NOTE
r-oldrel-windows-ix86+x86_64 1.5.0-71 5.00 27.00 32.00 NOTE

Check Details

Version: 1.5.0-71
Check: dependencies in R code
Result: NOTE
    Packages in Depends field not imported from:
     ‘RCurl’ ‘rjson’
     These packages need to be imported from (in the NAMESPACE file)
     for when this namespace is loaded but not attached.
    See the information on DESCRIPTION files in the chapter ‘Creating R
    packages’ of the ‘Writing R Extensions’ manual.
Flavors: r-devel-linux-x86_64-debian-clang, r-devel-linux-x86_64-debian-gcc, r-devel-linux-x86_64-fedora-clang, r-devel-linux-x86_64-fedora-gcc, r-devel-osx-x86_64-clang, r-devel-windows-ix86+x86_64, r-patched-linux-x86_64, r-patched-solaris-sparc, r-patched-solaris-x86, r-release-linux-ix86, r-release-linux-x86_64, r-release-osx-x86_64-mavericks, r-release-windows-ix86+x86_64, r-oldrel-windows-ix86+x86_64

Version: 1.5.0-71
Check: R code for possible problems
Result: NOTE
    httpGet: no visible global function definition for ‘basicTextGatherer’
    httpGet: no visible global function definition for ‘curlPerform’
    httpPost: no visible global function definition for ‘basicTextGatherer’
    httpPost: no visible global function definition for ‘curlPerform’
    httpPut: no visible global function definition for ‘basicTextGatherer’
    httpPut: no visible global function definition for ‘curlPerform’
    json.parse: no visible global function definition for ‘fromJSON’
    tibbr.post: no visible global function definition for ‘guessMIMEType’
Flavors: r-devel-linux-x86_64-debian-clang, r-devel-linux-x86_64-debian-gcc, r-devel-linux-x86_64-fedora-clang, r-devel-linux-x86_64-fedora-gcc, r-devel-osx-x86_64-clang, r-devel-windows-ix86+x86_64, r-patched-linux-x86_64, r-patched-solaris-sparc, r-patched-solaris-x86, r-release-linux-ix86, r-release-linux-x86_64, r-release-windows-ix86+x86_64