CRAN Package Check Results for Package tibbrConnector

Last updated on 2014-08-31 02:48:16.

Flavor Version Tinstall Tcheck Ttotal Status Flags
r-devel-linux-x86_64-debian-clang 1.5.0-71 0.99 14.32 15.31 NOTE
r-devel-linux-x86_64-debian-gcc 1.5.0-71 1.00 13.67 14.68 NOTE
r-devel-linux-x86_64-fedora-clang 1.5.0-71 31.87 NOTE
r-devel-linux-x86_64-fedora-gcc 1.5.0-71 29.27 NOTE
r-devel-osx-x86_64-clang 1.5.0-71 31.97 NOTE
r-devel-windows-ix86+x86_64 1.5.0-71 4.00 24.00 28.00 NOTE
r-patched-linux-x86_64 1.5.0-71 1.10 14.42 15.51 NOTE
r-patched-solaris-sparc 1.5.0-71 189.70 NOTE
r-patched-solaris-x86 1.5.0-71 44.60 NOTE
r-release-linux-ix86 1.5.0-71 1.39 21.90 23.28 NOTE
r-release-linux-x86_64 1.5.0-71 1.08 15.03 16.12 NOTE
r-release-osx-x86_64-mavericks 1.5.0-71 NOTE
r-release-osx-x86_64-snowleopard 1.5.0-71 OK
r-release-windows-ix86+x86_64 1.5.0-71 4.00 34.00 38.00 NOTE
r-oldrel-windows-ix86+x86_64 1.5.0-71 7.00 36.00 43.00 NOTE

Check Details

Version: 1.5.0-71
Check: dependencies in R code
Result: NOTE
    Packages in Depends field not imported from:
     ‘RCurl’ ‘rjson’
     These packages need to be imported from (in the NAMESPACE file)
     for when this namespace is loaded but not attached.
    See the information on DESCRIPTION files in the chapter ‘Creating R
    packages’ of the ‘Writing R Extensions’ manual.
Flavors: r-devel-linux-x86_64-debian-clang, r-devel-linux-x86_64-debian-gcc, r-devel-linux-x86_64-fedora-clang, r-devel-linux-x86_64-fedora-gcc, r-devel-osx-x86_64-clang, r-devel-windows-ix86+x86_64, r-patched-linux-x86_64, r-patched-solaris-sparc, r-patched-solaris-x86, r-release-linux-ix86, r-release-linux-x86_64, r-release-osx-x86_64-mavericks, r-release-windows-ix86+x86_64, r-oldrel-windows-ix86+x86_64

Version: 1.5.0-71
Check: R code for possible problems
Result: NOTE
    httpGet: no visible global function definition for ‘basicTextGatherer’
    httpGet: no visible global function definition for ‘curlPerform’
    httpPost: no visible global function definition for ‘basicTextGatherer’
    httpPost: no visible global function definition for ‘curlPerform’
    httpPut: no visible global function definition for ‘basicTextGatherer’
    httpPut: no visible global function definition for ‘curlPerform’
    json.parse: no visible global function definition for ‘fromJSON’
    tibbr.post: no visible global function definition for ‘guessMIMEType’
Flavors: r-devel-linux-x86_64-debian-clang, r-devel-linux-x86_64-debian-gcc, r-devel-linux-x86_64-fedora-clang, r-devel-linux-x86_64-fedora-gcc, r-devel-osx-x86_64-clang, r-devel-windows-ix86+x86_64