CRAN Package Check Results for Package tibbrConnector

Last updated on 2016-06-26 20:50:17.

Flavor Version Tinstall Tcheck Ttotal Status Flags
r-devel-linux-x86_64-debian-gcc 1.5.0-71 0.79 11.61 12.41 NOTE
r-devel-linux-x86_64-fedora-clang 1.5.0-71 21.95 NOTE
r-devel-linux-x86_64-fedora-gcc 1.5.0-71 20.38 NOTE
r-devel-osx-x86_64-clang 1.5.0-71 19.13 NOTE
r-devel-windows-ix86+x86_64 1.5.0-71 3.00 30.00 33.00 NOTE
r-patched-linux-x86_64 1.5.0-71 0.84 12.50 13.34 NOTE
r-patched-solaris-sparc 1.5.0-71 132.50 NOTE
r-patched-solaris-x86 1.5.0-71 30.50 NOTE
r-release-linux-x86_64 1.5.0-71 0.93 12.34 13.27 NOTE
r-release-osx-x86_64-mavericks 1.5.0-71 NOTE
r-release-windows-ix86+x86_64 1.5.0-71 3.00 37.00 40.00 NOTE
r-oldrel-windows-ix86+x86_64 1.5.0-71 3.00 27.00 30.00 NOTE

Check Details

Version: 1.5.0-71
Check: dependencies in R code
Result: NOTE
    Packages in Depends field not imported from:
     ‘RCurl’ ‘rjson’
     These packages need to be imported from (in the NAMESPACE file)
     for when this namespace is loaded but not attached.
Flavors: r-devel-linux-x86_64-debian-gcc, r-devel-linux-x86_64-fedora-clang, r-devel-linux-x86_64-fedora-gcc, r-devel-osx-x86_64-clang, r-devel-windows-ix86+x86_64, r-patched-linux-x86_64, r-patched-solaris-sparc, r-patched-solaris-x86, r-release-linux-x86_64, r-release-osx-x86_64-mavericks, r-release-windows-ix86+x86_64, r-oldrel-windows-ix86+x86_64

Version: 1.5.0-71
Check: R code for possible problems
Result: NOTE
    FormEncode: no visible global function definition for ‘URLencode’
    getSubjectPage: no visible binding for global variable ‘URLencode’
    getSubjectPage: no visible global function definition for ‘is’
    getUserPage: no visible binding for global variable ‘URLencode’
    getUserPage: no visible global function definition for ‘is’
    httpGet: no visible global function definition for ‘basicTextGatherer’
    httpGet: no visible global function definition for ‘curlPerform’
    httpPost: no visible global function definition for ‘basicTextGatherer’
    httpPost: no visible global function definition for ‘curlPerform’
    httpPut: no visible global function definition for ‘basicTextGatherer’
    httpPut: no visible global function definition for ‘curlPerform’
    json.parse: no visible global function definition for ‘fromJSON’
    tibbr.connect: no visible global function definition for ‘is’
    tibbr.disconnect: no visible global function definition for ‘is’
    tibbr.post: no visible global function definition for ‘is’
    tibbr.post: no visible global function definition for ‘guessMIMEType’
    tibbr.subject: no visible global function definition for ‘is’
    tibbr.user: no visible global function definition for ‘is’
    Undefined global functions or variables:
     URLencode basicTextGatherer curlPerform fromJSON guessMIMEType is
    Consider adding
     importFrom("methods", "is")
     importFrom("utils", "URLencode")
    to your NAMESPACE file (and ensure that your DESCRIPTION Imports field
    contains 'methods').
Flavors: r-devel-linux-x86_64-debian-gcc, r-devel-linux-x86_64-fedora-clang, r-devel-linux-x86_64-fedora-gcc, r-devel-osx-x86_64-clang, r-devel-windows-ix86+x86_64, r-patched-linux-x86_64, r-patched-solaris-sparc, r-patched-solaris-x86, r-release-linux-x86_64, r-release-osx-x86_64-mavericks, r-release-windows-ix86+x86_64

Version: 1.5.0-71
Check: R code for possible problems
Result: NOTE
    httpGet: no visible global function definition for 'basicTextGatherer'
    httpGet: no visible global function definition for 'curlPerform'
    httpPost: no visible global function definition for 'basicTextGatherer'
    httpPost: no visible global function definition for 'curlPerform'
    httpPut: no visible global function definition for 'basicTextGatherer'
    httpPut: no visible global function definition for 'curlPerform'
    json.parse: no visible global function definition for 'fromJSON'
    tibbr.post: no visible global function definition for 'guessMIMEType'
Flavor: r-oldrel-windows-ix86+x86_64