CRAN Package Check Results for Package tibbrConnector

Last updated on 2014-04-24 23:48:14.

Flavor Version Tinstall Tcheck Ttotal Status Flags
r-devel-linux-x86_64-debian-clang 1.5.0-71 1.10 16.19 17.28 NOTE
r-devel-linux-x86_64-debian-gcc 1.5.0-71 1.23 15.38 16.61 NOTE
r-devel-linux-x86_64-fedora-clang 1.5.0-71 33.39 NOTE
r-devel-linux-x86_64-fedora-gcc 1.5.0-71 32.09 NOTE
r-devel-osx-x86_64-clang 1.5.0-71 35.02 NOTE
r-devel-osx-x86_64-gcc 1.5.0-71 NOTE
r-devel-windows-ix86+x86_64 1.5.0-71 4.00 25.00 29.00 NOTE
r-patched-linux-x86_64 1.5.0-71 1.20 15.28 16.49 NOTE
r-patched-solaris-sparc 1.5.0-71 185.60 NOTE
r-patched-solaris-x86 1.5.0-71 46.70 NOTE
r-release-linux-ix86 1.5.0-71 2.00 30.00 32.00 NOTE
r-release-linux-x86_64 1.5.0-71 1.10 15.26 16.37 NOTE
r-release-osx-x86_64-mavericks 1.5.0-71 WARN
r-release-osx-x86_64-snowleopard 1.5.0-71 OK
r-release-windows-ix86+x86_64 1.5.0-71 7.00 25.00 32.00 NOTE
r-oldrel-windows-ix86+x86_64 1.5.0-71 5.00 26.00 31.00 NOTE

Check Details

Version: 1.5.0-71
Check: dependencies in R code
Result: NOTE
    Packages in Depends field not imported from:
     ‘RCurl’ ‘rjson’
     These packages need to be imported from (in the NAMESPACE file)
     for when this namespace is loaded but not attached.
    See the information on DESCRIPTION files in the chapter ‘Creating R
    packages’ of the ‘Writing R Extensions’ manual.
Flavors: r-devel-linux-x86_64-debian-clang, r-devel-linux-x86_64-debian-gcc, r-devel-linux-x86_64-fedora-clang, r-devel-linux-x86_64-fedora-gcc, r-devel-osx-x86_64-clang, r-devel-osx-x86_64-gcc, r-devel-windows-ix86+x86_64, r-patched-linux-x86_64, r-patched-solaris-sparc, r-patched-solaris-x86, r-release-linux-ix86, r-release-linux-x86_64, r-release-osx-x86_64-mavericks, r-release-windows-ix86+x86_64, r-oldrel-windows-ix86+x86_64

Version: 1.5.0-71
Check: PDF version of manual
Result: WARNING
    LaTeX errors when creating PDF version.
    This typically indicates Rd problems.
    LaTeX errors found:
    ! LaTeX Error: File `upquote.sty' not found.
    
    Type X to quit or <RETURN> to proceed,
    or enter new name. (Default extension: sty)
    
    15cbd5c2/Rd2.tex:8: ==> Fatal error occurred, no output PDF file produced!
Flavor: r-release-osx-x86_64-mavericks