CRAN Package Check Results for Package tibbrConnector

Last updated on 2015-07-06 14:48:59.

Flavor Version Tinstall Tcheck Ttotal Status Flags
r-devel-linux-x86_64-debian-clang 1.5.0-71 0.87 12.02 12.89 NOTE
r-devel-linux-x86_64-debian-gcc 1.5.0-71 0.85 11.86 12.71 NOTE
r-devel-linux-x86_64-fedora-clang 1.5.0-71 24.58 NOTE
r-devel-linux-x86_64-fedora-gcc 1.5.0-71 23.51 NOTE
r-devel-osx-x86_64-clang 1.5.0-71 21.58 NOTE
r-devel-windows-ix86+x86_64 1.5.0-71 4.00 22.00 26.00 NOTE
r-patched-linux-x86_64 1.5.0-71 0.82 11.80 12.62 NOTE
r-patched-solaris-sparc 1.5.0-71 148.20 NOTE
r-patched-solaris-x86 1.5.0-71 37.00 NOTE
r-release-linux-x86_64 1.5.0-71 0.81 11.84 12.64 NOTE
r-release-osx-x86_64-mavericks 1.5.0-71 NOTE
r-release-windows-ix86+x86_64 1.5.0-71 4.00 22.00 26.00 NOTE
r-oldrel-windows-ix86+x86_64 1.5.0-71 6.00 27.00 33.00 NOTE

Check Details

Version: 1.5.0-71
Check: dependencies in R code
Result: NOTE
    Packages in Depends field not imported from:
     ‘RCurl’ ‘rjson’
     These packages need to be imported from (in the NAMESPACE file)
     for when this namespace is loaded but not attached.
Flavors: r-devel-linux-x86_64-debian-clang, r-devel-linux-x86_64-debian-gcc, r-devel-linux-x86_64-fedora-clang, r-devel-linux-x86_64-fedora-gcc, r-devel-osx-x86_64-clang, r-devel-windows-ix86+x86_64, r-patched-linux-x86_64, r-patched-solaris-sparc, r-patched-solaris-x86, r-release-linux-x86_64, r-release-osx-x86_64-mavericks, r-release-windows-ix86+x86_64, r-oldrel-windows-ix86+x86_64

Version: 1.5.0-71
Check: R code for possible problems
Result: NOTE
    FormEncode: no visible global function definition for ‘URLencode’
    getSubjectPage: no visible binding for global variable ‘URLencode’
    getSubjectPage: no visible global function definition for ‘is’
    getUserPage: no visible binding for global variable ‘URLencode’
    getUserPage: no visible global function definition for ‘is’
    httpGet: no visible global function definition for ‘basicTextGatherer’
    httpGet: no visible global function definition for ‘curlPerform’
    httpPost: no visible global function definition for ‘basicTextGatherer’
    httpPost: no visible global function definition for ‘curlPerform’
    httpPut: no visible global function definition for ‘basicTextGatherer’
    httpPut: no visible global function definition for ‘curlPerform’
    json.parse: no visible global function definition for ‘fromJSON’
    tibbr.connect: no visible global function definition for ‘is’
    tibbr.disconnect: no visible global function definition for ‘is’
    tibbr.post: no visible global function definition for ‘is’
    tibbr.post: no visible global function definition for ‘guessMIMEType’
    tibbr.subject: no visible global function definition for ‘is’
    tibbr.user: no visible global function definition for ‘is’
    Undefined global functions or variables:
     URLencode basicTextGatherer curlPerform fromJSON guessMIMEType is
Flavors: r-devel-linux-x86_64-debian-clang, r-devel-linux-x86_64-debian-gcc, r-devel-linux-x86_64-fedora-clang, r-devel-linux-x86_64-fedora-gcc, r-devel-windows-ix86+x86_64

Version: 1.5.0-71
Check: R code for possible problems
Result: NOTE
    httpGet: no visible global function definition for ‘basicTextGatherer’
    httpGet: no visible global function definition for ‘curlPerform’
    httpPost: no visible global function definition for ‘basicTextGatherer’
    httpPost: no visible global function definition for ‘curlPerform’
    httpPut: no visible global function definition for ‘basicTextGatherer’
    httpPut: no visible global function definition for ‘curlPerform’
    json.parse: no visible global function definition for ‘fromJSON’
    tibbr.post: no visible global function definition for ‘guessMIMEType’
    Undefined global functions or variables:
     basicTextGatherer curlPerform fromJSON guessMIMEType
Flavor: r-devel-osx-x86_64-clang

Version: 1.5.0-71
Check: R code for possible problems
Result: NOTE
    httpGet: no visible global function definition for ‘basicTextGatherer’
    httpGet: no visible global function definition for ‘curlPerform’
    httpPost: no visible global function definition for ‘basicTextGatherer’
    httpPost: no visible global function definition for ‘curlPerform’
    httpPut: no visible global function definition for ‘basicTextGatherer’
    httpPut: no visible global function definition for ‘curlPerform’
    json.parse: no visible global function definition for ‘fromJSON’
    tibbr.post: no visible global function definition for ‘guessMIMEType’
Flavors: r-patched-linux-x86_64, r-patched-solaris-sparc, r-patched-solaris-x86, r-release-linux-x86_64, r-release-osx-x86_64-mavericks, r-release-windows-ix86+x86_64, r-oldrel-windows-ix86+x86_64