CRAN Package Check Results for Package tibbrConnector

Last updated on 2014-10-26 07:50:14.

Flavor Version Tinstall Tcheck Ttotal Status Flags
r-devel-linux-x86_64-debian-clang 1.5.0-71 1.01 15.73 16.74 NOTE
r-devel-linux-x86_64-debian-gcc 1.5.0-71 1.01 14.39 15.40 NOTE
r-devel-linux-x86_64-fedora-clang 1.5.0-71 31.64 NOTE
r-devel-linux-x86_64-fedora-gcc 1.5.0-71 28.57 NOTE
r-devel-osx-x86_64-clang 1.5.0-71 31.86 NOTE
r-devel-windows-ix86+x86_64 1.5.0-71 4.00 23.00 27.00 NOTE
r-patched-linux-x86_64 1.5.0-71 1.05 14.42 15.47 NOTE
r-patched-solaris-sparc 1.5.0-71 215.60 NOTE
r-patched-solaris-x86 1.5.0-71 44.30 NOTE
r-release-linux-ix86 1.5.0-71 1.51 21.63 23.14 NOTE
r-release-linux-x86_64 1.5.0-71 1.08 15.32 16.40 NOTE
r-release-osx-x86_64-mavericks 1.5.0-71 NOTE
r-release-osx-x86_64-snowleopard 1.5.0-71 OK
r-release-windows-ix86+x86_64 1.5.0-71 4.00 34.00 38.00 NOTE
r-oldrel-windows-ix86+x86_64 1.5.0-71 7.00 36.00 43.00 NOTE

Check Details

Version: 1.5.0-71
Check: dependencies in R code
Result: NOTE
    Packages in Depends field not imported from:
     ‘RCurl’ ‘rjson’
     These packages need to be imported from (in the NAMESPACE file)
     for when this namespace is loaded but not attached.
    See the information on DESCRIPTION files in the chapter ‘Creating R
    packages’ of the ‘Writing R Extensions’ manual.
Flavors: r-devel-linux-x86_64-debian-clang, r-devel-linux-x86_64-debian-gcc, r-devel-linux-x86_64-fedora-clang, r-devel-linux-x86_64-fedora-gcc, r-devel-osx-x86_64-clang, r-devel-windows-ix86+x86_64, r-patched-linux-x86_64, r-patched-solaris-sparc, r-patched-solaris-x86, r-release-linux-ix86, r-release-linux-x86_64, r-release-osx-x86_64-mavericks, r-release-windows-ix86+x86_64, r-oldrel-windows-ix86+x86_64

Version: 1.5.0-71
Check: R code for possible problems
Result: NOTE
    httpGet: no visible global function definition for ‘basicTextGatherer’
    httpGet: no visible global function definition for ‘curlPerform’
    httpPost: no visible global function definition for ‘basicTextGatherer’
    httpPost: no visible global function definition for ‘curlPerform’
    httpPut: no visible global function definition for ‘basicTextGatherer’
    httpPut: no visible global function definition for ‘curlPerform’
    json.parse: no visible global function definition for ‘fromJSON’
    tibbr.post: no visible global function definition for ‘guessMIMEType’
Flavors: r-devel-linux-x86_64-debian-clang, r-devel-linux-x86_64-debian-gcc, r-devel-linux-x86_64-fedora-clang, r-devel-linux-x86_64-fedora-gcc, r-devel-osx-x86_64-clang, r-devel-windows-ix86+x86_64, r-patched-linux-x86_64, r-patched-solaris-sparc, r-patched-solaris-x86