CRAN Package Check Results for Package tibbrConnector

Last updated on 2015-04-25 03:47:54.

Flavor Version Tinstall Tcheck Ttotal Status Flags
r-devel-linux-x86_64-debian-clang 1.5.0-71 0.87 12.06 12.94 NOTE
r-devel-linux-x86_64-debian-gcc 1.5.0-71 0.82 12.19 13.00 NOTE
r-devel-linux-x86_64-fedora-clang 1.5.0-71 26.14 NOTE
r-devel-linux-x86_64-fedora-gcc 1.5.0-71 23.96 NOTE
r-devel-osx-x86_64-clang 1.5.0-71 27.02 NOTE
r-devel-windows-ix86+x86_64 1.5.0-71 3.00 20.00 23.00 NOTE
r-patched-linux-x86_64 1.5.0-71 0.83 11.87 12.70 NOTE
r-patched-solaris-sparc 1.5.0-71 164.10 NOTE
r-patched-solaris-x86 1.5.0-71 37.70 NOTE
r-release-linux-x86_64 1.5.0-71 0.82 12.08 12.90 NOTE
r-release-osx-x86_64-mavericks 1.5.0-71 NOTE
r-release-osx-x86_64-snowleopard 1.5.0-71 NOTE
r-release-windows-ix86+x86_64 1.5.0-71 3.00 23.00 26.00 NOTE
r-oldrel-windows-ix86+x86_64 1.5.0-71 5.00 24.00 29.00 NOTE

Check Details

Version: 1.5.0-71
Check: dependencies in R code
Result: NOTE
    Packages in Depends field not imported from:
     'RCurl' 'rjson'
     These packages need to be imported from (in the NAMESPACE file)
     for when this namespace is loaded but not attached.
Flavors: r-devel-windows-ix86+x86_64, r-patched-linux-x86_64, r-release-windows-ix86+x86_64, r-oldrel-windows-ix86+x86_64

Version: 1.5.0-71
Check: R code for possible problems
Result: NOTE
    httpGet: no visible global function definition for 'basicTextGatherer'
    httpGet: no visible global function definition for 'curlPerform'
    httpPost: no visible global function definition for 'basicTextGatherer'
    httpPost: no visible global function definition for 'curlPerform'
    httpPut: no visible global function definition for 'basicTextGatherer'
    httpPut: no visible global function definition for 'curlPerform'
    json.parse: no visible global function definition for 'fromJSON'
    tibbr.post: no visible global function definition for 'guessMIMEType'
Flavors: r-devel-windows-ix86+x86_64, r-patched-linux-x86_64, r-release-windows-ix86+x86_64, r-oldrel-windows-ix86+x86_64