Last updated on 2023-03-23 17:52:30 CET.
Flavor | Version | Tinstall | Tcheck | Ttotal | Status | Flags |
---|---|---|---|---|---|---|
r-devel-linux-x86_64-debian-clang | 0.1.1 | 2.26 | 37.49 | 39.75 | OK | |
r-devel-linux-x86_64-debian-gcc | 0.1.1 | 1.73 | 30.89 | 32.62 | OK | |
r-devel-linux-x86_64-fedora-clang | 0.1.1 | 54.29 | NOTE | |||
r-devel-linux-x86_64-fedora-gcc | 0.1.1 | 60.62 | NOTE | |||
r-patched-linux-x86_64 | 0.1.1 | 2.47 | 37.22 | 39.69 | OK | |
r-release-linux-x86_64 | 0.1.1 | 2.20 | 36.97 | 39.17 | OK | |
r-release-macos-arm64 | 0.1.1 | 24.00 | NOTE | |||
r-release-macos-x86_64 | 0.1.1 | 35.00 | NOTE | |||
r-release-windows-x86_64 | 0.1.1 | 54.00 | 130.00 | 184.00 | OK | |
r-oldrel-macos-arm64 | 0.1.1 | 28.00 | NOTE | |||
r-oldrel-macos-x86_64 | 0.1.1 | 39.00 | NOTE | |||
r-oldrel-windows-ix86+x86_64 | 0.1.1 | 6.00 | 68.00 | 74.00 | OK |
Version: 0.1.1
Check: data for non-ASCII characters
Result: NOTE
Note: found 40 marked UTF-8 strings
Flavors: r-devel-linux-x86_64-fedora-clang, r-devel-linux-x86_64-fedora-gcc, r-release-macos-arm64, r-release-macos-x86_64, r-oldrel-macos-arm64, r-oldrel-macos-x86_64