CRAN Package Check Results for Package tidyEdSurvey

Last updated on 2024-03-04 00:55:57 CET.

Flavor Version Tinstall Tcheck Ttotal Status Flags
r-devel-linux-x86_64-debian-clang 0.1.2 15.34 182.64 197.98 OK
r-devel-linux-x86_64-debian-gcc 0.1.2 13.30 147.21 160.51 OK
r-devel-linux-x86_64-fedora-clang 0.1.2 254.23 OK
r-devel-linux-x86_64-fedora-gcc 0.1.2 244.73 OK
r-devel-windows-x86_64 0.1.2 15.00 167.00 182.00 OK
r-patched-linux-x86_64 0.1.2 17.05 179.39 196.44 OK
r-release-linux-x86_64 0.1.2 13.95 182.81 196.76 OK
r-release-macos-arm64 0.1.2 76.00 OK
r-release-macos-x86_64 0.1.2 170.00 OK
r-release-windows-x86_64 0.1.2 21.00 192.00 213.00 OK
r-oldrel-macos-arm64 0.1.2 84.00 WARN
r-oldrel-windows-x86_64 0.1.2 20.00 189.00 209.00 WARN

Check Details

Version: 0.1.2
Check: S3 generic/method consistency
Result: WARN Warning: declared S3 method 'filter.edsurvey.data.frame' not found See section ‘Generic functions and methods’ in the ‘Writing R Extensions’ manual. Flavors: r-oldrel-macos-arm64, r-oldrel-windows-x86_64