CRAN Package Check Results for Package tidyLPA

Last updated on 2019-06-27 12:54:39 CEST.

Flavor Version Tinstall Tcheck Ttotal Status Flags
r-devel-linux-x86_64-debian-clang 1.0.2 6.23 114.12 120.35 OK
r-devel-linux-x86_64-debian-gcc 1.0.2 6.04 82.76 88.80 OK
r-devel-linux-x86_64-fedora-clang 1.0.2 142.71 NOTE
r-devel-linux-x86_64-fedora-gcc 1.0.2 135.76 NOTE
r-devel-windows-ix86+x86_64 1.0.2 22.00 165.00 187.00 OK
r-patched-linux-x86_64 1.0.2 7.17 108.85 116.02 OK
r-patched-solaris-x86 1.0.2 200.20 NOTE
r-release-linux-x86_64 1.0.2 7.96 109.39 117.35 OK
r-release-windows-ix86+x86_64 1.0.2 16.00 209.00 225.00 OK
r-release-osx-x86_64 1.0.2 NOTE
r-oldrel-windows-ix86+x86_64 1.0.2 12.00 149.00 161.00 OK
r-oldrel-osx-x86_64 1.0.2 NOTE

Check Details

Version: 1.0.2
Check: dependencies in R code
Result: NOTE
    Namespace in Imports field not imported from: ‘mix’
     All declared Imports should be used.
Flavors: r-devel-linux-x86_64-fedora-clang, r-devel-linux-x86_64-fedora-gcc, r-patched-solaris-x86, r-release-osx-x86_64, r-oldrel-osx-x86_64