CRAN Package Check Results for Package tidyfst

Last updated on 2020-10-25 00:46:46 CEST.

Flavor Version Tinstall Tcheck Ttotal Status Flags
r-devel-linux-x86_64-debian-clang 0.9.9 5.31 109.93 115.24 OK
r-devel-linux-x86_64-debian-gcc 0.9.9 4.45 76.74 81.19 OK
r-devel-linux-x86_64-fedora-clang 0.9.9 129.21 NOTE
r-devel-linux-x86_64-fedora-gcc 0.9.9 116.09 OK
r-devel-windows-ix86+x86_64 0.9.9 11.00 122.00 133.00 OK
r-patched-linux-x86_64 0.9.9 5.65 95.34 100.99 OK
r-patched-solaris-x86 0.9.9 149.70 OK
r-release-linux-x86_64 0.9.9 5.68 95.13 100.81 OK
r-release-macos-x86_64 0.9.9 OK
r-release-windows-ix86+x86_64 0.9.9 8.00 94.00 102.00 OK
r-oldrel-macos-x86_64 0.9.9 OK
r-oldrel-windows-ix86+x86_64 0.9.9 9.00 97.00 106.00 OK

Check Details

Version: 0.9.9
Check: Rd cross-references
Result: NOTE
    Undeclared packages ‘fastDummies’, ‘sjmisc’ in Rd xrefs
Flavor: r-devel-linux-x86_64-fedora-clang