CRAN Package Check Results for Package tidygate

Last updated on 2020-09-29 14:51:02 CEST.

Flavor Version Tinstall Tcheck Ttotal Status Flags
r-devel-linux-x86_64-debian-clang 0.2.8 5.59 49.64 55.23 OK
r-devel-linux-x86_64-debian-gcc 0.2.8 4.33 39.50 43.83 OK
r-devel-linux-x86_64-fedora-clang 0.2.8 79.69 NOTE
r-devel-linux-x86_64-fedora-gcc 0.2.8 66.81 NOTE
r-devel-windows-ix86+x86_64 0.2.8 29.00 61.00 90.00 OK
r-patched-linux-x86_64 0.2.8 5.66 45.96 51.62 OK
r-patched-solaris-x86 0.2.8 87.80 NOTE
r-release-linux-x86_64 0.2.8 5.25 46.23 51.48 OK
r-release-macos-x86_64 0.2.8 NOTE
r-release-windows-ix86+x86_64 0.2.7 13.00 70.00 83.00 OK
r-oldrel-macos-x86_64 0.2.8 NOTE
r-oldrel-windows-ix86+x86_64 0.2.8 8.00 47.00 55.00 OK

Check Details

Version: 0.2.8
Check: dependencies in R code
Result: NOTE
    Namespaces in Imports field not imported from:
     ‘lifecycle’ ‘lme4’ ‘methods’ ‘stats’ ‘tidyselect’
     All declared Imports should be used.
Flavors: r-devel-linux-x86_64-fedora-clang, r-devel-linux-x86_64-fedora-gcc, r-patched-solaris-x86, r-release-macos-x86_64, r-oldrel-macos-x86_64