CRAN Package Check Results for Package tidygraph

Last updated on 2019-06-18 00:51:58 CEST.

Flavor Version Tinstall Tcheck Ttotal Status Flags
r-devel-linux-x86_64-debian-clang 1.1.2 20.46 63.49 83.95 OK
r-devel-linux-x86_64-debian-gcc 1.1.2 16.96 49.36 66.32 OK
r-devel-linux-x86_64-fedora-clang 1.1.2 107.93 OK
r-devel-linux-x86_64-fedora-gcc 1.1.2 100.06 OK
r-devel-windows-ix86+x86_64 1.1.2 58.00 148.00 206.00 OK
r-patched-linux-x86_64 1.1.2 21.12 62.30 83.42 OK
r-patched-solaris-x86 1.1.2 126.20 OK
r-release-linux-x86_64 1.1.2 19.97 62.93 82.90 OK
r-release-windows-ix86+x86_64 1.1.2 44.00 129.00 173.00 OK
r-release-osx-x86_64 1.1.2 NOTE
r-oldrel-windows-ix86+x86_64 1.1.2 36.00 164.00 200.00 OK
r-oldrel-osx-x86_64 1.1.2 OK

Check Details

Version: 1.1.2
Check: package dependencies
Result: NOTE
    Package suggested but not available for checking: ‘graph’
Flavor: r-release-osx-x86_64