CRAN Package Check Results for Package tidygraph

Last updated on 2019-08-26 11:48:59 CEST.

Flavor Version Tinstall Tcheck Ttotal Status Flags
r-devel-linux-x86_64-debian-clang 1.1.2 21.04 64.98 86.02 OK
r-devel-linux-x86_64-debian-gcc 1.1.2 17.71 49.39 67.10 OK
r-devel-linux-x86_64-fedora-clang 1.1.2 108.76 OK
r-devel-linux-x86_64-fedora-gcc 1.1.2 103.93 OK
r-devel-windows-ix86+x86_64 1.1.2 58.00 171.00 229.00 OK
r-patched-linux-x86_64 1.1.2 19.65 62.45 82.10 OK
r-patched-solaris-x86 1.1.2 145.40 OK
r-release-linux-x86_64 1.1.2 21.94 62.00 83.94 OK
r-release-windows-ix86+x86_64 1.1.2 68.00 156.00 224.00 OK
r-release-osx-x86_64 1.1.2 NOTE
r-oldrel-windows-ix86+x86_64 1.1.2 57.00 153.00 210.00 OK
r-oldrel-osx-x86_64 1.1.2 OK

Check Details

Version: 1.1.2
Check: package dependencies
Result: NOTE
    Package suggested but not available for checking: ‘graph’
Flavor: r-release-osx-x86_64