CRAN Package Check Results for Package tidymodels

Last updated on 2020-07-05 06:47:35 CEST.

Flavor Version Tinstall Tcheck Ttotal Status Flags
r-devel-linux-x86_64-debian-clang 0.1.0 14.23 208.49 222.72 OK
r-devel-linux-x86_64-debian-gcc 0.1.0 12.64 161.31 173.95 OK
r-devel-linux-x86_64-fedora-clang 0.1.0 283.30 NOTE
r-devel-linux-x86_64-fedora-gcc 0.1.0 246.01 OK
r-devel-windows-ix86+x86_64 0.1.0 100.00 227.00 327.00 OK
r-patched-linux-x86_64 0.1.0 0.25 2.60 2.85 ERROR
r-patched-solaris-x86 0.1.0 407.30 OK
r-release-linux-x86_64 0.1.0 0.24 2.45 2.69 ERROR
r-release-osx-x86_64 0.1.0 WARN
r-release-windows-ix86+x86_64 0.1.0 60.00 204.00 264.00 OK
r-oldrel-osx-x86_64 0.1.0 OK
r-oldrel-windows-ix86+x86_64 0.1.0 52.00 292.00 344.00 OK

Check Details

Version: 0.1.0
Check: package dependencies
Result: NOTE
    Imports includes 22 non-default packages.
    Importing from so many packages makes the package vulnerable to any of
    them becoming unavailable. Move as many as possible to Suggests and
    use conditionally.
Flavor: r-devel-linux-x86_64-fedora-clang

Version: 0.1.0
Check: package dependencies
Result: ERROR
    Package required but not available: ‘tidyposterior’
    
    See section ‘The DESCRIPTION file’ in the ‘Writing R Extensions’
    manual.
Flavors: r-patched-linux-x86_64, r-release-linux-x86_64

Version: 0.1.0
Check: re-building of vignette outputs
Result: WARN
    Error(s) in re-building vignettes:
     ...
    --- re-building ‘Tags.Rmd’ using rmarkdown
    dyld: lazy symbol binding failed: Symbol not found: ____chkstk_darwin
     Referenced from: /usr/local/bin/pandoc (which was built for Mac OS X 10.15)
     Expected in: /usr/lib/libSystem.B.dylib
    
    dyld: Symbol not found: ____chkstk_darwin
     Referenced from: /usr/local/bin/pandoc (which was built for Mac OS X 10.15)
     Expected in: /usr/lib/libSystem.B.dylib
    
    Error: processing vignette 'Tags.Rmd' failed with diagnostics:
    pandoc document conversion failed with error 6
    --- failed re-building ‘Tags.Rmd’
    
    SUMMARY: processing the following file failed:
     ‘Tags.Rmd’
    
    Error: Vignette re-building failed.
    Execution halted
Flavor: r-release-osx-x86_64