CRAN Package Check Results for Package tidymodels

Last updated on 2019-05-23 17:50:45 CEST.

Flavor Version Tinstall Tcheck Ttotal Status Flags
r-devel-linux-x86_64-debian-clang 0.0.2 18.70 156.99 175.69 OK
r-devel-linux-x86_64-debian-gcc 0.0.2 9.84 123.20 133.04 OK
r-devel-linux-x86_64-fedora-clang 0.0.2 216.08 NOTE
r-devel-linux-x86_64-fedora-gcc 0.0.2 201.50 NOTE
r-devel-windows-ix86+x86_64 0.0.2 46.00 256.00 302.00 OK
r-patched-linux-x86_64 0.0.2 12.94 153.06 166.00 OK
r-patched-solaris-x86 0.0.2 350.80 NOTE
r-release-linux-x86_64 0.0.2 12.75 158.11 170.86 OK
r-release-windows-ix86+x86_64 0.0.2 71.00 180.00 251.00 OK
r-release-osx-x86_64 0.0.2 NOTE
r-oldrel-windows-ix86+x86_64 0.0.2 24.00 159.00 183.00 OK
r-oldrel-osx-x86_64 0.0.2 NOTE

Check Details

Version: 0.0.2
Check: dependencies in R code
Result: NOTE
    Namespaces in Imports field not imported from:
     ‘broom’ ‘dials’ ‘parsnip’
     All declared Imports should be used.
Flavors: r-devel-linux-x86_64-fedora-clang, r-devel-linux-x86_64-fedora-gcc, r-patched-solaris-x86, r-release-osx-x86_64, r-oldrel-osx-x86_64