Last updated on 2021-01-22 23:49:13 CET.
Flavor | Version | Tinstall | Tcheck | Ttotal | Status | Flags |
---|---|---|---|---|---|---|
r-devel-linux-x86_64-debian-clang | 0.1.2 | 14.20 | 137.33 | 151.53 | OK | |
r-devel-linux-x86_64-debian-gcc | 0.1.2 | 12.81 | 105.36 | 118.17 | OK | |
r-devel-linux-x86_64-fedora-clang | 0.1.2 | 201.43 | NOTE | |||
r-devel-linux-x86_64-fedora-gcc | 0.1.2 | 175.18 | NOTE | |||
r-devel-windows-ix86+x86_64 | 0.1.2 | 37.00 | 120.00 | 157.00 | OK | |
r-patched-linux-x86_64 | 0.1.2 | 13.46 | 127.22 | 140.68 | OK | |
r-patched-solaris-x86 | 0.1.2 | 255.40 | NOTE | |||
r-release-linux-x86_64 | 0.1.2 | 13.97 | 127.92 | 141.89 | OK | |
r-release-macos-x86_64 | 0.1.2 | NOTE | ||||
r-release-windows-ix86+x86_64 | 0.1.2 | 50.00 | 167.00 | 217.00 | OK | |
r-oldrel-macos-x86_64 | 0.1.2 | NOTE | ||||
r-oldrel-windows-ix86+x86_64 | 0.1.2 | 24.00 | 115.00 | 139.00 | OK |
Version: 0.1.2
Check: dependencies in R code
Result: NOTE
Namespace in Imports field not imported from: ‘modeldata’
All declared Imports should be used.
Flavors: r-devel-linux-x86_64-fedora-clang, r-devel-linux-x86_64-fedora-gcc, r-patched-solaris-x86, r-release-macos-x86_64, r-oldrel-macos-x86_64