CRAN Package Check Results for Package tidymodels

Last updated on 2019-09-23 11:48:33 CEST.

Flavor Version Tinstall Tcheck Ttotal Status Flags
r-devel-linux-x86_64-debian-clang 0.0.2 20.02 164.62 184.64 OK
r-devel-linux-x86_64-debian-gcc 0.0.2 10.67 126.58 137.25 OK
r-devel-linux-x86_64-fedora-clang 0.0.2 224.76 NOTE
r-devel-linux-x86_64-fedora-gcc 0.0.2 218.10 NOTE
r-devel-windows-ix86+x86_64 0.0.2 85.00 158.00 243.00 OK
r-patched-linux-x86_64 0.0.2 19.77 157.66 177.43 OK
r-patched-solaris-x86 0.0.2 318.50 NOTE
r-release-linux-x86_64 0.0.2 17.36 159.29 176.65 OK
r-release-windows-ix86+x86_64 0.0.2 93.00 241.00 334.00 OK
r-release-osx-x86_64 0.0.2 NOTE
r-oldrel-windows-ix86+x86_64 0.0.2 32.00 169.00 201.00 OK
r-oldrel-osx-x86_64 0.0.2 NOTE

Check Details

Version: 0.0.2
Check: dependencies in R code
Result: NOTE
    Namespaces in Imports field not imported from:
     ‘broom’ ‘dials’ ‘parsnip’
     All declared Imports should be used.
Flavors: r-devel-linux-x86_64-fedora-clang, r-devel-linux-x86_64-fedora-gcc, r-patched-solaris-x86, r-release-osx-x86_64, r-oldrel-osx-x86_64