CRAN Package Check Results for Package tidymodels

Last updated on 2019-07-22 20:49:29 CEST.

Flavor Version Tinstall Tcheck Ttotal Status Flags
r-devel-linux-x86_64-debian-clang 0.0.2 18.67 162.37 181.04 OK
r-devel-linux-x86_64-debian-gcc 0.0.2 10.37 126.61 136.98 OK
r-devel-linux-x86_64-fedora-clang 0.0.2 173.87 NOTE
r-devel-linux-x86_64-fedora-gcc 0.0.2 171.30 NOTE
r-devel-windows-ix86+x86_64 0.0.2 32.00 287.00 319.00 OK
r-patched-linux-x86_64 0.0.2 17.20 157.90 175.10 OK
r-patched-solaris-x86 0.0.2 300.00 NOTE
r-release-linux-x86_64 0.0.2 11.70 160.88 172.58 OK
r-release-windows-ix86+x86_64 0.0.2 31.00 175.00 206.00 OK
r-release-osx-x86_64 0.0.2 NOTE
r-oldrel-windows-ix86+x86_64 0.0.2 28.00 226.00 254.00 OK
r-oldrel-osx-x86_64 0.0.2 NOTE

Check Details

Version: 0.0.2
Check: dependencies in R code
Result: NOTE
    Namespaces in Imports field not imported from:
     ‘broom’ ‘dials’ ‘parsnip’
     All declared Imports should be used.
Flavors: r-devel-linux-x86_64-fedora-clang, r-devel-linux-x86_64-fedora-gcc, r-patched-solaris-x86, r-release-osx-x86_64, r-oldrel-osx-x86_64